Last updated on 2025-05-03 22:50:05 CEST.
Flavor | Version | Tinstall | Tcheck | Ttotal | Status | Flags |
---|---|---|---|---|---|---|
r-devel-linux-x86_64-debian-clang | 0.2.7 | 35.93 | 56.14 | 92.07 | NOTE | |
r-devel-linux-x86_64-debian-gcc | 0.2.7 | 24.45 | 38.04 | 62.49 | NOTE | |
r-devel-linux-x86_64-fedora-clang | 0.2.7 | 178.06 | NOTE | |||
r-devel-linux-x86_64-fedora-gcc | 0.2.7 | 159.23 | NOTE | |||
r-devel-windows-x86_64 | 0.2.7 | 43.00 | 88.00 | 131.00 | NOTE | |
r-patched-linux-x86_64 | 0.2.7 | 37.37 | 54.64 | 92.01 | NOTE | |
r-release-linux-x86_64 | NOTE | |||||
r-release-macos-arm64 | 0.2.7 | 44.00 | NOTE | |||
r-release-macos-x86_64 | 0.2.7 | 87.00 | NOTE | |||
r-release-windows-x86_64 | 0.2.7 | 41.00 | 86.00 | 127.00 | NOTE | |
r-oldrel-macos-arm64 | 0.2.7 | 41.00 | NOTE | |||
r-oldrel-macos-x86_64 | 0.2.7 | 56.00 | NOTE | |||
r-oldrel-windows-x86_64 | 0.2.7 | 51.00 | 109.00 | 160.00 | NOTE |
Version: 0.2.7
Check: CRAN incoming feasibility
Result: NOTE
Maintainer: ‘Robbie C.M. van Aert <R.C.M.vanAert@tilburguniversity.edu>’
No Authors@R field in DESCRIPTION.
Please add one, modifying
Authors@R: person(given = c("Robbie", "C.M."),
family = "van Aert",
role = c("aut", "cre"),
email = "r.c.m.vanaert@tilburguniversity.edu")
as necessary.
Flavors: r-devel-linux-x86_64-debian-clang, r-devel-linux-x86_64-debian-gcc
Version: 0.2.7
Check: Rd files
Result: NOTE
checkRd: (-1) escompute.Rd:68: Lost braces in \itemize; meant \describe ?
checkRd: (-1) escompute.Rd:69: Lost braces in \itemize; meant \describe ?
checkRd: (-1) escompute.Rd:70: Lost braces in \itemize; meant \describe ?
checkRd: (-1) escompute.Rd:71: Lost braces in \itemize; meant \describe ?
checkRd: (-1) escompute.Rd:72: Lost braces in \itemize; meant \describe ?
checkRd: (-1) escompute.Rd:73: Lost braces in \itemize; meant \describe ?
checkRd: (-1) hybrid.Rd:206-211: Lost braces in \itemize; meant \describe ?
checkRd: (-1) hybrid.Rd:212-216: Lost braces in \itemize; meant \describe ?
checkRd: (-1) hybrid.Rd:217-222: Lost braces in \itemize; meant \describe ?
checkRd: (-1) hybrid.Rd:223-225: Lost braces in \itemize; meant \describe ?
checkRd: (-1) hybrid.Rd:226-227: Lost braces in \itemize; meant \describe ?
checkRd: (-1) hybrid.Rd:228-229: Lost braces in \itemize; meant \describe ?
checkRd: (-1) hybrid.Rd:230-234: Lost braces in \itemize; meant \describe ?
checkRd: (-1) hybrid.Rd:235-239: Lost braces in \itemize; meant \describe ?
checkRd: (-1) hybrid.Rd:240-246: Lost braces in \itemize; meant \describe ?
checkRd: (-1) puni_star.Rd:168-172: Lost braces in \itemize; meant \describe ?
checkRd: (-1) puni_star.Rd:173-177: Lost braces in \itemize; meant \describe ?
checkRd: (-1) puni_star.Rd:178-180: Lost braces in \itemize; meant \describe ?
checkRd: (-1) puni_star.Rd:181-184: Lost braces in \itemize; meant \describe ?
checkRd: (-1) puni_star.Rd:185-189: Lost braces in \itemize; meant \describe ?
checkRd: (-1) puni_star.Rd:190-194: Lost braces in \itemize; meant \describe ?
checkRd: (-1) puni_star.Rd:195-200: Lost braces in \itemize; meant \describe ?
checkRd: (-1) puni_star.Rd:201-204: Lost braces in \itemize; meant \describe ?
checkRd: (-1) puni_star.Rd:205-207: Lost braces in \itemize; meant \describe ?
checkRd: (-1) puni_star.Rd:208-211: Lost braces in \itemize; meant \describe ?
checkRd: (-1) puni_star.Rd:212-217: Lost braces in \itemize; meant \describe ?
checkRd: (-1) puni_star.Rd:218-221: Lost braces in \itemize; meant \describe ?
checkRd: (-1) puni_star.Rd:222-225: Lost braces in \itemize; meant \describe ?
Flavors: r-devel-linux-x86_64-debian-clang, r-devel-linux-x86_64-debian-gcc, r-devel-linux-x86_64-fedora-clang, r-devel-linux-x86_64-fedora-gcc, r-devel-windows-x86_64, r-patched-linux-x86_64, r-release-linux-x86_64, r-release-macos-arm64, r-release-macos-x86_64, r-release-windows-x86_64, r-oldrel-macos-arm64, r-oldrel-macos-x86_64, r-oldrel-windows-x86_64
These binaries (installable software) and packages are in development.
They may not be fully stable and should be used with caution. We make no claims about them.
Health stats visible at Monitor.