Last updated on 2025-05-15 07:49:48 CEST.
Flavor | Version | Tinstall | Tcheck | Ttotal | Status | Flags |
---|---|---|---|---|---|---|
r-devel-linux-x86_64-debian-clang | 1.9-16 | 5.08 | 45.93 | 51.01 | NOTE | |
r-devel-linux-x86_64-debian-gcc | 1.9-16 | 3.59 | 34.72 | 38.31 | NOTE | |
r-devel-linux-x86_64-fedora-clang | 1.9-16 | 78.69 | NOTE | |||
r-devel-linux-x86_64-fedora-gcc | 1.9-16 | 76.09 | NOTE | |||
r-devel-windows-x86_64 | 1.9-16 | 9.00 | 67.00 | 76.00 | NOTE | |
r-patched-linux-x86_64 | 1.9-16 | 5.06 | 44.01 | 49.07 | NOTE | |
r-release-linux-x86_64 | 1.9-16 | 3.33 | 45.73 | 49.06 | NOTE | |
r-release-macos-arm64 | 1.9-16 | NOTE | ||||
r-release-macos-x86_64 | 1.9-16 | 48.00 | NOTE | |||
r-release-windows-x86_64 | 1.9-16 | 9.00 | 67.00 | 76.00 | NOTE | |
r-oldrel-macos-arm64 | 1.9-16 | 32.00 | NOTE | |||
r-oldrel-macos-x86_64 | 1.9-16 | 41.00 | NOTE | |||
r-oldrel-windows-x86_64 | 1.9-16 | 11.00 | 77.00 | 88.00 | NOTE |
Version: 1.9-16
Check: CRAN incoming feasibility
Result: NOTE
Maintainer: ‘Ron Wehrens <ron.wehrens@gmail.com>’
Package CITATION file contains call(s) to old-style personList() or
as.personList(). Please use c() on person objects instead.
Package CITATION file contains call(s) to old-style citEntry(). Please
use bibentry() instead.
Flavors: r-devel-linux-x86_64-debian-clang, r-devel-linux-x86_64-debian-gcc
Version: 1.9-16
Check: Rd files
Result: NOTE
checkRd: (-1) ptw-package.Rd:20-28: Lost braces
20 | @Article{Bloemberg2010,
| ^
checkRd: (-1) ptw-package.Rd:30-38: Lost braces
30 | Article{Wehrens2015,
| ^
Flavors: r-devel-linux-x86_64-debian-clang, r-devel-linux-x86_64-debian-gcc, r-devel-linux-x86_64-fedora-clang, r-devel-linux-x86_64-fedora-gcc, r-devel-windows-x86_64, r-patched-linux-x86_64, r-release-linux-x86_64, r-release-macos-arm64, r-release-macos-x86_64, r-release-windows-x86_64, r-oldrel-macos-arm64, r-oldrel-macos-x86_64, r-oldrel-windows-x86_64
These binaries (installable software) and packages are in development.
They may not be fully stable and should be used with caution. We make no claims about them.
Health stats visible at Monitor.