Last updated on 2025-10-10 01:49:16 CEST.
Flavor | Version | Tinstall | Tcheck | Ttotal | Status | Flags |
---|---|---|---|---|---|---|
r-devel-linux-x86_64-debian-clang | 0.7-4 | 15.34 | 133.62 | 148.96 | NOTE | |
r-devel-linux-x86_64-debian-gcc | 0.7-4 | 9.19 | 89.83 | 99.02 | NOTE | |
r-devel-linux-x86_64-fedora-clang | 0.7-4 | 231.56 | NOTE | |||
r-devel-linux-x86_64-fedora-gcc | 0.7-4 | 242.42 | NOTE | |||
r-devel-windows-x86_64 | 0.7-4 | 17.00 | 199.00 | 216.00 | NOTE | |
r-patched-linux-x86_64 | 0.7-4 | 16.29 | 129.73 | 146.02 | NOTE | |
r-release-linux-x86_64 | 0.7-4 | 13.12 | 131.75 | 144.87 | NOTE | |
r-release-macos-arm64 | 0.7-4 | 69.00 | OK | |||
r-release-macos-x86_64 | 0.7-4 | 159.00 | OK | |||
r-release-windows-x86_64 | 0.7-4 | 17.00 | 179.00 | 196.00 | NOTE | |
r-oldrel-macos-arm64 | 0.7-4 | 68.00 | OK | |||
r-oldrel-macos-x86_64 | 0.7-4 | 113.00 | OK | |||
r-oldrel-windows-x86_64 | 0.7-4 | 23.00 | 215.00 | 238.00 | OK |
Version: 0.7-4
Check: differences from ‘psychotools-Ex.Rout’ to ‘psychotools-Ex.Rout.save’
Result: NOTE
1623,1626d1622
< Warning: The `size` argument of `element_rect()` is deprecated as of ggplot2 3.4.0.
< ℹ Please use the `linewidth` argument instead.
< ℹ The deprecated feature was likely used in the likert package.
< Please report the issue at <https://github.com/jbryer/likert/issues>.
Flavors: r-devel-linux-x86_64-debian-clang, r-devel-linux-x86_64-debian-gcc, r-devel-linux-x86_64-fedora-clang, r-devel-linux-x86_64-fedora-gcc, r-devel-windows-x86_64, r-patched-linux-x86_64, r-release-linux-x86_64, r-release-windows-x86_64
Version: 0.7-4
Check: for unstated dependencies in ‘demo’
Result: NOTE
'::' or ':::' imports not declared from:
‘colorspace’ ‘psychomix’
'library' or 'require' calls not declared from:
‘car’ ‘lmtest’ ‘psychomix’ ‘psychotree’ ‘strucchange’
Flavors: r-devel-linux-x86_64-debian-clang, r-devel-linux-x86_64-debian-gcc, r-patched-linux-x86_64, r-release-linux-x86_64
These binaries (installable software) and packages are in development.
They may not be fully stable and should be used with caution. We make no claims about them.
Health stats visible at Monitor.