Last updated on 2025-02-23 19:51:16 CET.
Flavor | Version | Tinstall | Tcheck | Ttotal | Status | Flags |
---|---|---|---|---|---|---|
r-devel-linux-x86_64-debian-clang | 2.4.3 | 5.38 | 155.41 | 160.79 | NOTE | |
r-devel-linux-x86_64-debian-gcc | 2.4.3 | 4.20 | 106.63 | 110.83 | NOTE | |
r-devel-linux-x86_64-fedora-clang | 2.4.3 | 263.31 | OK | |||
r-devel-linux-x86_64-fedora-gcc | 2.4.3 | 265.17 | OK | |||
r-devel-macos-arm64 | 2.4.3 | 87.00 | OK | |||
r-devel-macos-x86_64 | 2.4.3 | 171.00 | OK | |||
r-devel-windows-x86_64 | 2.4.3 | 6.00 | 371.00 | 377.00 | NOTE | |
r-patched-linux-x86_64 | 2.4.3 | 8.99 | 170.11 | 179.10 | OK | |
r-release-linux-x86_64 | 2.4.3 | 5.67 | 171.49 | 177.16 | OK | |
r-release-macos-arm64 | 2.4.3 | 106.00 | OK | |||
r-release-macos-x86_64 | 2.4.3 | 166.00 | OK | |||
r-release-windows-x86_64 | 2.4.3 | 7.00 | 379.00 | 386.00 | OK | |
r-oldrel-macos-arm64 | 2.4.3 | 126.00 | OK | |||
r-oldrel-macos-x86_64 | 2.4.3 | 330.00 | OK | |||
r-oldrel-windows-x86_64 | 2.4.3 | 8.00 | 382.00 | 390.00 | OK |
Version: 2.4.3
Check: Rd cross-references
Result: NOTE
Found the following Rd file(s) with Rd \link{} targets missing package
anchors:
GERAS.Rd: cohen.d, scatterHist
Schutz.Rd: fa
ability.Rd: irt.fa, tetrachoric, omega
bfi.Rd: make.keys, score.items, irt.fa, polychoric, bi.bars
blant.Rd: fa
blot.Rd: irt.fa
burt.Rd: Harman.Burt, cor.smooth, Harman
cubits.Rd: table2matrix
df2latex.Rd: fa, irt.fa
dfOrder.Rd: test.irt, sim.irt
epi.Rd: alpha, omega, testRetest
heights.Rd: table2df, table2matrix, ellipses
iqitems.Rd: tetrachoric, irt.fa, omega
msq.Rd: make.keys, scoreItems, scoreOverlap, fa, fa.extension
msqR.rd: make.keys, scoreItems, scoreOverlap, fa, fa.extension,
testRetest
read.clipboard.Rd: read.spss, read.xport, fa, ICLUST, pca, omega
usaf.Rd: omega, omegaSem
zola.Rd: lookupFromKeys
Please provide package anchors for all Rd \link{} targets not in the
package itself and the base packages.
Flavors: r-devel-linux-x86_64-debian-clang, r-devel-linux-x86_64-debian-gcc, r-devel-windows-x86_64
These binaries (installable software) and packages are in development.
They may not be fully stable and should be used with caution. We make no claims about them.
Health stats visible at Monitor.