CRAN Package Check Results for Package pstest

Last updated on 2025-02-23 19:51:16 CET.

Flavor Version Tinstall Tcheck Ttotal Status Flags
r-devel-linux-x86_64-debian-clang 0.1.3.900 2.20 22.82 25.02 OK
r-devel-linux-x86_64-debian-gcc 0.1.3.900 2.09 17.75 19.84 OK
r-devel-linux-x86_64-fedora-clang 0.1.3.900 40.68 OK
r-devel-linux-x86_64-fedora-gcc 0.1.3.900 38.43 OK
r-devel-macos-arm64 0.1.3.900 18.00 OK
r-devel-macos-x86_64 0.1.3.900 40.00 OK
r-devel-windows-x86_64 0.1.3.900 3.00 44.00 47.00 OK
r-patched-linux-x86_64 0.1.3.900 2.51 21.84 24.35 NOTE
r-release-linux-x86_64 0.1.3.900 2.23 21.95 24.18 NOTE
r-release-macos-arm64 0.1.3.900 19.00 NOTE
r-release-macos-x86_64 0.1.3.900 31.00 NOTE
r-release-windows-x86_64 0.1.3.900 4.00 43.00 47.00 NOTE
r-oldrel-macos-arm64 0.1.3.900 18.00 NOTE
r-oldrel-macos-x86_64 0.1.3.900 23.00 NOTE
r-oldrel-windows-x86_64 0.1.3.900 4.00 42.00 46.00 NOTE

Check Details

Version: 0.1.3.900
Check: LazyData
Result: NOTE 'LazyData' is specified without a 'data' directory Flavors: r-patched-linux-x86_64, r-release-linux-x86_64, r-release-macos-arm64, r-release-macos-x86_64, r-release-windows-x86_64, r-oldrel-macos-arm64, r-oldrel-macos-x86_64, r-oldrel-windows-x86_64

These binaries (installable software) and packages are in development.
They may not be fully stable and should be used with caution. We make no claims about them.
Health stats visible at Monitor.