Last updated on 2025-10-30 23:50:17 CET.
| Flavor | Version | Tinstall | Tcheck | Ttotal | Status | Flags | 
|---|---|---|---|---|---|---|
| r-devel-linux-x86_64-debian-clang | 1.0.3 | 10.24 | 93.71 | 103.95 | NOTE | |
| r-devel-linux-x86_64-debian-gcc | 1.0.3 | 7.39 | 67.71 | 75.10 | NOTE | |
| r-devel-linux-x86_64-fedora-clang | 1.0.3 | 24.00 | 134.82 | 158.82 | OK | |
| r-devel-linux-x86_64-fedora-gcc | 1.0.3 | 22.00 | 130.26 | 152.26 | OK | |
| r-devel-windows-x86_64 | 1.0.3 | 11.00 | 93.00 | 104.00 | OK | |
| r-patched-linux-x86_64 | 1.0.3 | 8.47 | 89.75 | 98.22 | OK | |
| r-release-linux-x86_64 | 1.0.3 | 8.90 | 88.87 | 97.77 | OK | |
| r-release-macos-arm64 | 1.0.3 | 5.00 | 44.00 | 49.00 | OK | |
| r-release-macos-x86_64 | 1.0.3 | 10.00 | 81.00 | 91.00 | OK | |
| r-release-windows-x86_64 | 1.0.3 | 10.00 | 100.00 | 110.00 | OK | |
| r-oldrel-macos-arm64 | 1.0.3 | 5.00 | 40.00 | 45.00 | NOTE | |
| r-oldrel-macos-x86_64 | 1.0.3 | 7.00 | 81.00 | 88.00 | NOTE | |
| r-oldrel-windows-x86_64 | 1.0.3 | 13.00 | 128.00 | 141.00 | NOTE | 
Version: 1.0.3
Check: CRAN incoming feasibility
Result: NOTE
  Maintainer: ‘Michal Juraska <mjuraska@fredhutch.org>’
  
  Package CITATION file contains call(s) to old-style citEntry().  Please
  use bibentry() instead.
  
  Found the following URLs which should use \doi (with the DOI name only):
    File ‘riskCurve.Rd’:
      https://doi.org/10.1093/biostatistics/kxy074
    File ‘summary.riskCurve.Rd’:
      https://doi.org/10.1093/biostatistics/kxy074
    File ‘testConstancy.Rd’:
      https://doi.org/10.1093/biostatistics/kxy074
    File ‘testEquality.Rd’:
      https://doi.org/10.1093/biostatistics/kxy074
Flavors: r-devel-linux-x86_64-debian-clang, r-devel-linux-x86_64-debian-gcc
Version: 1.0.3
Check: LazyData
Result: NOTE
    'LazyData' is specified without a 'data' directory
Flavors: r-oldrel-macos-arm64, r-oldrel-macos-x86_64, r-oldrel-windows-x86_64
These binaries (installable software) and packages are in development.
They may not be fully stable and should be used with caution. We make no claims about them.
Health stats visible at Monitor.