Last updated on 2025-05-03 22:50:04 CEST.
Flavor | Version | Tinstall | Tcheck | Ttotal | Status | Flags |
---|---|---|---|---|---|---|
r-devel-linux-x86_64-debian-clang | 1.0.2 | 8.85 | 72.37 | 81.22 | NOTE | |
r-devel-linux-x86_64-debian-gcc | 1.0.2 | 6.05 | 53.86 | 59.91 | NOTE | |
r-devel-linux-x86_64-fedora-clang | 1.0.2 | 132.35 | OK | |||
r-devel-linux-x86_64-fedora-gcc | 1.0.2 | 119.95 | OK | |||
r-devel-windows-x86_64 | 1.0.2 | 9.00 | 93.00 | 102.00 | OK | |
r-patched-linux-x86_64 | 1.0.2 | 8.14 | 69.65 | 77.79 | OK | |
r-release-linux-x86_64 | OK | |||||
r-release-macos-arm64 | 1.0.2 | 40.00 | OK | |||
r-release-macos-x86_64 | 1.0.2 | 98.00 | OK | |||
r-release-windows-x86_64 | 1.0.2 | 11.00 | 79.00 | 90.00 | OK | |
r-oldrel-macos-arm64 | 1.0.2 | 38.00 | NOTE | |||
r-oldrel-macos-x86_64 | 1.0.2 | 78.00 | NOTE | |||
r-oldrel-windows-x86_64 | 1.0.2 | 11.00 | 102.00 | 113.00 | NOTE |
Version: 1.0.2
Check: CRAN incoming feasibility
Result: NOTE
Maintainer: ‘Oleg Sysoev <Oleg.Sysoev@liu.se>’
No Authors@R field in DESCRIPTION.
Please add one, modifying
Authors@R: c(person(given = "Oleg",
family = "Sysoev",
role = c("aut", "cre"),
email = "oleg.sysoev@liu.se"),
person(given = "Krzysztof",
family = "Bartoszek",
role = "aut"),
person(given = c("Katarina", "Ekholm"),
family = "Selling",
role = "aut"),
person(given = "Lotta",
family = "Ekstrom",
role = "aut"))
as necessary.
Package CITATION file contains call(s) to old-style personList() or
as.personList(). Please use c() on person objects instead.
Package CITATION file contains call(s) to old-style citEntry(). Please
use bibentry() instead.
Flavors: r-devel-linux-x86_64-debian-clang, r-devel-linux-x86_64-debian-gcc
Version: 1.0.2
Check: LazyData
Result: NOTE
'LazyData' is specified without a 'data' directory
Flavors: r-oldrel-macos-arm64, r-oldrel-macos-x86_64, r-oldrel-windows-x86_64
These binaries (installable software) and packages are in development.
They may not be fully stable and should be used with caution. We make no claims about them.
Health stats visible at Monitor.