Last updated on 2025-02-23 15:49:54 CET.
Flavor | Version | Tinstall | Tcheck | Ttotal | Status | Flags |
---|---|---|---|---|---|---|
r-devel-linux-x86_64-debian-gcc | 1.0.4 | 14.15 | 60.01 | 74.16 | OK | |
r-devel-linux-x86_64-fedora-clang | 1.0.4 | 184.47 | OK | |||
r-devel-linux-x86_64-fedora-gcc | 1.0.4 | 165.74 | OK | |||
r-devel-macos-x86_64 | 1.0.4 | 99.00 | OK | |||
r-patched-linux-x86_64 | 1.0.4 | 18.22 | 77.79 | 96.01 | OK | |
r-release-linux-x86_64 | 1.0.4 | 17.30 | 78.82 | 96.12 | OK | |
r-release-macos-arm64 | 1.0.1 | 48.00 | NOTE | |||
r-release-macos-x86_64 | 1.0.4 | 100.00 | OK | |||
r-oldrel-macos-arm64 | 1.0.1 | 58.00 | NOTE | |||
r-oldrel-macos-x86_64 | 1.0.4 | 109.00 | OK | |||
r-oldrel-windows-x86_64 | 1.0.4 | 31.00 | 136.00 | 167.00 | OK |
Version: 1.0.1
Check: C++ specification
Result: NOTE
Specified C++11: please drop specification unless essential
Flavors: r-release-macos-arm64, r-oldrel-macos-arm64
Version: 1.0.1
Check: Rd \usage sections
Result: NOTE
Documented arguments not in \usage in Rd file 'kepner_robinson_test_internal.Rd':
‘group’ ‘alternative’ ‘trend’
Functions with \usage entries need to have the appropriate \alias
entries, and all their arguments documented.
The \usage entries must correspond to syntactically valid R code.
See chapter ‘Writing R documentation files’ in the ‘Writing R
Extensions’ manual.
Flavor: r-release-macos-arm64
These binaries (installable software) and packages are in development.
They may not be fully stable and should be used with caution. We make no claims about them.
Health stats visible at Monitor.