Last updated on 2024-05-02 13:50:09 CEST.
Flavor | Version | Tinstall | Tcheck | Ttotal | Status | Flags |
---|---|---|---|---|---|---|
r-devel-linux-x86_64-debian-clang | 0.4.0 | 9.04 | 65.55 | 74.59 | NOTE | |
r-devel-linux-x86_64-debian-gcc | 0.4.0 | 6.28 | 50.17 | 56.45 | NOTE | |
r-devel-linux-x86_64-fedora-clang | 0.4.0 | 93.54 | NOTE | |||
r-devel-linux-x86_64-fedora-gcc | 0.4.0 | 100.68 | NOTE | |||
r-devel-windows-x86_64 | 0.4.0 | 10.00 | 75.00 | 85.00 | NOTE | |
r-patched-linux-x86_64 | 0.4.0 | 7.36 | 62.68 | 70.04 | NOTE | |
r-release-linux-x86_64 | 0.4.0 | 4.99 | 61.88 | 66.87 | NOTE | |
r-release-macos-arm64 | 0.4.0 | 37.00 | NOTE | |||
r-release-windows-x86_64 | 0.4.0 | 9.00 | 73.00 | 82.00 | NOTE | |
r-oldrel-macos-arm64 | 0.4.0 | 38.00 | OK | |||
r-oldrel-macos-x86_64 | 0.4.0 | 54.00 | OK | |||
r-oldrel-windows-x86_64 | 0.4.0 | 11.00 | 80.00 | 91.00 | OK |
Version: 0.4.0
Check: Rd files
Result: NOTE
checkRd: (-1) pr_stem_sentences.Rd:20: Lost braces; missing escapes or markup?
20 | Implementation of the {SnowballC} stemmer. Note that punctuation and capital letters
| ^
checkRd: (-1) pr_stem_words.Rd:20: Lost braces; missing escapes or markup?
20 | Implementation of the {SnowballC} stemmer. Note that punctuation and capitals letters
| ^
checkRd: (-1) proust_sentiments.Rd:7: Lost braces; missing escapes or markup?
7 | See the {rfeel} package now: http://github.com/ColinFay/rfeel}
| ^
checkRd: (-1) proust_sentiments.Rd:20: Lost braces; missing escapes or markup?
20 | See the {rfeel} package now: http://github.com/ColinFay/rfeel
| ^
Flavors: r-devel-linux-x86_64-debian-clang, r-devel-linux-x86_64-debian-gcc, r-devel-linux-x86_64-fedora-clang, r-devel-linux-x86_64-fedora-gcc, r-devel-windows-x86_64, r-patched-linux-x86_64, r-release-linux-x86_64, r-release-macos-arm64, r-release-windows-x86_64
Version: 0.4.0
Check: data for non-ASCII characters
Result: NOTE
Note: found 12717 marked UTF-8 strings
Flavors: r-devel-linux-x86_64-fedora-clang, r-devel-linux-x86_64-fedora-gcc
These binaries (installable software) and packages are in development.
They may not be fully stable and should be used with caution. We make no claims about them.
Health stats visible at Monitor.