Last updated on 2025-05-18 01:50:38 CEST.
Flavor | Version | Tinstall | Tcheck | Ttotal | Status | Flags |
---|---|---|---|---|---|---|
r-devel-linux-x86_64-debian-clang | 1.0 | 1.82 | 17.49 | 19.31 | NOTE | |
r-devel-linux-x86_64-debian-gcc | 1.0 | 1.49 | 14.45 | 15.94 | NOTE | |
r-devel-linux-x86_64-fedora-clang | 1.0 | 31.47 | OK | |||
r-devel-linux-x86_64-fedora-gcc | 1.0 | 29.36 | OK | |||
r-devel-windows-x86_64 | 1.0 | 3.00 | 40.00 | 43.00 | OK | |
r-patched-linux-x86_64 | 1.0 | 1.95 | 16.99 | 18.94 | OK | |
r-release-linux-x86_64 | 1.0 | 1.93 | 17.03 | 18.96 | OK | |
r-release-macos-arm64 | 1.0 | 16.00 | OK | |||
r-release-macos-x86_64 | 1.0 | 26.00 | OK | |||
r-release-windows-x86_64 | 1.0 | 3.00 | 51.00 | 54.00 | OK | |
r-oldrel-macos-arm64 | 1.0 | 15.00 | OK | |||
r-oldrel-macos-x86_64 | 1.0 | 21.00 | OK | |||
r-oldrel-windows-x86_64 | 1.0 | 3.00 | 40.00 | 43.00 | OK |
Version: 1.0
Check: CRAN incoming feasibility
Result: NOTE
Maintainer: ‘Przemysław Biecek <przemyslaw.biecek@gmail.com>’
The Description field contains
available at http://biecek.pl/BetaBit/Warsaw. It's a part of Beta and
http://biecek.pl/BetaBit.
Please enclose URLs in angle brackets (<...>).
Flavors: r-devel-linux-x86_64-debian-clang, r-devel-linux-x86_64-debian-gcc
These binaries (installable software) and packages are in development.
They may not be fully stable and should be used with caution. We make no claims about them.
Health stats visible at Monitor.