Last updated on 2025-10-09 15:50:15 CEST.
Flavor | Version | Tinstall | Tcheck | Ttotal | Status | Flags |
---|---|---|---|---|---|---|
r-devel-linux-x86_64-debian-clang | 1.1.5 | 22.43 | 275.31 | 297.74 | OK | |
r-devel-linux-x86_64-debian-gcc | 1.1.5 | 16.61 | 297.29 | 313.90 | OK | |
r-devel-linux-x86_64-fedora-clang | 1.1.5 | 476.59 | OK | |||
r-devel-linux-x86_64-fedora-gcc | 1.1.5 | 447.28 | OK | |||
r-devel-windows-x86_64 | 1.1.5 | 24.00 | 295.00 | 319.00 | ERROR | |
r-patched-linux-x86_64 | 1.1.5 | 21.62 | 263.01 | 284.63 | OK | |
r-release-linux-x86_64 | 1.1.5 | 20.67 | 268.66 | 289.33 | OK | |
r-release-macos-arm64 | 1.1.5 | 161.00 | OK | |||
r-release-macos-x86_64 | 1.1.5 | 212.00 | OK | |||
r-release-windows-x86_64 | 1.1.5 | 24.00 | 188.00 | 212.00 | ERROR | |
r-oldrel-macos-arm64 | 1.1.5 | 148.00 | OK | |||
r-oldrel-macos-x86_64 | 1.1.5 | 219.00 | OK | |||
r-oldrel-windows-x86_64 | 1.1.5 | 34.00 | 241.00 | 275.00 | ERROR |
Version: 1.1.5
Check: tests
Result: ERROR
Running 'testthat.R' [113s]
Running the tests in 'tests/testthat.R' failed.
Complete output:
> # This file is part of the standard setup for testthat.
> # It is recommended that you do not modify it.
> #
> # Where should you do additional test configuration?
> # Learn more about the roles of various files in:
> # * https://r-pkgs.org/tests.html
> # * https://testthat.r-lib.org/reference/test_package.html#special-files
>
> library(testthat)
> library(proteus)
>
> test_check("proteus")
[ FAIL 1 | WARN 0 | SKIP 0 | PASS 0 ]
══ Failed tests ════════════════════════════════════════════════════════════════
── Error ('test-main.R:5:13'): Correct outcome format and size for base outcome3 ──
<purrr_error_indexed/rlang_error/error/condition>
Error in `pmap(hyper_params, ~proteus(data, target, future, past = ..1,
ci, smoother, t_embed = ..2, activ = ..3, nodes = ..4, distr = ..5,
optim = ..6, epochs, lr = ..7, patience, latent_sample, verbose,
stride = ..8, dates, rolling_blocks, n_blocks, block_minset,
error_scale, error_benchmark, batch_size, omit, min_default,
future_plan, seed))`: i In index: 1.
Caused by error:
! Future (<unnamed-1>) of class MultisessionFuture interrupted, while running on 'localhost' (pid 158412)
Backtrace:
▆
1. ├─proteus::proteus_random_search(...) at test-main.R:5:13
2. │ └─purrr::pmap(...)
3. │ └─purrr:::pmap_("list", .l, .f, ..., .progress = .progress)
4. │ ├─purrr:::with_indexed_errors(...)
5. │ │ └─base::withCallingHandlers(...)
6. │ ├─purrr:::call_with_cleanup(...)
7. │ └─proteus (local) .f(...)
8. │ └─proteus::proteus(...)
9. │ └─furrr::future_map(...)
10. │ └─furrr:::furrr_map_template(...)
11. │ └─furrr:::furrr_template(...)
12. │ ├─future::value(futures)
13. │ └─future:::value.list(futures)
14. │ └─future (local) signalConditionsASAP(...)
15. │ ├─future::value(obj, stdout = TRUE, signal = FALSE)
16. │ └─future:::value.Future(obj, stdout = TRUE, signal = FALSE)
17. │ ├─future::result(future)
18. │ └─future:::result.ClusterFuture(future)
19. │ └─base::stop(result)
20. └─purrr (local) `<fn>`(`<FtrIntrE>`)
21. └─cli::cli_abort(...)
22. └─rlang::abort(...)
[ FAIL 1 | WARN 0 | SKIP 0 | PASS 0 ]
Error: Test failures
Execution halted
Flavor: r-devel-windows-x86_64
Version: 1.1.5
Check: tests
Result: ERROR
Running 'testthat.R' [33s]
Running the tests in 'tests/testthat.R' failed.
Complete output:
> # This file is part of the standard setup for testthat.
> # It is recommended that you do not modify it.
> #
> # Where should you do additional test configuration?
> # Learn more about the roles of various files in:
> # * https://r-pkgs.org/tests.html
> # * https://testthat.r-lib.org/reference/test_package.html#special-files
>
> library(testthat)
> library(proteus)
>
> test_check("proteus")
[ FAIL 1 | WARN 0 | SKIP 0 | PASS 0 ]
══ Failed tests ════════════════════════════════════════════════════════════════
── Error ('test-main.R:5:13'): Correct outcome format and size for base outcome3 ──
<purrr_error_indexed/rlang_error/error/condition>
Error in `pmap(hyper_params, ~proteus(data, target, future, past = ..1,
ci, smoother, t_embed = ..2, activ = ..3, nodes = ..4, distr = ..5,
optim = ..6, epochs, lr = ..7, patience, latent_sample, verbose,
stride = ..8, dates, rolling_blocks, n_blocks, block_minset,
error_scale, error_benchmark, batch_size, omit, min_default,
future_plan, seed))`: i In index: 1.
Caused by error:
! Future (<unnamed-1>) of class MultisessionFuture interrupted, while running on 'localhost' (pid 168316)
Backtrace:
▆
1. ├─proteus::proteus_random_search(...) at test-main.R:5:13
2. │ └─purrr::pmap(...)
3. │ └─purrr:::pmap_("list", .l, .f, ..., .progress = .progress)
4. │ ├─purrr:::with_indexed_errors(...)
5. │ │ └─base::withCallingHandlers(...)
6. │ ├─purrr:::call_with_cleanup(...)
7. │ └─proteus (local) .f(...)
8. │ └─proteus::proteus(...)
9. │ └─furrr::future_map(...)
10. │ └─furrr:::furrr_map_template(...)
11. │ └─furrr:::furrr_template(...)
12. │ ├─future::value(futures)
13. │ └─future:::value.list(futures)
14. │ └─future (local) signalConditionsASAP(...)
15. │ ├─future::value(obj, stdout = TRUE, signal = FALSE)
16. │ └─future:::value.Future(obj, stdout = TRUE, signal = FALSE)
17. │ ├─future::result(future)
18. │ └─future:::result.ClusterFuture(future)
19. │ └─base::stop(result)
20. └─purrr (local) `<fn>`(`<FtrIntrE>`)
21. └─cli::cli_abort(...)
22. └─rlang::abort(...)
[ FAIL 1 | WARN 0 | SKIP 0 | PASS 0 ]
Error: Test failures
Execution halted
Flavor: r-release-windows-x86_64
Version: 1.1.5
Check: tests
Result: ERROR
Running 'testthat.R' [40s]
Running the tests in 'tests/testthat.R' failed.
Complete output:
> # This file is part of the standard setup for testthat.
> # It is recommended that you do not modify it.
> #
> # Where should you do additional test configuration?
> # Learn more about the roles of various files in:
> # * https://r-pkgs.org/tests.html
> # * https://testthat.r-lib.org/reference/test_package.html#special-files
>
> library(testthat)
> library(proteus)
>
> test_check("proteus")
[ FAIL 1 | WARN 0 | SKIP 0 | PASS 0 ]
══ Failed tests ════════════════════════════════════════════════════════════════
── Error ('test-main.R:5:13'): Correct outcome format and size for base outcome3 ──
<purrr_error_indexed/rlang_error/error/condition>
Error in `pmap(hyper_params, ~proteus(data, target, future, past = ..1,
ci, smoother, t_embed = ..2, activ = ..3, nodes = ..4, distr = ..5,
optim = ..6, epochs, lr = ..7, patience, latent_sample, verbose,
stride = ..8, dates, rolling_blocks, n_blocks, block_minset,
error_scale, error_benchmark, batch_size, omit, min_default,
future_plan, seed))`: i In index: 1.
Caused by error:
! Future (<unnamed-1>) of class MultisessionFuture interrupted, while running on 'localhost' (pid 139068)
Backtrace:
▆
1. ├─proteus::proteus_random_search(...) at test-main.R:5:13
2. │ └─purrr::pmap(...)
3. │ └─purrr:::pmap_("list", .l, .f, ..., .progress = .progress)
4. │ ├─purrr:::with_indexed_errors(...)
5. │ │ └─base::withCallingHandlers(...)
6. │ ├─purrr:::call_with_cleanup(...)
7. │ └─proteus (local) .f(...)
8. │ └─proteus::proteus(...)
9. │ └─furrr::future_map(...)
10. │ └─furrr:::furrr_map_template(...)
11. │ └─furrr:::furrr_template(...)
12. │ ├─future::value(futures)
13. │ └─future:::value.list(futures)
14. │ └─future (local) signalConditionsASAP(...)
15. │ ├─future::value(obj, stdout = TRUE, signal = FALSE)
16. │ └─future:::value.Future(obj, stdout = TRUE, signal = FALSE)
17. │ ├─future::result(future)
18. │ └─future:::result.ClusterFuture(future)
19. │ └─base::stop(result)
20. └─purrr (local) `<fn>`(`<FtrIntrE>`)
21. └─cli::cli_abort(...)
22. └─rlang::abort(...)
[ FAIL 1 | WARN 0 | SKIP 0 | PASS 0 ]
Error: Test failures
Execution halted
Flavor: r-oldrel-windows-x86_64
These binaries (installable software) and packages are in development.
They may not be fully stable and should be used with caution. We make no claims about them.
Health stats visible at Monitor.