CRAN Package Check Results for Package projpred

Last updated on 2025-05-18 11:51:54 CEST.

Flavor Version Tinstall Tcheck Ttotal Status Flags
r-devel-linux-x86_64-debian-clang 2.8.0 34.12 313.14 347.26 NOTE
r-devel-linux-x86_64-debian-gcc 2.8.0 23.09 193.30 216.39 NOTE
r-devel-linux-x86_64-fedora-clang 2.8.0 567.20 OK
r-devel-linux-x86_64-fedora-gcc 2.8.0 544.20 OK
r-devel-windows-x86_64 2.8.0 47.00 306.00 353.00 OK
r-patched-linux-x86_64 2.8.0 36.35 297.15 333.50 OK
r-release-linux-x86_64 2.8.0 35.38 300.22 335.60 OK
r-release-macos-arm64 2.8.0 136.00 OK
r-release-macos-x86_64 2.8.0 287.00 OK
r-release-windows-x86_64 2.8.0 43.00 298.00 341.00 OK
r-oldrel-macos-arm64 2.8.0 130.00 NOTE
r-oldrel-macos-x86_64 2.8.0 266.00 NOTE
r-oldrel-windows-x86_64 2.8.0 54.00 419.00 473.00 NOTE

Check Details

Version: 2.8.0
Check: CRAN incoming feasibility
Result: NOTE Maintainer: ‘Frank Weber <fweber144@protonmail.com>’ The Description field contains <arXiv:2301.01660>), and for many other regression models (using the <arXiv:2109.04702>, which can also be applied to most of the former Please refer to arXiv e-prints via their arXiv DOI <doi:10.48550/arXiv.YYMM.NNNNN>. Flavors: r-devel-linux-x86_64-debian-clang, r-devel-linux-x86_64-debian-gcc

Version: 2.8.0
Check: package dependencies
Result: NOTE Package suggested but not available for checking: ‘cmdstanr’ Flavors: r-oldrel-macos-arm64, r-oldrel-macos-x86_64

Version: 2.8.0
Check: package dependencies
Result: NOTE Packages suggested but not available for checking: 'unix', 'cmdstanr' Flavor: r-oldrel-windows-x86_64

These binaries (installable software) and packages are in development.
They may not be fully stable and should be used with caution. We make no claims about them.
Health stats visible at Monitor.