Last updated on 2025-02-23 19:51:16 CET.
Flavor | Version | Tinstall | Tcheck | Ttotal | Status | Flags |
---|---|---|---|---|---|---|
r-devel-linux-x86_64-debian-clang | 1.0-14 | 5.44 | 18.95 | 24.39 | NOTE | |
r-devel-linux-x86_64-debian-gcc | 1.0-14 | 3.79 | 16.06 | 19.85 | NOTE | |
r-devel-linux-x86_64-fedora-clang | 1.0-14 | 38.76 | NOTE | |||
r-devel-linux-x86_64-fedora-gcc | 1.0-14 | 37.58 | NOTE | |||
r-devel-macos-arm64 | 1.0-14 | 25.00 | OK | |||
r-devel-macos-x86_64 | 1.0-14 | 36.00 | OK | |||
r-devel-windows-x86_64 | 1.0-14 | 13.00 | 2.00 | 15.00 | ERROR | |
r-patched-linux-x86_64 | 1.0-14 | 3.83 | 17.75 | 21.58 | OK | |
r-release-linux-x86_64 | 1.0-14 | 3.82 | 17.47 | 21.29 | OK | |
r-release-macos-arm64 | 1.0-14 | 31.00 | NOTE | |||
r-release-macos-x86_64 | 1.0-14 | 33.00 | NOTE | |||
r-release-windows-x86_64 | 1.0-14 | 15.00 | 2.00 | 17.00 | ERROR | |
r-oldrel-macos-arm64 | 1.0-14 | 27.00 | NOTE | |||
r-oldrel-macos-x86_64 | 1.0-14 | 48.00 | NOTE | |||
r-oldrel-windows-x86_64 | 1.0-14 | 23.00 | 169.00 | 192.00 | NOTE |
Version: 1.0-14
Check: top-level files
Result: NOTE
possible bashism in configure.ac line 120 (test -a/-o):
if test x$use6 = xyes -a x${proj6api} = xno; then
possible bashism in configure.ac line 126 (test -a/-o):
if test x$use6 = xno -a x${proj4api} = xno; then
Flavors: r-devel-linux-x86_64-debian-clang, r-devel-linux-x86_64-debian-gcc, r-devel-linux-x86_64-fedora-clang, r-devel-linux-x86_64-fedora-gcc
Version: 1.0-14
Check: whether package can be installed
Result: ERROR
Installation failed.
Flavors: r-devel-windows-x86_64, r-release-windows-x86_64
Version: 1.0-14
Check: installed package size
Result: NOTE
installed size is 16.2Mb
sub-directories of 1Mb or more:
libs 16.1Mb
Flavors: r-release-macos-arm64, r-release-macos-x86_64, r-oldrel-macos-arm64, r-oldrel-macos-x86_64, r-oldrel-windows-x86_64
These binaries (installable software) and packages are in development.
They may not be fully stable and should be used with caution. We make no claims about them.
Health stats visible at Monitor.