Last updated on 2025-10-30 23:50:17 CET.
| Flavor | Version | Tinstall | Tcheck | Ttotal | Status | Flags | 
|---|---|---|---|---|---|---|
| r-devel-linux-x86_64-debian-clang | 1.1.0 | 10.91 | 54.32 | 65.23 | NOTE | |
| r-devel-linux-x86_64-debian-gcc | 1.1.0 | 6.18 | 35.47 | 41.65 | NOTE | |
| r-devel-linux-x86_64-fedora-clang | 1.1.0 | 21.00 | 80.61 | 101.61 | NOTE | |
| r-devel-linux-x86_64-fedora-gcc | 1.1.0 | 22.00 | 78.51 | 100.51 | NOTE | |
| r-devel-windows-x86_64 | 1.1.0 | 10.00 | 63.00 | 73.00 | NOTE | |
| r-patched-linux-x86_64 | 1.1.0 | 10.19 | 50.48 | 60.67 | NOTE | |
| r-release-linux-x86_64 | 1.1.0 | 10.15 | 50.17 | 60.32 | NOTE | |
| r-release-macos-arm64 | 1.1.0 | 4.00 | 24.00 | 28.00 | NOTE | |
| r-release-macos-x86_64 | 1.1.0 | 13.00 | 45.00 | 58.00 | NOTE | |
| r-release-windows-x86_64 | 1.1.0 | 10.00 | 70.00 | 80.00 | NOTE | |
| r-oldrel-macos-arm64 | 1.1.0 | 4.00 | 22.00 | 26.00 | NOTE | |
| r-oldrel-macos-x86_64 | 1.1.0 | 6.00 | 35.00 | 41.00 | NOTE | |
| r-oldrel-windows-x86_64 | 1.1.0 | 14.00 | 71.00 | 85.00 | NOTE | 
Version: 1.1.0
Check: CRAN incoming feasibility
Result: NOTE
  Maintainer: ‘Yann Desjeux <yann.desjeux@inra.fr>’
  
  Package CITATION file contains call(s) to old-style personList() or
  as.personList().  Please use c() on person objects instead.
  
  Found the following URLs which should use \doi (with the DOI name only):
    File ‘fareprim.Rd’:
      https://doi.org/10.1093/ajae/aas023
    File ‘fisher.Rd’:
      https://doi.org/10.1007/BF00158354
    File ‘hicksmoorsteen.Rd’:
      https://doi.org/10.1111/j.1467-9957.2010.02169.x
      https://doi.org/10.1111/j.1467-8489.2010.00512.x
    File ‘lowe.Rd’:
      https://doi.org/10.1093/ajae/aas023
    File ‘usagri.Rd’:
      https://doi.org/10.2307/1244458
      https://doi.org/10.1111/j.0002-9092.2004.00683.x
Flavors: r-devel-linux-x86_64-debian-clang, r-devel-linux-x86_64-debian-gcc
Version: 1.1.0
Check: Rd files
Result: NOTE
  checkRd: (-1) paasche.Rd:91: Lost braces
      91 |     \code{OSME} \tab Output-oriented scale-mix efficiency score \emph{(code{orientation = "out"})}\cr
         |                                                                            ^
Flavors: r-devel-linux-x86_64-debian-clang, r-devel-linux-x86_64-debian-gcc, r-devel-linux-x86_64-fedora-clang, r-devel-linux-x86_64-fedora-gcc, r-devel-windows-x86_64, r-patched-linux-x86_64, r-release-linux-x86_64, r-release-macos-arm64, r-release-macos-x86_64, r-release-windows-x86_64, r-oldrel-macos-arm64, r-oldrel-macos-x86_64, r-oldrel-windows-x86_64
These binaries (installable software) and packages are in development.
They may not be fully stable and should be used with caution. We make no claims about them.
Health stats visible at Monitor.