Last updated on 2025-02-23 19:51:16 CET.
Flavor | Version | Tinstall | Tcheck | Ttotal | Status | Flags |
---|---|---|---|---|---|---|
r-devel-linux-x86_64-debian-clang | 8.0.6 | 353.30 | 399.86 | 753.16 | OK | |
r-devel-linux-x86_64-debian-gcc | 8.0.6 | 251.62 | 267.74 | 519.36 | OK | |
r-devel-linux-x86_64-fedora-clang | 8.0.6 | 1460.28 | OK | |||
r-devel-linux-x86_64-fedora-gcc | 8.0.6 | 1313.69 | OK | |||
r-devel-macos-arm64 | 8.0.6 | 283.00 | OK | |||
r-devel-macos-x86_64 | 8.0.6 | 506.00 | OK | |||
r-devel-windows-x86_64 | 8.0.6 | 371.00 | 385.00 | 756.00 | OK | |
r-patched-linux-x86_64 | 8.0.6 | 360.39 | 371.99 | 732.38 | NOTE | |
r-release-linux-x86_64 | 8.0.6 | 346.95 | 373.62 | 720.57 | NOTE | |
r-release-macos-arm64 | 8.0.6 | 304.00 | NOTE | |||
r-release-macos-x86_64 | 8.0.6 | 370.00 | NOTE | |||
r-release-windows-x86_64 | 8.0.6 | 377.00 | 392.00 | 769.00 | NOTE | |
r-oldrel-macos-arm64 | 8.0.6 | 302.00 | NOTE | |||
r-oldrel-macos-x86_64 | 8.0.6 | 449.00 | NOTE | |||
r-oldrel-windows-x86_64 | 8.0.6 | 463.00 | 520.00 | 983.00 | NOTE |
Version: 8.0.6
Check: package dependencies
Result: NOTE
Packages suggested but not available for checking:
'gurobi', 'rcbc', 'cplexAPI'
Flavors: r-patched-linux-x86_64, r-release-linux-x86_64, r-release-macos-arm64, r-release-macos-x86_64, r-release-windows-x86_64, r-oldrel-macos-arm64, r-oldrel-macos-x86_64, r-oldrel-windows-x86_64
Version: 8.0.6
Check: installed package size
Result: NOTE
installed size is 20.0Mb
sub-directories of 1Mb or more:
R 2.0Mb
doc 4.7Mb
libs 11.3Mb
Flavors: r-release-macos-arm64, r-release-macos-x86_64, r-release-windows-x86_64, r-oldrel-macos-arm64, r-oldrel-macos-x86_64, r-oldrel-windows-x86_64
These binaries (installable software) and packages are in development.
They may not be fully stable and should be used with caution. We make no claims about them.
Health stats visible at Monitor.