CRAN Package Check Results for Package princurve

Last updated on 2025-05-15 11:50:10 CEST.

Flavor Version Tinstall Tcheck Ttotal Status Flags
r-devel-linux-x86_64-debian-clang 2.1.6 11.12 29.55 40.67 NOTE
r-devel-linux-x86_64-debian-gcc 2.1.6 8.54 23.23 31.77 NOTE
r-devel-linux-x86_64-fedora-clang 2.1.6 69.47 OK
r-devel-linux-x86_64-fedora-gcc 2.1.6 67.96 OK
r-devel-windows-x86_64 2.1.6 17.00 67.00 84.00 OK
r-patched-linux-x86_64 2.1.6 12.46 26.93 39.39 OK
r-release-linux-x86_64 2.1.6 11.50 26.96 38.46 OK
r-release-macos-arm64 2.1.6 25.00 OK
r-release-macos-x86_64 2.1.6 47.00 OK
r-release-windows-x86_64 2.1.6 14.00 66.00 80.00 OK
r-oldrel-macos-arm64 2.1.6 26.00 OK
r-oldrel-macos-x86_64 2.1.6 33.00 OK
r-oldrel-windows-x86_64 2.1.6 16.00 79.00 95.00 OK

Check Details

Version: 2.1.6
Check: CRAN incoming feasibility
Result: NOTE Maintainer: ‘Robrecht Cannoodt <rcannood@gmail.com>’ Package CITATION file contains call(s) to old-style citEntry(). Please use bibentry() instead. Flavors: r-devel-linux-x86_64-debian-clang, r-devel-linux-x86_64-debian-gcc

Version: 2.1.6
Check: DESCRIPTION meta-information
Result: NOTE Author field differs from that derived from Authors@R Author: ‘Trevor Hastie [aut], Andreas Weingessel [aut], Kurt Hornik [aut] (<https://orcid.org/0000-0003-4198-9911>), Henrik Bengtsson [ctb] (HenrikBengtsson), Robrecht Cannoodt [aut, cre] (<https://orcid.org/0000-0003-3641-729X>, rcannood)’ Authors@R: ‘Trevor Hastie [aut], Andreas Weingessel [aut], Kurt Hornik [aut] (ORCID: <https://orcid.org/0000-0003-4198-9911>), Henrik Bengtsson [ctb] (github: HenrikBengtsson), Robrecht Cannoodt [aut, cre] (ORCID: <https://orcid.org/0000-0003-3641-729X>, github: rcannood)’ Flavors: r-devel-linux-x86_64-debian-clang, r-devel-linux-x86_64-debian-gcc

These binaries (installable software) and packages are in development.
They may not be fully stable and should be used with caution. We make no claims about them.
Health stats visible at Monitor.