CRAN Package Check Results for Package primerTree

Last updated on 2025-02-23 15:49:53 CET.

Flavor Version Tinstall Tcheck Ttotal Status Flags
r-devel-linux-x86_64-debian-clang 1.0.6 8.72 75.65 84.37 NOTE
r-devel-linux-x86_64-debian-gcc 1.0.6 6.01 50.88 56.89 NOTE
r-devel-linux-x86_64-fedora-clang 1.0.6 132.80 OK
r-devel-linux-x86_64-fedora-gcc 1.0.6 124.23 OK
r-devel-macos-arm64 1.0.6 40.00 OK
r-devel-macos-x86_64 1.0.6 76.00 OK
r-devel-windows-x86_64 1.0.6 13.00 89.00 102.00 NOTE
r-patched-linux-x86_64 1.0.6 11.88 69.19 81.07 OK
r-release-linux-x86_64 1.0.6 7.58 68.03 75.61 OK
r-release-macos-arm64 1.0.6 40.00 OK
r-release-macos-x86_64 1.0.6 58.00 OK
r-release-windows-x86_64 1.0.6 12.00 85.00 97.00 OK
r-oldrel-macos-arm64 1.0.6 45.00 OK
r-oldrel-macos-x86_64 1.0.6 64.00 OK
r-oldrel-windows-x86_64 1.0.6 15.00 105.00 120.00 OK

Check Details

Version: 1.0.6
Check: Rd cross-references
Result: NOTE Found the following Rd file(s) with Rd \link{} targets missing package anchors: get_sequence.Rd: DNAbin get_sequences.Rd: DNAbin layout_tree_ape.Rd: phylo, plot.phylo search_primer_pair.Rd: create_progress_bar, response tree_from_alignment.Rd: dist.dna, nj Please provide package anchors for all Rd \link{} targets not in the package itself and the base packages. Flavors: r-devel-linux-x86_64-debian-clang, r-devel-linux-x86_64-debian-gcc, r-devel-windows-x86_64

These binaries (installable software) and packages are in development.
They may not be fully stable and should be used with caution. We make no claims about them.
Health stats visible at Monitor.