Last updated on 2025-02-23 15:49:53 CET.
Flavor | Version | Tinstall | Tcheck | Ttotal | Status | Flags |
---|---|---|---|---|---|---|
r-devel-linux-x86_64-debian-clang | 1.2.0 | 5.66 | 55.34 | 61.00 | NOTE | |
r-devel-linux-x86_64-debian-gcc | 1.2.0 | 4.51 | 39.44 | 43.95 | NOTE | |
r-devel-linux-x86_64-fedora-clang | 1.2.0 | 103.96 | NOTE | |||
r-devel-linux-x86_64-fedora-gcc | 1.2.0 | 98.09 | NOTE | |||
r-devel-macos-arm64 | 1.2.0 | 32.00 | NOTE | |||
r-devel-macos-x86_64 | 1.2.0 | 57.00 | NOTE | |||
r-devel-windows-x86_64 | 1.2.0 | 9.00 | 82.00 | 91.00 | NOTE | |
r-patched-linux-x86_64 | 1.2.0 | 6.05 | 52.70 | 58.75 | NOTE | |
r-release-linux-x86_64 | 1.2.0 | 5.37 | 51.62 | 56.99 | NOTE | |
r-release-macos-arm64 | 1.2.0 | 31.00 | NOTE | |||
r-release-macos-x86_64 | 1.2.0 | 57.00 | NOTE | |||
r-release-windows-x86_64 | 1.2.0 | 9.00 | 80.00 | 89.00 | NOTE | |
r-oldrel-macos-arm64 | 1.2.0 | 30.00 | OK | |||
r-oldrel-macos-x86_64 | 1.2.0 | 48.00 | NOTE | |||
r-oldrel-windows-x86_64 | 1.2.0 | 10.00 | 94.00 | 104.00 | OK |
Version: 1.2.0
Check: Rd files
Result: NOTE
checkRd: (-1) alogistic.Rd:20: Lost braces
20 | The user does not put these directly into this function, but rather uses code{ode} in the \code{deSolve} package.
| ^
Flavors: r-devel-linux-x86_64-debian-clang, r-devel-linux-x86_64-debian-gcc, r-devel-linux-x86_64-fedora-clang, r-devel-linux-x86_64-fedora-gcc, r-devel-macos-arm64, r-devel-macos-x86_64, r-devel-windows-x86_64, r-patched-linux-x86_64, r-release-linux-x86_64, r-release-macos-arm64, r-release-macos-x86_64, r-release-windows-x86_64
Version: 1.2.0
Check: dependencies in R code
Result: NOTE
Namespaces in Imports field not imported from:
‘tidyr’ ‘utils’
All declared Imports should be used.
Flavors: r-devel-linux-x86_64-fedora-clang, r-devel-linux-x86_64-fedora-gcc
Version: 1.2.0
Check: package dependencies
Result: NOTE
Package suggested but not available for checking: ‘bipartite’
Flavor: r-oldrel-macos-x86_64
These binaries (installable software) and packages are in development.
They may not be fully stable and should be used with caution. We make no claims about them.
Health stats visible at Monitor.