Last updated on 2025-05-17 17:49:29 CEST.
Flavor | Version | Tinstall | Tcheck | Ttotal | Status | Flags |
---|---|---|---|---|---|---|
r-devel-linux-x86_64-debian-clang | 1.2 | 6.42 | 53.13 | 59.55 | NOTE | |
r-devel-linux-x86_64-debian-gcc | 1.2 | 4.87 | 40.20 | 45.07 | NOTE | |
r-devel-linux-x86_64-fedora-clang | 1.2 | 95.36 | OK | |||
r-devel-linux-x86_64-fedora-gcc | 1.2 | 90.43 | OK | |||
r-devel-windows-x86_64 | 1.2 | 7.00 | 63.00 | 70.00 | OK | |
r-patched-linux-x86_64 | 1.2 | 6.12 | 51.13 | 57.25 | OK | |
r-release-linux-x86_64 | 1.2 | 6.52 | 50.61 | 57.13 | OK | |
r-release-macos-arm64 | 1.2 | 31.00 | OK | |||
r-release-macos-x86_64 | 1.2 | 54.00 | OK | |||
r-release-windows-x86_64 | 1.2 | 7.00 | 66.00 | 73.00 | OK | |
r-oldrel-macos-arm64 | 1.2 | 29.00 | OK | |||
r-oldrel-macos-x86_64 | 1.2 | 55.00 | OK | |||
r-oldrel-windows-x86_64 | 1.2 | 8.00 | 78.00 | 86.00 | OK |
Version: 1.2
Check: CRAN incoming feasibility
Result: NOTE
Maintainer: ‘Ziwei Zhu <ziweiz@umich.edu>’
No Authors@R field in DESCRIPTION.
Please add one, modifying
Authors@R: c(person(given = "Ziwei",
family = "Zhu",
role = c("aut", "cre"),
email = "ziweiz@umich.edu"),
person(given = "Tengyao",
family = "Wang",
role = "aut"),
person(given = c("Richard", "J."),
family = "Samworth",
role = "aut"))
as necessary.
The Description field contains
component analysis with heterogeneous missingness. <arXiv:1906.12125>.
Please refer to arXiv e-prints via their arXiv DOI <doi:10.48550/arXiv.YYMM.NNNNN>.
Flavors: r-devel-linux-x86_64-debian-clang, r-devel-linux-x86_64-debian-gcc
These binaries (installable software) and packages are in development.
They may not be fully stable and should be used with caution. We make no claims about them.
Health stats visible at Monitor.