Last updated on 2025-02-23 19:51:16 CET.
Flavor | Version | Tinstall | Tcheck | Ttotal | Status | Flags |
---|---|---|---|---|---|---|
r-devel-linux-x86_64-debian-clang | 0.12.0 | 4.32 | 60.88 | 65.20 | NOTE | |
r-devel-linux-x86_64-debian-gcc | 0.12.0 | 3.81 | 41.09 | 44.90 | NOTE | |
r-devel-linux-x86_64-fedora-clang | 0.12.0 | 107.53 | NOTE | |||
r-devel-linux-x86_64-fedora-gcc | 0.12.0 | 115.16 | NOTE | |||
r-devel-macos-arm64 | 0.12.0 | 41.00 | NOTE | |||
r-devel-macos-x86_64 | 0.12.0 | 82.00 | NOTE | |||
r-devel-windows-x86_64 | 0.12.0 | 6.00 | 78.00 | 84.00 | NOTE | |
r-patched-linux-x86_64 | 0.12.0 | 4.94 | 56.81 | 61.75 | NOTE | |
r-release-linux-x86_64 | 0.12.0 | 4.51 | 57.35 | 61.86 | NOTE | |
r-release-macos-arm64 | 0.12.0 | 42.00 | NOTE | |||
r-release-macos-x86_64 | 0.12.0 | 79.00 | NOTE | |||
r-release-windows-x86_64 | 0.12.0 | 6.00 | 77.00 | 83.00 | NOTE | |
r-oldrel-macos-arm64 | 0.12.0 | 44.00 | NOTE | |||
r-oldrel-macos-x86_64 | 0.12.0 | 70.00 | NOTE | |||
r-oldrel-windows-x86_64 | 0.12.0 | 8.00 | 95.00 | 103.00 | NOTE |
Version: 0.12.0
Check: Rd files
Result: NOTE
checkRd: (-1) calculate_CI_I_pp.Rd:13: Lost braces in \itemize; meant \describe ?
checkRd: (-1) calculate_CI_I_pp.Rd:14: Lost braces in \itemize; meant \describe ?
checkRd: (-1) calculate_CI_I_pp.Rd:15: Lost braces in \itemize; meant \describe ?
checkRd: (-1) calculate_CI_I_pp.Rd:16: Lost braces in \itemize; meant \describe ?
checkRd: (-1) calculate_CI_I_pp.Rd:17: Lost braces in \itemize; meant \describe ?
checkRd: (-1) calculate_CI_I_pp.Rd:18: Lost braces in \itemize; meant \describe ?
checkRd: (-1) calculate_I_mixed.Rd:23: Lost braces in \itemize; \value handles \item{}{} directly
checkRd: (-1) calculate_I_mixed.Rd:24: Lost braces in \itemize; \value handles \item{}{} directly
checkRd: (-1) calculate_I_mixed.Rd:25: Lost braces in \itemize; \value handles \item{}{} directly
checkRd: (-1) calculate_I_mixed.Rd:26: Lost braces in \itemize; \value handles \item{}{} directly
checkRd: (-1) calculate_I_mixed.Rd:27: Lost braces in \itemize; \value handles \item{}{} directly
checkRd: (-1) calculate_I_mixed.Rd:28: Lost braces in \itemize; \value handles \item{}{} directly
checkRd: (-1) calculate_I_mixed.Rd:29: Lost braces in \itemize; \value handles \item{}{} directly
checkRd: (-1) calculate_I_mixed.Rd:30: Lost braces in \itemize; \value handles \item{}{} directly
checkRd: (-1) calculate_I_rhame.Rd:22: Lost braces in \itemize; \value handles \item{}{} directly
checkRd: (-1) calculate_I_rhame.Rd:23: Lost braces in \itemize; \value handles \item{}{} directly
checkRd: (-1) calculate_I_rhame.Rd:24: Lost braces in \itemize; \value handles \item{}{} directly
checkRd: (-1) calculate_I_rhame.Rd:25: Lost braces in \itemize; \value handles \item{}{} directly
checkRd: (-1) calculate_I_rhame.Rd:26: Lost braces in \itemize; \value handles \item{}{} directly
checkRd: (-1) calculate_I_rhame.Rd:27: Lost braces in \itemize; \value handles \item{}{} directly
checkRd: (-1) calculate_I_rhame.Rd:28: Lost braces in \itemize; \value handles \item{}{} directly
checkRd: (-1) calculate_I_rhame.Rd:29: Lost braces in \itemize; \value handles \item{}{} directly
checkRd: (-1) calculate_I_smooth.Rd:27: Lost braces in \itemize; \value handles \item{}{} directly
checkRd: (-1) calculate_I_smooth.Rd:28: Lost braces in \itemize; \value handles \item{}{} directly
checkRd: (-1) calculate_I_smooth.Rd:29: Lost braces in \itemize; \value handles \item{}{} directly
checkRd: (-1) calculate_I_smooth.Rd:30: Lost braces in \itemize; \value handles \item{}{} directly
checkRd: (-1) calculate_I_smooth.Rd:31: Lost braces in \itemize; \value handles \item{}{} directly
checkRd: (-1) calculate_I_smooth.Rd:32: Lost braces in \itemize; \value handles \item{}{} directly
checkRd: (-1) calculate_I_smooth.Rd:33: Lost braces in \itemize; \value handles \item{}{} directly
checkRd: (-1) calculate_I_smooth.Rd:34: Lost braces in \itemize; \value handles \item{}{} directly
checkRd: (-1) simulate_incidence_stats.Rd:20: Lost braces; missing escapes or markup?
20 | \item{x.los - average length of stay x_{los}}
| ^
checkRd: (-1) simulate_incidence_stats.Rd:21: Lost braces; missing escapes or markup?
21 | \item{x.loi - average length of infection x_{loi}}
| ^
Flavors: r-devel-linux-x86_64-debian-clang, r-devel-linux-x86_64-debian-gcc, r-devel-linux-x86_64-fedora-clang, r-devel-linux-x86_64-fedora-gcc, r-devel-macos-arm64, r-devel-macos-x86_64, r-devel-windows-x86_64, r-patched-linux-x86_64, r-release-linux-x86_64, r-release-macos-arm64, r-release-macos-x86_64, r-release-windows-x86_64
Version: 0.12.0
Check: LazyData
Result: NOTE
'LazyData' is specified without a 'data' directory
Flavors: r-patched-linux-x86_64, r-release-linux-x86_64, r-release-macos-arm64, r-release-macos-x86_64, r-release-windows-x86_64, r-oldrel-macos-arm64, r-oldrel-macos-x86_64, r-oldrel-windows-x86_64
These binaries (installable software) and packages are in development.
They may not be fully stable and should be used with caution. We make no claims about them.
Health stats visible at Monitor.