CRAN Package Check Results for Package pref

Last updated on 2025-05-15 07:49:48 CEST.

Flavor Version Tinstall Tcheck Ttotal Status Flags
r-devel-linux-x86_64-debian-clang 0.4.0 3.88 36.48 40.36 NOTE
r-devel-linux-x86_64-debian-gcc 0.4.0 2.37 25.86 28.23 NOTE
r-devel-linux-x86_64-fedora-clang 0.4.0 63.13 OK
r-devel-linux-x86_64-fedora-gcc 0.4.0 58.84 OK
r-devel-windows-x86_64 0.4.0 4.00 56.00 60.00 OK
r-patched-linux-x86_64 0.4.0 3.41 33.75 37.16 OK
r-release-linux-x86_64 0.4.0 3.27 33.80 37.07 OK
r-release-macos-arm64 0.4.0 OK
r-release-macos-x86_64 0.4.0 48.00 OK
r-release-windows-x86_64 0.4.0 4.00 61.00 65.00 OK
r-oldrel-macos-arm64 0.4.0 20.00 OK
r-oldrel-macos-x86_64 0.4.0 28.00 OK
r-oldrel-windows-x86_64 0.4.0 4.00 56.00 60.00 OK

Check Details

Version: 0.4.0
Check: CRAN incoming feasibility
Result: NOTE Maintainer: ‘Denis Mollison <denis.mollison@gmail.com>’ The Description field contains (2023) <arXiv:2303.15310>, (see also the package manual Please refer to arXiv e-prints via their arXiv DOI <doi:10.48550/arXiv.YYMM.NNNNN>. Flavors: r-devel-linux-x86_64-debian-clang, r-devel-linux-x86_64-debian-gcc

These binaries (installable software) and packages are in development.
They may not be fully stable and should be used with caution. We make no claims about them.
Health stats visible at Monitor.