Last updated on 2025-02-23 15:49:53 CET.
Flavor | Version | Tinstall | Tcheck | Ttotal | Status | Flags |
---|---|---|---|---|---|---|
r-devel-linux-x86_64-debian-clang | 0.3.4 | 24.66 | 55.65 | 80.31 | NOTE | |
r-devel-linux-x86_64-debian-gcc | 0.3.4 | 19.39 | 40.66 | 60.05 | NOTE | |
r-devel-linux-x86_64-fedora-clang | 0.3.4 | 120.81 | NOTE | |||
r-devel-linux-x86_64-fedora-gcc | 0.3.4 | 125.62 | NOTE | |||
r-devel-macos-arm64 | 0.3.4 | 39.00 | NOTE | |||
r-devel-macos-x86_64 | 0.3.4 | 70.00 | NOTE | |||
r-devel-windows-x86_64 | 0.3.4 | 32.00 | 79.00 | 111.00 | NOTE | |
r-patched-linux-x86_64 | 0.3.4 | 25.70 | 53.25 | 78.95 | NOTE | |
r-release-linux-x86_64 | 0.3.4 | 26.71 | 52.82 | 79.53 | NOTE | |
r-release-macos-arm64 | 0.3.4 | 39.00 | NOTE | |||
r-release-macos-x86_64 | 0.3.4 | 55.00 | NOTE | |||
r-release-windows-x86_64 | 0.3.4 | 32.00 | 78.00 | 110.00 | NOTE | |
r-oldrel-macos-arm64 | 0.3.4 | 39.00 | OK | |||
r-oldrel-macos-x86_64 | 0.3.4 | 81.00 | OK | |||
r-oldrel-windows-x86_64 | 0.3.4 | 27.00 | 88.00 | 115.00 | OK |
Version: 0.3.4
Check: Rd files
Result: NOTE
checkRd: (-1) ccp_ppm.Rd:26: Lost braces; missing escapes or markup?
26 | \item{model}{Determines of model fit is such that there are p_{it}s (model=1) or
| ^
checkRd: (-1) curve_ppmx.Rd:145: Lost braces; missing escapes or markup?
145 | \item sig2 - a matrix of dimension (T, N) containing MCMC iterates associated with each subjects variance parameter (sigma2*_{c_i})
| ^
checkRd: (-1) gaussian_ppmx.Rd:143: Lost braces; missing escapes or markup?
143 | \item mu - a matrix of dimension (T, N) containing MCMC iterates associated with each subjects mean parameter (mu*_{c_i}).
| ^
checkRd: (-1) gaussian_ppmx.Rd:145: Lost braces; missing escapes or markup?
145 | \item sig2 - a matrix of dimension (T, N) containing MCMC iterates associated with each subjects variance parameter (sigma2*_{c_i})
| ^
checkRd: (-1) ordinal_ppmx.Rd:145: Lost braces; missing escapes or markup?
145 | \item mu - a matrix of dimension (T, N) containing MCMC iterates associated with each subjects mean parameter (mu*_{c_i}).
| ^
checkRd: (-1) ordinal_ppmx.Rd:147: Lost braces; missing escapes or markup?
147 | \item sig2 - a matrix of dimension (T, N) containing MCMC iterates associated with each sujbects variance parameter (sigma2*_{c_i})
| ^
Flavors: r-devel-linux-x86_64-debian-clang, r-devel-linux-x86_64-debian-gcc, r-devel-linux-x86_64-fedora-clang, r-devel-linux-x86_64-fedora-gcc, r-devel-macos-arm64, r-devel-macos-x86_64, r-devel-windows-x86_64, r-patched-linux-x86_64, r-release-linux-x86_64, r-release-macos-arm64, r-release-macos-x86_64, r-release-windows-x86_64
These binaries (installable software) and packages are in development.
They may not be fully stable and should be used with caution. We make no claims about them.
Health stats visible at Monitor.