CRAN Package Check Results for Package ppclust

Last updated on 2025-02-23 19:51:16 CET.

Flavor Version Tinstall Tcheck Ttotal Status Flags
r-devel-linux-x86_64-debian-clang 1.1.0.1 7.84 162.94 170.78 OK
r-devel-linux-x86_64-debian-gcc 1.1.0.1 6.13 106.52 112.65 OK
r-devel-linux-x86_64-fedora-clang 1.1.0.1 275.72 OK
r-devel-linux-x86_64-fedora-gcc 1.1.0.1 273.11 OK
r-devel-macos-arm64 1.1.0.1 65.00 OK
r-devel-macos-x86_64 1.1.0.1 116.00 ERROR
r-devel-windows-x86_64 1.1.0.1 11.00 154.00 165.00 OK
r-patched-linux-x86_64 1.1.0.1 10.39 152.35 162.74 OK
r-release-linux-x86_64 1.1.0.1 8.19 156.26 164.45 OK
r-release-macos-arm64 1.1.0.1 63.00 NOTE
r-release-macos-x86_64 1.1.0.1 127.00 NOTE
r-release-windows-x86_64 1.1.0.1 10.00 144.00 154.00 NOTE
r-oldrel-macos-arm64 1.1.0.1 70.00 NOTE
r-oldrel-macos-x86_64 1.1.0.1 168.00 NOTE
r-oldrel-windows-x86_64 1.1.0.1 13.00 187.00 200.00 NOTE

Check Details

Version: 1.1.0.1
Check: re-building of vignette outputs
Result: ERROR Error(s) in re-building vignettes: --- re-building ‘fcm.Rmd’ using rmarkdown Quitting from lines 45-48 [unnamed-chunk-3] (fcm.Rmd) Error: processing vignette 'fcm.Rmd' failed with diagnostics: there is no package called 'factoextra' --- failed re-building ‘fcm.Rmd’ --- re-building ‘upfc.Rmd’ using rmarkdown Quitting from lines 46-49 [unnamed-chunk-3] (upfc.Rmd) Error: processing vignette 'upfc.Rmd' failed with diagnostics: there is no package called 'factoextra' --- failed re-building ‘upfc.Rmd’ SUMMARY: processing the following files failed: ‘fcm.Rmd’ ‘upfc.Rmd’ Error: Vignette re-building failed. Execution halted Flavor: r-devel-macos-x86_64

Version: 1.1.0.1
Check: installed package size
Result: NOTE installed size is 6.7Mb sub-directories of 1Mb or more: doc 6.2Mb Flavors: r-release-macos-arm64, r-release-macos-x86_64, r-release-windows-x86_64, r-oldrel-macos-arm64, r-oldrel-macos-x86_64, r-oldrel-windows-x86_64

These binaries (installable software) and packages are in development.
They may not be fully stable and should be used with caution. We make no claims about them.
Health stats visible at Monitor.