Last updated on 2025-02-08 19:49:27 CET.
Flavor | Version | Tinstall | Tcheck | Ttotal | Status | Flags |
---|---|---|---|---|---|---|
r-devel-linux-x86_64-debian-clang | 1.0-6 | 3.34 | 43.67 | 47.01 | OK | |
r-devel-linux-x86_64-debian-gcc | 1.0-6 | 2.46 | 31.94 | 34.40 | OK | |
r-devel-linux-x86_64-fedora-clang | 1.0-6 | 75.09 | OK | |||
r-devel-linux-x86_64-fedora-gcc | 1.0-6 | 82.50 | OK | |||
r-devel-windows-x86_64 | 1.0-6 | 4.00 | 78.00 | 82.00 | OK | |
r-patched-linux-x86_64 | 1.0-6 | 3.31 | 40.39 | 43.70 | OK | |
r-release-linux-x86_64 | 1.0-6 | 3.04 | 40.69 | 43.73 | OK | |
r-release-macos-arm64 | 1.0-6 | 40.00 | OK | |||
r-release-macos-x86_64 | 1.0-6 | 45.00 | OK | |||
r-release-windows-x86_64 | 1.0-6 | 5.00 | 74.00 | 79.00 | OK | |
r-oldrel-macos-arm64 | 1.0-6 | 34.00 | OK | |||
r-oldrel-macos-x86_64 | 1.0-6 | 55.00 | NOTE | |||
r-oldrel-windows-x86_64 | 1.0-6 | 5.00 | 78.00 | 83.00 | OK |
Version: 1.0-6
Check: re-building of vignette outputs
Result: NOTE
Error(s) in re-building vignettes:
--- re-building ‘burkina-faso-females.Rnw’ using Sweave
Loading required package: coda
Loading required package: gdata
gdata: read.xls support for 'XLS' (Excel 97-2004) files
gdata: ENABLED.
gdata: read.xls support for 'XLSX' (Excel 2007+) files
gdata: ENABLED.
Attaching package: ‘gdata’
The following object is masked from ‘package:stats’:
nobs
The following object is masked from ‘package:utils’:
object.size
The following object is masked from ‘package:base’:
startsWith
Warning in type.convert.default(X[[i]], ...) :
'as.is' should be specified by the caller; using TRUE
Warning in type.convert.default(X[[i]], ...) :
'as.is' should be specified by the caller; using TRUE
Warning in type.convert.default(X[[i]], ...) :
'as.is' should be specified by the caller; using TRUE
Warning in type.convert.default(X[[i]], ...) :
'as.is' should be specified by the caller; using TRUE
Warning in type.convert.default(X[[i]], ...) :
'as.is' should be specified by the caller; using TRUE
Warning in type.convert.default(X[[i]], ...) :
'as.is' should be specified by the caller; using TRUE
Warning: Using `size` aesthetic for lines was deprecated in ggplot2 3.4.0.
ℹ Please use `linewidth` instead.
Warning in max(ids, na.rm = TRUE) :
no non-missing arguments to max; returning -Inf
Warning in max(ids, na.rm = TRUE) :
no non-missing arguments to max; returning -Inf
Warning in max(ids, na.rm = TRUE) :
no non-missing arguments to max; returning -Inf
Warning in max(ids, na.rm = TRUE) :
no non-missing arguments to max; returning -Inf
Warning in max(ids, na.rm = TRUE) :
no non-missing arguments to max; returning -Inf
Warning in max(ids, na.rm = TRUE) :
no non-missing arguments to max; returning -Inf
Warning in max(ids, na.rm = TRUE) :
no non-missing arguments to max; returning -Inf
Warning in max(ids, na.rm = TRUE) :
no non-missing arguments to max; returning -Inf
Warning in max(ids, na.rm = TRUE) :
no non-missing arguments to max; returning -Inf
Warning in type.convert.default(X[[i]], ...) :
'as.is' should be specified by the caller; using TRUE
Warning in type.convert.default(X[[i]], ...) :
'as.is' should be specified by the caller; using TRUE
Warning in type.convert.default(X[[i]], ...) :
'as.is' should be specified by the caller; using TRUE
Warning in type.convert.default(X[[i]], ...) :
'as.is' should be specified by the caller; using TRUE
Warning in type.convert.default(X[[i]], ...) :
'as.is' should be specified by the caller; using TRUE
Warning in type.convert.default(X[[i]], ...) :
'as.is' should be specified by the caller; using TRUE
Warning in max(ids, na.rm = TRUE) :
no non-missing arguments to max; returning -Inf
Warning in max(ids, na.rm = TRUE) :
no non-missing arguments to max; returning -Inf
Warning in max(ids, na.rm = TRUE) :
no non-missing arguments to max; returning -Inf
Warning in max(ids, na.rm = TRUE) :
no non-missing arguments to max; returning -Inf
Warning in max(ids, na.rm = TRUE) :
no non-missing arguments to max; returning -Inf
Warning in max(ids, na.rm = TRUE) :
no non-missing arguments to max; returning -Inf
Warning in max(ids, na.rm = TRUE) :
no non-missing arguments to max; returning -Inf
Warning in max(ids, na.rm = TRUE) :
no non-missing arguments to max; returning -Inf
Warning in max(ids, na.rm = TRUE) :
no non-missing arguments to max; returning -Inf
Warning in type.convert.default(X[[i]], ...) :
'as.is' should be specified by the caller; using TRUE
Warning in type.convert.default(X[[i]], ...) :
'as.is' should be specified by the caller; using TRUE
Warning in type.convert.default(X[[i]], ...) :
'as.is' should be specified by the caller; using TRUE
Warning in type.convert.default(X[[i]], ...) :
'as.is' should be specified by the caller; using TRUE
Warning in type.convert.default(X[[i]], ...) :
'as.is' should be specified by the caller; using TRUE
Warning in type.convert.default(X[[i]], ...) :
'as.is' should be specified by the caller; using TRUE
Warning in max(ids, na.rm = TRUE) :
no non-missing arguments to max; returning -Inf
Warning in max(ids, na.rm = TRUE) :
no non-missing arguments to max; returning -Inf
Warning in max(ids, na.rm = TRUE) :
no non-missing arguments to max; returning -Inf
Warning in max(ids, na.rm = TRUE) :
no non-missing arguments to max; returning -Inf
Warning in max(ids, na.rm = TRUE) :
no non-missing arguments to max; returning -Inf
Warning in max(ids, na.rm = TRUE) :
no non-missing arguments to max; returning -Inf
Warning in max(ids, na.rm = TRUE) :
no non-missing arguments to max; returning -Inf
Warning in max(ids, na.rm = TRUE) :
no non-missing arguments to max; returning -Inf
Warning in max(ids, na.rm = TRUE) :
no non-missing arguments to max; returning -Inf
Warning in type.convert.default(X[[i]], ...) :
'as.is' should be specified by the caller; using TRUE
Warning in type.convert.default(X[[i]], ...) :
'as.is' should be specified by the caller; using TRUE
Warning in type.convert.default(X[[i]], ...) :
'as.is' should be specified by the caller; using TRUE
Warning in type.convert.default(X[[i]], ...) :
'as.is' should be specified by the caller; using TRUE
Warning in type.convert.default(X[[i]], ...) :
'as.is' should be specified by the caller; using TRUE
Warning in type.convert.default(X[[i]], ...) :
'as.is' should be specified by the caller; using TRUE
Warning in max(ids, na.rm = TRUE) :
no non-missing arguments to max; returning -Inf
Warning in max(ids, na.rm = TRUE) :
no non-missing arguments to max; returning -Inf
Calculating life expectancy at birth ...
... done
Warning in max(ids, na.rm = TRUE) :
no non-missing arguments to max; returning -Inf
Calculating net number of migrants ...
... done
Warning in max(ids, na.rm = TRUE) :
no non-missing arguments to max; returning -Inf
Error: processing vignette 'burkina-faso-females.Rnw' failed with diagnostics:
Running 'texi2dvi' on 'burkina-faso-females.tex' failed.
LaTeX errors:
! LaTeX Error: File `pdfcolmk.sty' not found.
Type X to quit or <RETURN> to proceed,
or enter new name. (Default extension: sty)
! Emergency stop.
<read *>
l.270 \long
\def\@secondoffive#1#2#3#4#5{#2}^^M
! ==> Fatal error occurred, no output PDF file produced!
--- failed re-building ‘burkina-faso-females.Rnw’
SUMMARY: processing the following file failed:
‘burkina-faso-females.Rnw’
Error: Vignette re-building failed.
Execution halted
Flavor: r-oldrel-macos-x86_64
These binaries (installable software) and packages are in development.
They may not be fully stable and should be used with caution. We make no claims about them.
Health stats visible at Monitor.