Last updated on 2025-10-30 19:53:32 CET.
| Flavor | Version | Tinstall | Tcheck | Ttotal | Status | Flags | 
|---|---|---|---|---|---|---|
| r-devel-linux-x86_64-debian-clang | 1.2.5 | 45.14 | 390.07 | 435.21 | OK | |
| r-devel-linux-x86_64-debian-gcc | 1.2.5 | 38.24 | 235.41 | 273.65 | OK | |
| r-devel-linux-x86_64-fedora-clang | 1.2.5 | 65.00 | 653.83 | 718.83 | OK | |
| r-devel-linux-x86_64-fedora-gcc | 1.2.5 | 105.00 | 640.53 | 745.53 | OK | |
| r-devel-windows-x86_64 | 1.2.5 | 58.00 | 382.00 | 440.00 | OK | |
| r-patched-linux-x86_64 | 1.2.5 | 55.32 | 376.35 | 431.67 | OK | |
| r-release-linux-x86_64 | 1.2.5 | 50.36 | 378.12 | 428.48 | OK | |
| r-release-macos-arm64 | 1.2.5 | 22.00 | 159.00 | 181.00 | OK | |
| r-release-macos-x86_64 | 1.2.5 | 28.00 | 364.00 | 392.00 | OK | |
| r-release-windows-x86_64 | 1.2.5 | 57.00 | 380.00 | 437.00 | OK | |
| r-oldrel-macos-arm64 | 1.2.5 | 21.00 | 157.00 | 178.00 | NOTE | |
| r-oldrel-macos-x86_64 | 1.2.5 | 36.00 | 342.00 | 378.00 | OK | |
| r-oldrel-windows-x86_64 | 1.2.5 | 71.00 | 525.00 | 596.00 | OK | 
Version: 1.2.5
Check: installed package size
Result: NOTE
    installed size is  5.3Mb
    sub-directories of 1Mb or more:
      libs   3.6Mb
Flavor: r-oldrel-macos-arm64
These binaries (installable software) and packages are in development.
They may not be fully stable and should be used with caution. We make no claims about them.
Health stats visible at Monitor.