Last updated on 2025-10-09 20:04:16 CEST.
Flavor | Version | Tinstall | Tcheck | Ttotal | Status | Flags |
---|---|---|---|---|---|---|
r-devel-linux-x86_64-debian-clang | 0.1.6 | 5.69 | 65.56 | 71.25 | ERROR | |
r-devel-linux-x86_64-debian-gcc | 0.1.6 | 3.53 | 46.88 | 50.41 | ERROR | |
r-devel-linux-x86_64-fedora-clang | 0.1.6 | 106.10 | ERROR | |||
r-devel-linux-x86_64-fedora-gcc | 0.1.6 | 114.65 | ERROR | |||
r-devel-windows-x86_64 | 0.1.6 | 7.00 | 81.00 | 88.00 | ERROR | |
r-patched-linux-x86_64 | 0.1.6 | 5.82 | 58.84 | 64.66 | ERROR | |
r-release-linux-x86_64 | 0.1.6 | 5.72 | 58.85 | 64.57 | ERROR | |
r-release-macos-arm64 | 0.1.6 | 44.00 | OK | |||
r-release-macos-x86_64 | 0.1.6 | 72.00 | OK | |||
r-release-windows-x86_64 | 0.1.6 | 7.00 | 80.00 | 87.00 | ERROR | |
r-oldrel-macos-arm64 | 0.1.6 | 41.00 | OK | |||
r-oldrel-macos-x86_64 | 0.1.6 | 67.00 | OK | |||
r-oldrel-windows-x86_64 | 0.1.6 | 10.00 | 96.00 | 106.00 | ERROR |
Version: 0.1.6
Check: CRAN incoming feasibility
Result: NOTE
Maintainer: ‘John D. Johnson <john.d.johnson@marquette.edu>’
No Authors@R field in DESCRIPTION.
Please add one, modifying
Authors@R: person(given = c("John", "D."),
family = "Johnson",
role = c("aut", "cre"),
email = "john.d.johnson@marquette.edu")
as necessary.
Flavors: r-devel-linux-x86_64-debian-clang, r-devel-linux-x86_64-debian-gcc
Version: 0.1.6
Check: re-building of vignette outputs
Result: ERROR
Error(s) in re-building vignettes:
...
--- re-building ‘crosstab3way.Rmd’ using rmarkdown
Quitting from crosstab3way.Rmd:40-54 [unnamed-chunk-3]
~~~~~~~~~~~~~~~~~~~~~~~~~~~~~~~~~~~~~~~~~~~~~~~~~~~~~~~~~~~~~~~~~~~~~~~~~~~~~~~~
<error/rlang_error>
Error:
! <ggplot2::labels> object is invalid:
- every label must be named.
---
Backtrace:
▆
1. └─ggplot2::labs(...)
2. └─ggplot2::class_labels(args)
3. └─S7::new_object(labels)
4. └─S7::validate(object, recursive = !parent_validated)
~~~~~~~~~~~~~~~~~~~~~~~~~~~~~~~~~~~~~~~~~~~~~~~~~~~~~~~~~~~~~~~~~~~~~~~~~~~~~~~~
Error: processing vignette 'crosstab3way.Rmd' failed with diagnostics:
<ggplot2::labels> object is invalid:
- every label must be named.
--- failed re-building ‘crosstab3way.Rmd’
--- re-building ‘crosstabs.Rmd’ using rmarkdown
[WARNING] Deprecated: --highlight-style. Use --syntax-highlighting instead.
--- finished re-building ‘crosstabs.Rmd’
--- re-building ‘toplines.Rmd’ using rmarkdown
[WARNING] Deprecated: --highlight-style. Use --syntax-highlighting instead.
--- finished re-building ‘toplines.Rmd’
SUMMARY: processing the following file failed:
‘crosstab3way.Rmd’
Error: Vignette re-building failed.
Execution halted
Flavors: r-devel-linux-x86_64-debian-clang, r-devel-linux-x86_64-debian-gcc, r-patched-linux-x86_64, r-release-linux-x86_64
Version: 0.1.6
Check: re-building of vignette outputs
Result: ERROR
Error(s) in re-building vignettes:
--- re-building ‘crosstab3way.Rmd’ using rmarkdown
Quitting from crosstab3way.Rmd:40-54 [unnamed-chunk-3]
~~~~~~~~~~~~~~~~~~~~~~~~~~~~~~~~~~~~~~~~~~~~~~~~~~~~~~~~~~~~~~~~~~~~~~~~~~~~~~~~
<error/rlang_error>
Error:
! <ggplot2::labels> object is invalid:
- every label must be named.
---
Backtrace:
▆
1. └─ggplot2::labs(...)
2. └─ggplot2::class_labels(args)
3. └─S7::new_object(labels)
4. └─S7::validate(object, recursive = !parent_validated)
~~~~~~~~~~~~~~~~~~~~~~~~~~~~~~~~~~~~~~~~~~~~~~~~~~~~~~~~~~~~~~~~~~~~~~~~~~~~~~~~
Error: processing vignette 'crosstab3way.Rmd' failed with diagnostics:
<ggplot2::labels> object is invalid:
- every label must be named.
--- failed re-building ‘crosstab3way.Rmd’
--- re-building ‘crosstabs.Rmd’ using rmarkdown
[WARNING] Deprecated: --highlight-style. Use --syntax-highlighting instead.
--- finished re-building ‘crosstabs.Rmd’
--- re-building ‘toplines.Rmd’ using rmarkdown
[WARNING] Deprecated: --highlight-style. Use --syntax-highlighting instead.
--- finished re-building ‘toplines.Rmd’
SUMMARY: processing the following file failed:
‘crosstab3way.Rmd’
Error: Vignette re-building failed.
Execution halted
Flavors: r-devel-linux-x86_64-fedora-clang, r-devel-linux-x86_64-fedora-gcc
Version: 0.1.6
Check: re-building of vignette outputs
Result: ERROR
Error(s) in re-building vignettes:
--- re-building 'crosstab3way.Rmd' using rmarkdown
Quitting from crosstab3way.Rmd:40-54 [unnamed-chunk-3]
~~~~~~~~~~~~~~~~~~~~~~~~~~~~~~~~~~~~~~~~~~~~~~~~~~~~~~~~~~~~~~~~~~~~~~~~~~~~~~~~
<error/rlang_error>
Error:
! <ggplot2::labels> object is invalid:
- every label must be named.
---
Backtrace:
▆
1. └─ggplot2::labs(...)
2. └─ggplot2::class_labels(args)
3. └─S7::new_object(labels)
4. └─S7::validate(object, recursive = !parent_validated)
~~~~~~~~~~~~~~~~~~~~~~~~~~~~~~~~~~~~~~~~~~~~~~~~~~~~~~~~~~~~~~~~~~~~~~~~~~~~~~~~
Error: processing vignette 'crosstab3way.Rmd' failed with diagnostics:
<ggplot2::labels> object is invalid:
- every label must be named.
--- failed re-building 'crosstab3way.Rmd'
--- re-building 'crosstabs.Rmd' using rmarkdown
--- finished re-building 'crosstabs.Rmd'
--- re-building 'toplines.Rmd' using rmarkdown
--- finished re-building 'toplines.Rmd'
SUMMARY: processing the following file failed:
'crosstab3way.Rmd'
Error: Vignette re-building failed.
Execution halted
Flavors: r-devel-windows-x86_64, r-release-windows-x86_64, r-oldrel-windows-x86_64
These binaries (installable software) and packages are in development.
They may not be fully stable and should be used with caution. We make no claims about them.
Health stats visible at Monitor.