CRAN Package Check Results for Package poistweedie

Last updated on 2025-05-17 17:49:28 CEST.

Flavor Version Tinstall Tcheck Ttotal Status Flags
r-devel-linux-x86_64-debian-clang 1.0.2 2.88 21.31 24.19 NOTE
r-devel-linux-x86_64-debian-gcc 1.0.2 1.93 16.75 18.68 NOTE
r-devel-linux-x86_64-fedora-clang 1.0.2 38.59 OK
r-devel-linux-x86_64-fedora-gcc 1.0.2 35.79 OK
r-devel-windows-x86_64 1.0.2 4.00 39.00 43.00 OK
r-patched-linux-x86_64 1.0.2 2.91 20.46 23.37 OK
r-release-linux-x86_64 1.0.2 2.25 20.54 22.79 OK
r-release-macos-arm64 1.0.2 15.00 OK
r-release-macos-x86_64 1.0.2 27.00 OK
r-release-windows-x86_64 1.0.2 5.00 41.00 46.00 OK
r-oldrel-macos-arm64 1.0.2 15.00 OK
r-oldrel-macos-x86_64 1.0.2 23.00 OK
r-oldrel-windows-x86_64 1.0.2 3.00 39.00 42.00 OK

Check Details

Version: 1.0.2
Check: CRAN incoming feasibility
Result: NOTE Maintainer: ‘David Pechel Cactcha <davidpechel@uy1.uninet.cm>’ No Authors@R field in DESCRIPTION. Please add one, modifying Authors@R: c(person(given = c("David", "Pechel"), family = "Cactcha", role = c("aut", "cre"), email = "davidpechel@uy1.uninet.cm"), person(given = c("Laure", "Pauline"), family = "Fotso", role = "aut"), person(given = c("Celestin", "C"), family = "Kokonendji", role = "aut")) as necessary. Flavors: r-devel-linux-x86_64-debian-clang, r-devel-linux-x86_64-debian-gcc

These binaries (installable software) and packages are in development.
They may not be fully stable and should be used with caution. We make no claims about them.
Health stats visible at Monitor.