Last updated on 2025-10-30 19:53:32 CET.
| Flavor | Version | Tinstall | Tcheck | Ttotal | Status | Flags | 
|---|---|---|---|---|---|---|
| r-devel-linux-x86_64-debian-clang | 0.6.0 | 4.07 | 48.47 | 52.54 | OK | |
| r-devel-linux-x86_64-debian-gcc | 0.6.0 | 2.69 | 37.01 | 39.70 | OK | |
| r-devel-linux-x86_64-fedora-clang | 0.6.0 | 79.16 | OK | |||
| r-devel-linux-x86_64-fedora-gcc | 0.6.0 | 10.00 | 80.52 | 90.52 | OK | |
| r-devel-windows-x86_64 | 0.6.0 | 5.00 | 95.00 | 100.00 | OK | |
| r-patched-linux-x86_64 | 0.6.0 | 4.37 | 41.13 | 45.50 | ERROR | |
| r-release-linux-x86_64 | 0.6.0 | 2.41 | 45.02 | 47.43 | OK | |
| r-release-macos-arm64 | 0.6.0 | 2.00 | 35.00 | 37.00 | OK | |
| r-release-macos-x86_64 | 0.6.0 | 6.00 | 78.00 | 84.00 | OK | |
| r-release-windows-x86_64 | 0.6.0 | 6.00 | 72.00 | 78.00 | OK | |
| r-oldrel-macos-arm64 | 0.6.0 | 2.00 | 41.00 | 43.00 | OK | |
| r-oldrel-macos-x86_64 | 0.6.0 | 4.00 | 72.00 | 76.00 | OK | |
| r-oldrel-windows-x86_64 | 0.6.0 | 9.00 | 83.00 | 92.00 | OK | 
Version: 0.6.0
Check: examples
Result: ERROR
  Running examples in ‘pmetar-Ex.R’ failed
  The error most likely occurred in:
  
  > base::assign(".ptime", proc.time(), pos = "CheckExEnv")
  > ### Name: metar_get
  > ### Title: Get a current METAR report for an airport.
  > ### Aliases: metar_get
  > 
  > ### ** Examples
  > 
  > metar_get("EPWA")
  Getting airport informaiton from the file downloaded from
  http://ourairports.com/data/airports.csv
  created by David Megginson
  Getting information from Aviation Weather Center aviationweather.gov/data/metar/
  Error: httr2_failure: Error during request performing!
  Execution halted
Flavor: r-patched-linux-x86_64
Version: 0.6.0
Check: re-building of vignette outputs
Result: ERROR
  Error(s) in re-building vignettes:
    ...
  --- re-building ‘pmetar.Rmd’ using rmarkdown
  
  Quitting from pmetar.Rmd:40-44 [get a METAR report with ICAO code]
  ~~~~~~~~~~~~~~~~~~~~~~~~~~~~~~~~~~~~~~~~~~~~~~~~~~~~~~~~~~~~~~~~~~~~~~~~~~~~~~~~
  <error/rlang_error>
  Error:
  ! httr2_failure: Error during request performing!
  ---
  Backtrace:
      ▆
   1. └─pmetar::metar_get("EPWA")
   2.   └─pmetar (local) answer_POST(link)
   3.     └─base::tryCatch(...)
   4.       └─base (local) tryCatchList(expr, classes, parentenv, handlers)
   5.         ├─base (local) tryCatchOne(...)
   6.         │ └─base (local) doTryCatch(return(expr), name, parentenv, handler)
   7.         └─base (local) tryCatchList(expr, names[-nh], parentenv, handlers[-nh])
   8.           └─base (local) tryCatchOne(expr, names, parentenv, handlers[[1L]])
   9.             └─value[[3L]](cond)
  ~~~~~~~~~~~~~~~~~~~~~~~~~~~~~~~~~~~~~~~~~~~~~~~~~~~~~~~~~~~~~~~~~~~~~~~~~~~~~~~~
  
  Error: processing vignette 'pmetar.Rmd' failed with diagnostics:
  httr2_failure: Error during request performing!
  --- failed re-building ‘pmetar.Rmd’
  
  SUMMARY: processing the following file failed:
    ‘pmetar.Rmd’
  
  Error: Vignette re-building failed.
  Execution halted
Flavor: r-patched-linux-x86_64
These binaries (installable software) and packages are in development.
They may not be fully stable and should be used with caution. We make no claims about them.
Health stats visible at Monitor.