Last updated on 2025-10-09 23:51:21 CEST.
Flavor | Version | Tinstall | Tcheck | Ttotal | Status | Flags |
---|---|---|---|---|---|---|
r-devel-linux-x86_64-debian-clang | 2.5.0 | 81.53 | 209.46 | 290.99 | WARN | |
r-devel-linux-x86_64-debian-gcc | 2.5.0 | 53.36 | 134.12 | 187.48 | WARN | |
r-devel-linux-x86_64-fedora-clang | 2.5.0 | 475.84 | WARN | |||
r-devel-linux-x86_64-fedora-gcc | 2.5.0 | 447.80 | WARN | |||
r-devel-windows-x86_64 | 2.5.0 | 90.00 | 248.00 | 338.00 | WARN | |
r-patched-linux-x86_64 | 2.5.0 | 80.17 | 195.44 | 275.61 | WARN | |
r-release-linux-x86_64 | 2.5.0 | 79.28 | 196.42 | 275.70 | WARN | |
r-release-macos-arm64 | 2.5.0 | 99.00 | OK | |||
r-release-macos-x86_64 | 2.5.0 | 192.00 | OK | |||
r-release-windows-x86_64 | 2.5.0 | 96.00 | 247.00 | 343.00 | WARN | |
r-oldrel-macos-arm64 | 2.5.0 | 104.00 | NOTE | |||
r-oldrel-macos-x86_64 | 2.5.0 | 227.00 | NOTE | |||
r-oldrel-windows-x86_64 | 2.5.0 | 120.00 | 309.00 | 429.00 | WARN |
Version: 2.5.0
Check: whether package can be installed
Result: WARN
Found the following significant warnings:
imd_anova.cpp:450:43: warning: 'from<double, arma::eOp<arma::Glue<arma::Op<arma::Col<double>, arma::op_htrans>, arma::Col<double>, arma::glue_times>, arma::eop_scalar_div_post>>' is deprecated: replace conv_to<...>::from(X) with as_scalar(X) [-Wdeprecated-declarations]
imd_anova.cpp:464:44: warning: 'from<double, arma::eOp<arma::Glue<arma::Op<arma::Col<double>, arma::op_htrans>, arma::Col<double>, arma::glue_times>, arma::eop_scalar_div_post>>' is deprecated: replace conv_to<...>::from(X) with as_scalar(X) [-Wdeprecated-declarations]
imd_anova.cpp:478:43: warning: 'from<double, arma::eOp<arma::Glue<arma::Op<arma::Col<double>, arma::op_htrans>, arma::Col<double>, arma::glue_times>, arma::eop_scalar_div_post>>' is deprecated: replace conv_to<...>::from(X) with as_scalar(X) [-Wdeprecated-declarations]
imd_anova.cpp:491:46: warning: 'from<double, arma::eOp<arma::Glue<arma::Op<arma::Col<double>, arma::op_htrans>, arma::Col<double>, arma::glue_times>, arma::eop_scalar_div_post>>' is deprecated: replace conv_to<...>::from(X) with as_scalar(X) [-Wdeprecated-declarations]
imd_anova.cpp:670:17: warning: 'is_finite<double>' is deprecated: change arma::is_finite(val) to std::isfinite(val) [-Wdeprecated-declarations]
See ‘/home/hornik/tmp/R.check/r-devel-clang/Work/PKGS/pmartR.Rcheck/00install.out’ for details.
* used C++ compiler: ‘Debian clang version 19.1.7 (7)’
Flavor: r-devel-linux-x86_64-debian-clang
Version: 2.5.0
Check: whether package can be installed
Result: WARN
Found the following significant warnings:
imd_anova.cpp:450:47: warning: ‘static out_eT arma::conv_to<out_eT>::from(const arma::Base<eT2, expr>&, const typename arma::arma_not_cx<in_eT>::result*) [with in_eT = double; T1 = arma::eOp<arma::Glue<arma::Op<arma::Col<double>, arma::op_htrans>, arma::Col<double>, arma::glue_times>, arma::eop_scalar_div_post>; out_eT = double; typename arma::arma_not_cx<in_eT>::result = double]’ is deprecated: replace conv_to<...>::from(X) with as_scalar(X) [-Wdeprecated-declarations]
imd_anova.cpp:464:48: warning: ‘static out_eT arma::conv_to<out_eT>::from(const arma::Base<eT2, expr>&, const typename arma::arma_not_cx<in_eT>::result*) [with in_eT = double; T1 = arma::eOp<arma::Glue<arma::Op<arma::Col<double>, arma::op_htrans>, arma::Col<double>, arma::glue_times>, arma::eop_scalar_div_post>; out_eT = double; typename arma::arma_not_cx<in_eT>::result = double]’ is deprecated: replace conv_to<...>::from(X) with as_scalar(X) [-Wdeprecated-declarations]
imd_anova.cpp:478:47: warning: ‘static out_eT arma::conv_to<out_eT>::from(const arma::Base<eT2, expr>&, const typename arma::arma_not_cx<in_eT>::result*) [with in_eT = double; T1 = arma::eOp<arma::Glue<arma::Op<arma::Col<double>, arma::op_htrans>, arma::Col<double>, arma::glue_times>, arma::eop_scalar_div_post>; out_eT = double; typename arma::arma_not_cx<in_eT>::result = double]’ is deprecated: replace conv_to<...>::from(X) with as_scalar(X) [-Wdeprecated-declarations]
imd_anova.cpp:491:50: warning: ‘static out_eT arma::conv_to<out_eT>::from(const arma::Base<eT2, expr>&, const typename arma::arma_not_cx<in_eT>::result*) [with in_eT = double; T1 = arma::eOp<arma::Glue<arma::Op<arma::Col<double>, arma::op_htrans>, arma::Col<double>, arma::glue_times>, arma::eop_scalar_div_post>; out_eT = double; typename arma::arma_not_cx<in_eT>::result = double]’ is deprecated: replace conv_to<...>::from(X) with as_scalar(X) [-Wdeprecated-declarations]
imd_anova.cpp:670:26: warning: ‘bool arma::is_finite(eT, const typename arma_scalar_only<T>::result*) [with eT = double; typename arma_scalar_only<T>::result = double]’ is deprecated: change arma::is_finite(val) to std::isfinite(val) [-Wdeprecated-declarations]
See ‘/home/hornik/tmp/R.check/r-devel-gcc/Work/PKGS/pmartR.Rcheck/00install.out’ for details.
* used C++ compiler: ‘g++-15 (Debian 15.2.0-4) 15.2.0’
Flavor: r-devel-linux-x86_64-debian-gcc
Version: 2.5.0
Check: whether package can be installed
Result: WARN
Found the following significant warnings:
imd_anova.cpp:450:43: warning: 'from<double, arma::eOp<arma::Glue<arma::Op<arma::Col<double>, arma::op_htrans>, arma::Col<double>, arma::glue_times>, arma::eop_scalar_div_post>>' is deprecated: replace conv_to<...>::from(X) with as_scalar(X) [-Wdeprecated-declarations]
imd_anova.cpp:464:44: warning: 'from<double, arma::eOp<arma::Glue<arma::Op<arma::Col<double>, arma::op_htrans>, arma::Col<double>, arma::glue_times>, arma::eop_scalar_div_post>>' is deprecated: replace conv_to<...>::from(X) with as_scalar(X) [-Wdeprecated-declarations]
imd_anova.cpp:478:43: warning: 'from<double, arma::eOp<arma::Glue<arma::Op<arma::Col<double>, arma::op_htrans>, arma::Col<double>, arma::glue_times>, arma::eop_scalar_div_post>>' is deprecated: replace conv_to<...>::from(X) with as_scalar(X) [-Wdeprecated-declarations]
imd_anova.cpp:491:46: warning: 'from<double, arma::eOp<arma::Glue<arma::Op<arma::Col<double>, arma::op_htrans>, arma::Col<double>, arma::glue_times>, arma::eop_scalar_div_post>>' is deprecated: replace conv_to<...>::from(X) with as_scalar(X) [-Wdeprecated-declarations]
imd_anova.cpp:670:17: warning: 'is_finite<double>' is deprecated: change arma::is_finite(val) to std::isfinite(val) [-Wdeprecated-declarations]
See ‘/data/gannet/ripley/R/packages/tests-clang/pmartR.Rcheck/00install.out’ for details.
* used C++ compiler: ‘clang version 21.1.2’
Flavor: r-devel-linux-x86_64-fedora-clang
Version: 2.5.0
Check: whether package can be installed
Result: WARN
Found the following significant warnings:
imd_anova.cpp:450:47: warning: ‘static out_eT arma::conv_to<out_eT>::from(const arma::Base<eT2, expr>&, const typename arma::arma_not_cx<in_eT>::result*) [with in_eT = double; T1 = arma::eOp<arma::Glue<arma::Op<arma::Col<double>, arma::op_htrans>, arma::Col<double>, arma::glue_times>, arma::eop_scalar_div_post>; out_eT = double; typename arma::arma_not_cx<in_eT>::result = double]’ is deprecated: replace conv_to<...>::from(X) with as_scalar(X) [-Wdeprecated-declarations]
imd_anova.cpp:464:48: warning: ‘static out_eT arma::conv_to<out_eT>::from(const arma::Base<eT2, expr>&, const typename arma::arma_not_cx<in_eT>::result*) [with in_eT = double; T1 = arma::eOp<arma::Glue<arma::Op<arma::Col<double>, arma::op_htrans>, arma::Col<double>, arma::glue_times>, arma::eop_scalar_div_post>; out_eT = double; typename arma::arma_not_cx<in_eT>::result = double]’ is deprecated: replace conv_to<...>::from(X) with as_scalar(X) [-Wdeprecated-declarations]
imd_anova.cpp:478:47: warning: ‘static out_eT arma::conv_to<out_eT>::from(const arma::Base<eT2, expr>&, const typename arma::arma_not_cx<in_eT>::result*) [with in_eT = double; T1 = arma::eOp<arma::Glue<arma::Op<arma::Col<double>, arma::op_htrans>, arma::Col<double>, arma::glue_times>, arma::eop_scalar_div_post>; out_eT = double; typename arma::arma_not_cx<in_eT>::result = double]’ is deprecated: replace conv_to<...>::from(X) with as_scalar(X) [-Wdeprecated-declarations]
imd_anova.cpp:491:50: warning: ‘static out_eT arma::conv_to<out_eT>::from(const arma::Base<eT2, expr>&, const typename arma::arma_not_cx<in_eT>::result*) [with in_eT = double; T1 = arma::eOp<arma::Glue<arma::Op<arma::Col<double>, arma::op_htrans>, arma::Col<double>, arma::glue_times>, arma::eop_scalar_div_post>; out_eT = double; typename arma::arma_not_cx<in_eT>::result = double]’ is deprecated: replace conv_to<...>::from(X) with as_scalar(X) [-Wdeprecated-declarations]
imd_anova.cpp:670:26: warning: ‘bool arma::is_finite(eT, const typename arma_scalar_only<T>::result*) [with eT = double; typename arma_scalar_only<T>::result = double]’ is deprecated: change arma::is_finite(val) to std::isfinite(val) [-Wdeprecated-declarations]
See ‘/data/gannet/ripley/R/packages/tests-devel/pmartR.Rcheck/00install.out’ for details.
* used C++ compiler: ‘g++ (GCC) 15.1.1 20250521 (Red Hat 15.1.1-2)’
Flavor: r-devel-linux-x86_64-fedora-gcc
Version: 2.5.0
Check: whether package can be installed
Result: WARN
Found the following significant warnings:
imd_anova.cpp:450:47: warning: 'static out_eT arma::conv_to<out_eT>::from(const arma::Base<eT2, expr>&, const typename arma::arma_not_cx<in_eT>::result*) [with in_eT = double; T1 = arma::eOp<arma::Glue<arma::Op<arma::Col<double>, arma::op_htrans>, arma::Col<double>, arma::glue_times>, arma::eop_scalar_div_post>; out_eT = double; typename arma::arma_not_cx<in_eT>::result = double]' is deprecated: replace conv_to<...>::from(X) with as_scalar(X) [-Wdeprecated-declarations]
imd_anova.cpp:464:48: warning: 'static out_eT arma::conv_to<out_eT>::from(const arma::Base<eT2, expr>&, const typename arma::arma_not_cx<in_eT>::result*) [with in_eT = double; T1 = arma::eOp<arma::Glue<arma::Op<arma::Col<double>, arma::op_htrans>, arma::Col<double>, arma::glue_times>, arma::eop_scalar_div_post>; out_eT = double; typename arma::arma_not_cx<in_eT>::result = double]' is deprecated: replace conv_to<...>::from(X) with as_scalar(X) [-Wdeprecated-declarations]
imd_anova.cpp:478:47: warning: 'static out_eT arma::conv_to<out_eT>::from(const arma::Base<eT2, expr>&, const typename arma::arma_not_cx<in_eT>::result*) [with in_eT = double; T1 = arma::eOp<arma::Glue<arma::Op<arma::Col<double>, arma::op_htrans>, arma::Col<double>, arma::glue_times>, arma::eop_scalar_div_post>; out_eT = double; typename arma::arma_not_cx<in_eT>::result = double]' is deprecated: replace conv_to<...>::from(X) with as_scalar(X) [-Wdeprecated-declarations]
imd_anova.cpp:491:50: warning: 'static out_eT arma::conv_to<out_eT>::from(const arma::Base<eT2, expr>&, const typename arma::arma_not_cx<in_eT>::result*) [with in_eT = double; T1 = arma::eOp<arma::Glue<arma::Op<arma::Col<double>, arma::op_htrans>, arma::Col<double>, arma::glue_times>, arma::eop_scalar_div_post>; out_eT = double; typename arma::arma_not_cx<in_eT>::result = double]' is deprecated: replace conv_to<...>::from(X) with as_scalar(X) [-Wdeprecated-declarations]
imd_anova.cpp:670:26: warning: 'bool arma::is_finite(eT, const typename arma_scalar_only<eT>::result*) [with eT = double; typename arma_scalar_only<eT>::result = double]' is deprecated: change arma::is_finite(val) to std::isfinite(val) [-Wdeprecated-declarations]
See 'd:/Rcompile/CRANpkg/local/4.6/pmartR.Rcheck/00install.out' for details.
* used C++ compiler: 'g++.exe (GCC) 14.2.0'
Flavor: r-devel-windows-x86_64
Version: 2.5.0
Check: whether package can be installed
Result: WARN
Found the following significant warnings:
imd_anova.cpp:450:47: warning: ‘static out_eT arma::conv_to<out_eT>::from(const arma::Base<eT2, expr>&, const typename arma::arma_not_cx<in_eT>::result*) [with in_eT = double; T1 = arma::eOp<arma::Glue<arma::Op<arma::Col<double>, arma::op_htrans>, arma::Col<double>, arma::glue_times>, arma::eop_scalar_div_post>; out_eT = double; typename arma::arma_not_cx<in_eT>::result = double]’ is deprecated: replace conv_to<...>::from(X) with as_scalar(X) [-Wdeprecated-declarations]
imd_anova.cpp:464:48: warning: ‘static out_eT arma::conv_to<out_eT>::from(const arma::Base<eT2, expr>&, const typename arma::arma_not_cx<in_eT>::result*) [with in_eT = double; T1 = arma::eOp<arma::Glue<arma::Op<arma::Col<double>, arma::op_htrans>, arma::Col<double>, arma::glue_times>, arma::eop_scalar_div_post>; out_eT = double; typename arma::arma_not_cx<in_eT>::result = double]’ is deprecated: replace conv_to<...>::from(X) with as_scalar(X) [-Wdeprecated-declarations]
imd_anova.cpp:478:47: warning: ‘static out_eT arma::conv_to<out_eT>::from(const arma::Base<eT2, expr>&, const typename arma::arma_not_cx<in_eT>::result*) [with in_eT = double; T1 = arma::eOp<arma::Glue<arma::Op<arma::Col<double>, arma::op_htrans>, arma::Col<double>, arma::glue_times>, arma::eop_scalar_div_post>; out_eT = double; typename arma::arma_not_cx<in_eT>::result = double]’ is deprecated: replace conv_to<...>::from(X) with as_scalar(X) [-Wdeprecated-declarations]
imd_anova.cpp:491:50: warning: ‘static out_eT arma::conv_to<out_eT>::from(const arma::Base<eT2, expr>&, const typename arma::arma_not_cx<in_eT>::result*) [with in_eT = double; T1 = arma::eOp<arma::Glue<arma::Op<arma::Col<double>, arma::op_htrans>, arma::Col<double>, arma::glue_times>, arma::eop_scalar_div_post>; out_eT = double; typename arma::arma_not_cx<in_eT>::result = double]’ is deprecated: replace conv_to<...>::from(X) with as_scalar(X) [-Wdeprecated-declarations]
imd_anova.cpp:670:26: warning: ‘bool arma::is_finite(eT, const typename arma_scalar_only<eT>::result*) [with eT = double; typename arma_scalar_only<eT>::result = double]’ is deprecated: change arma::is_finite(val) to std::isfinite(val) [-Wdeprecated-declarations]
See ‘/home/hornik/tmp/R.check/r-patched-gcc/Work/PKGS/pmartR.Rcheck/00install.out’ for details.
* used C++ compiler: ‘g++-14 (Debian 14.3.0-8) 14.3.0’
Flavor: r-patched-linux-x86_64
Version: 2.5.0
Check: whether package can be installed
Result: WARN
Found the following significant warnings:
imd_anova.cpp:450:47: warning: ‘static out_eT arma::conv_to<out_eT>::from(const arma::Base<eT2, expr>&, const typename arma::arma_not_cx<in_eT>::result*) [with in_eT = double; T1 = arma::eOp<arma::Glue<arma::Op<arma::Col<double>, arma::op_htrans>, arma::Col<double>, arma::glue_times>, arma::eop_scalar_div_post>; out_eT = double; typename arma::arma_not_cx<in_eT>::result = double]’ is deprecated: replace conv_to<...>::from(X) with as_scalar(X) [-Wdeprecated-declarations]
imd_anova.cpp:464:48: warning: ‘static out_eT arma::conv_to<out_eT>::from(const arma::Base<eT2, expr>&, const typename arma::arma_not_cx<in_eT>::result*) [with in_eT = double; T1 = arma::eOp<arma::Glue<arma::Op<arma::Col<double>, arma::op_htrans>, arma::Col<double>, arma::glue_times>, arma::eop_scalar_div_post>; out_eT = double; typename arma::arma_not_cx<in_eT>::result = double]’ is deprecated: replace conv_to<...>::from(X) with as_scalar(X) [-Wdeprecated-declarations]
imd_anova.cpp:478:47: warning: ‘static out_eT arma::conv_to<out_eT>::from(const arma::Base<eT2, expr>&, const typename arma::arma_not_cx<in_eT>::result*) [with in_eT = double; T1 = arma::eOp<arma::Glue<arma::Op<arma::Col<double>, arma::op_htrans>, arma::Col<double>, arma::glue_times>, arma::eop_scalar_div_post>; out_eT = double; typename arma::arma_not_cx<in_eT>::result = double]’ is deprecated: replace conv_to<...>::from(X) with as_scalar(X) [-Wdeprecated-declarations]
imd_anova.cpp:491:50: warning: ‘static out_eT arma::conv_to<out_eT>::from(const arma::Base<eT2, expr>&, const typename arma::arma_not_cx<in_eT>::result*) [with in_eT = double; T1 = arma::eOp<arma::Glue<arma::Op<arma::Col<double>, arma::op_htrans>, arma::Col<double>, arma::glue_times>, arma::eop_scalar_div_post>; out_eT = double; typename arma::arma_not_cx<in_eT>::result = double]’ is deprecated: replace conv_to<...>::from(X) with as_scalar(X) [-Wdeprecated-declarations]
imd_anova.cpp:670:26: warning: ‘bool arma::is_finite(eT, const typename arma_scalar_only<eT>::result*) [with eT = double; typename arma_scalar_only<eT>::result = double]’ is deprecated: change arma::is_finite(val) to std::isfinite(val) [-Wdeprecated-declarations]
See ‘/home/hornik/tmp/R.check/r-release-gcc/Work/PKGS/pmartR.Rcheck/00install.out’ for details.
* used C++ compiler: ‘g++-14 (Debian 14.3.0-8) 14.3.0’
Flavor: r-release-linux-x86_64
Version: 2.5.0
Check: whether package can be installed
Result: WARN
Found the following significant warnings:
imd_anova.cpp:450:47: warning: 'static out_eT arma::conv_to<out_eT>::from(const arma::Base<eT2, expr>&, const typename arma::arma_not_cx<in_eT>::result*) [with in_eT = double; T1 = arma::eOp<arma::Glue<arma::Op<arma::Col<double>, arma::op_htrans>, arma::Col<double>, arma::glue_times>, arma::eop_scalar_div_post>; out_eT = double; typename arma::arma_not_cx<in_eT>::result = double]' is deprecated: replace conv_to<...>::from(X) with as_scalar(X) [-Wdeprecated-declarations]
imd_anova.cpp:464:48: warning: 'static out_eT arma::conv_to<out_eT>::from(const arma::Base<eT2, expr>&, const typename arma::arma_not_cx<in_eT>::result*) [with in_eT = double; T1 = arma::eOp<arma::Glue<arma::Op<arma::Col<double>, arma::op_htrans>, arma::Col<double>, arma::glue_times>, arma::eop_scalar_div_post>; out_eT = double; typename arma::arma_not_cx<in_eT>::result = double]' is deprecated: replace conv_to<...>::from(X) with as_scalar(X) [-Wdeprecated-declarations]
imd_anova.cpp:478:47: warning: 'static out_eT arma::conv_to<out_eT>::from(const arma::Base<eT2, expr>&, const typename arma::arma_not_cx<in_eT>::result*) [with in_eT = double; T1 = arma::eOp<arma::Glue<arma::Op<arma::Col<double>, arma::op_htrans>, arma::Col<double>, arma::glue_times>, arma::eop_scalar_div_post>; out_eT = double; typename arma::arma_not_cx<in_eT>::result = double]' is deprecated: replace conv_to<...>::from(X) with as_scalar(X) [-Wdeprecated-declarations]
imd_anova.cpp:491:50: warning: 'static out_eT arma::conv_to<out_eT>::from(const arma::Base<eT2, expr>&, const typename arma::arma_not_cx<in_eT>::result*) [with in_eT = double; T1 = arma::eOp<arma::Glue<arma::Op<arma::Col<double>, arma::op_htrans>, arma::Col<double>, arma::glue_times>, arma::eop_scalar_div_post>; out_eT = double; typename arma::arma_not_cx<in_eT>::result = double]' is deprecated: replace conv_to<...>::from(X) with as_scalar(X) [-Wdeprecated-declarations]
imd_anova.cpp:670:26: warning: 'bool arma::is_finite(eT, const typename arma_scalar_only<eT>::result*) [with eT = double; typename arma_scalar_only<eT>::result = double]' is deprecated: change arma::is_finite(val) to std::isfinite(val) [-Wdeprecated-declarations]
See 'd:/Rcompile/CRANpkg/local/4.5/pmartR.Rcheck/00install.out' for details.
* used C++ compiler: 'g++.exe (GCC) 14.2.0'
Flavor: r-release-windows-x86_64
Version: 2.5.0
Check: package dependencies
Result: NOTE
Package suggested but not available for checking: ‘pmartRdata’
Flavors: r-oldrel-macos-arm64, r-oldrel-macos-x86_64, r-oldrel-windows-x86_64
Version: 2.5.0
Check: installed package size
Result: NOTE
installed size is 7.6Mb
sub-directories of 1Mb or more:
libs 5.0Mb
Flavors: r-oldrel-macos-arm64, r-oldrel-macos-x86_64
Version: 2.5.0
Check: whether package can be installed
Result: WARN
Found the following significant warnings:
imd_anova.cpp:450:47: warning: 'static out_eT arma::conv_to<out_eT>::from(const arma::Base<eT2, expr>&, const typename arma::arma_not_cx<in_eT>::result*) [with in_eT = double; T1 = arma::eOp<arma::Glue<arma::Op<arma::Col<double>, arma::op_htrans>, arma::Col<double>, arma::glue_times>, arma::eop_scalar_div_post>; out_eT = double; typename arma::arma_not_cx<in_eT>::result = double]' is deprecated: replace conv_to<...>::from(X) with as_scalar(X) [-Wdeprecated-declarations]
imd_anova.cpp:464:48: warning: 'static out_eT arma::conv_to<out_eT>::from(const arma::Base<eT2, expr>&, const typename arma::arma_not_cx<in_eT>::result*) [with in_eT = double; T1 = arma::eOp<arma::Glue<arma::Op<arma::Col<double>, arma::op_htrans>, arma::Col<double>, arma::glue_times>, arma::eop_scalar_div_post>; out_eT = double; typename arma::arma_not_cx<in_eT>::result = double]' is deprecated: replace conv_to<...>::from(X) with as_scalar(X) [-Wdeprecated-declarations]
imd_anova.cpp:478:47: warning: 'static out_eT arma::conv_to<out_eT>::from(const arma::Base<eT2, expr>&, const typename arma::arma_not_cx<in_eT>::result*) [with in_eT = double; T1 = arma::eOp<arma::Glue<arma::Op<arma::Col<double>, arma::op_htrans>, arma::Col<double>, arma::glue_times>, arma::eop_scalar_div_post>; out_eT = double; typename arma::arma_not_cx<in_eT>::result = double]' is deprecated: replace conv_to<...>::from(X) with as_scalar(X) [-Wdeprecated-declarations]
imd_anova.cpp:491:50: warning: 'static out_eT arma::conv_to<out_eT>::from(const arma::Base<eT2, expr>&, const typename arma::arma_not_cx<in_eT>::result*) [with in_eT = double; T1 = arma::eOp<arma::Glue<arma::Op<arma::Col<double>, arma::op_htrans>, arma::Col<double>, arma::glue_times>, arma::eop_scalar_div_post>; out_eT = double; typename arma::arma_not_cx<in_eT>::result = double]' is deprecated: replace conv_to<...>::from(X) with as_scalar(X) [-Wdeprecated-declarations]
imd_anova.cpp:670:26: warning: 'bool arma::is_finite(eT, const typename arma_scalar_only<eT>::result*) [with eT = double; typename arma_scalar_only<eT>::result = double]' is deprecated: change arma::is_finite(val) to std::isfinite(val) [-Wdeprecated-declarations]
See 'd:/Rcompile/CRANpkg/local/4.4/pmartR.Rcheck/00install.out' for details.
* used C++ compiler: 'g++.exe (GCC) 13.3.0'
Flavor: r-oldrel-windows-x86_64
These binaries (installable software) and packages are in development.
They may not be fully stable and should be used with caution. We make no claims about them.
Health stats visible at Monitor.