Last updated on 2025-10-31 23:49:19 CET.
| Flavor | Version | Tinstall | Tcheck | Ttotal | Status | Flags | 
|---|---|---|---|---|---|---|
| r-devel-linux-x86_64-debian-clang | 3.8-4 | 13.51 | 98.00 | 111.51 | NOTE | |
| r-devel-linux-x86_64-debian-gcc | 3.8-4 | 8.58 | 64.16 | 72.74 | NOTE | |
| r-devel-linux-x86_64-fedora-clang | 3.8-4 | 31.00 | 139.76 | 170.76 | OK | |
| r-devel-linux-x86_64-fedora-gcc | 3.8-4 | 34.00 | 130.10 | 164.10 | OK | |
| r-devel-windows-x86_64 | 3.8-4 | 17.00 | 131.00 | 148.00 | OK | |
| r-patched-linux-x86_64 | 3.8-4 | 19.65 | 93.56 | 113.21 | OK | |
| r-release-linux-x86_64 | 3.8-4 | 11.74 | 93.35 | 105.09 | OK | |
| r-release-macos-arm64 | 3.8-4 | 6.00 | 37.00 | 43.00 | OK | |
| r-release-macos-x86_64 | 3.8-4 | 19.00 | 75.00 | 94.00 | OK | |
| r-release-windows-x86_64 | 3.8-4 | 21.00 | 142.00 | 163.00 | OK | |
| r-oldrel-macos-arm64 | 3.8-4 | 6.00 | 36.00 | 42.00 | OK | |
| r-oldrel-macos-x86_64 | 3.8-4 | 10.00 | 63.00 | 73.00 | OK | |
| r-oldrel-windows-x86_64 | 3.8-4 | 21.00 | 126.00 | 147.00 | OK | 
Version: 3.8-4
Check: CRAN incoming feasibility
Result: NOTE
  Maintainer: ‘Duncan Murdoch <murdoch.duncan@gmail.com>’
  
  No Authors@R field in DESCRIPTION.
  Please add one, modifying
    Authors@R: c(person(given = "Jim",
                        family = "Lemon",
                        role = "aut"),
                 person(given = "Ben",
                        family = "Bolker",
                        role = "aut"),
                 person(given = "Sander",
                        family = "Oom",
                        role = "aut"),
                 person(given = "Eduardo",
                        family = "Klein",
                        role = "aut"),
                 person(given = "Barry",
                        family = "Rowlingson",
                        role = "aut"),
                 person(given = "Hadley",
                        family = "Wickham",
                        role = "aut"),
                 person(given = "Anupam",
                        family = "Tyagi",
                        role = "aut"),
                 person(given = "Olivier",
                        family = "Eterradossi",
                        role = "aut"),
                 person(given = "Gabor",
                        family = "Grothendieck",
                        role = "aut"),
                 person(given = "Michael",
                        family = "Toews",
                        role = "aut"),
                 person(given = "John",
                        family = "Kane",
                        role = "aut"),
                 person(given = "Rolf",
                        family = "Turner",
                        role = "aut"),
                 person(given = "Carl",
                        family = "Witthoft",
                        role = "aut"),
                 person(given = "Julian",
                        family = "Stander",
                        role = "aut"),
                 person(given = "Thomas",
                        family = "Petzoldt",
                        role = "aut"),
                 person(given = "Remko",
                        family = "Duursma",
                        role = "aut"),
                 person(given = "Elisa",
                        family = "Biancotto",
                        role = "aut"),
                 person(given = "Ofir",
                        family = "Levy",
                        role = "aut"),
                 person(given = "Christophe",
                        family = "Dutang",
                        role = "aut"),
                 person(given = "Peter",
                        family = "Solymos",
                        role = "aut"),
                 person(given = "Robby",
                        family = "Engelmann",
                        role = "aut"),
                 person(given = "Michael",
                        family = "Hecker",
                        role = "aut"),
                 person(given = "Felix",
                        family = "Steinbeck",
                        role = "aut"),
                 person(given = "Hans",
                        family = "Borchers",
                        role = "aut"),
                 person(given = "Henrik",
                        family = "Singmann",
                        role = "aut"),
                 person(given = "Ted",
                        family = "Toal",
                        role = "aut"),
                 person(given = "Derek",
                        family = "Ogle",
                        role = "aut"),
                 person(given = "Darshan",
                        family = "Baral",
                        role = "aut"),
                 person(given = "Ulrike",
                        family = "Groemping",
                        role = "aut"),
                 person(given = "Bill",
                        family = "Venables",
                        role = "aut"),
                 person(given = c("The", "CRAN"),
                        family = "Team",
                        role = "aut"),
                 person(given = "Duncan",
                        family = "Murdoch",
                        role = c("aut", "cre"),
                        email = "murdoch.duncan@gmail.com"))
  as necessary.
Flavors: r-devel-linux-x86_64-debian-clang, r-devel-linux-x86_64-debian-gcc
These binaries (installable software) and packages are in development.
They may not be fully stable and should be used with caution. We make no claims about them.
Health stats visible at Monitor.