Last updated on 2025-10-31 13:50:58 CET.
| Flavor | Version | Tinstall | Tcheck | Ttotal | Status | Flags | 
|---|---|---|---|---|---|---|
| r-devel-linux-x86_64-debian-clang | 1.4 | 4.63 | 43.30 | 47.93 | NOTE | |
| r-devel-linux-x86_64-debian-gcc | 1.4 | 3.41 | 31.36 | 34.77 | NOTE | |
| r-devel-linux-x86_64-fedora-clang | 1.4 | 10.00 | 62.05 | 72.05 | NOTE | |
| r-devel-linux-x86_64-fedora-gcc | 1.4 | 93.58 | NOTE | |||
| r-devel-windows-x86_64 | 1.4 | 6.00 | 68.00 | 74.00 | NOTE | |
| r-patched-linux-x86_64 | 1.4 | 5.95 | 41.51 | 47.46 | NOTE | |
| r-release-linux-x86_64 | 1.4 | 3.77 | 40.71 | 44.48 | NOTE | |
| r-release-macos-arm64 | 1.4 | 2.00 | 30.00 | 32.00 | NOTE | |
| r-release-macos-x86_64 | 1.4 | 7.00 | 89.00 | 96.00 | NOTE | |
| r-release-windows-x86_64 | 1.4 | 6.00 | 70.00 | 76.00 | NOTE | |
| r-oldrel-macos-arm64 | 1.4 | 2.00 | 35.00 | 37.00 | NOTE | |
| r-oldrel-macos-x86_64 | 1.4 | 4.00 | 49.00 | 53.00 | NOTE | |
| r-oldrel-windows-x86_64 | 1.4 | 6.00 | 79.00 | 85.00 | NOTE | 
Version: 1.4
Check: Rd files
Result: NOTE
  checkRd: (-1) add_bars.Rd:15: Lost braces
      15 | When \\code{y0} is not specified, the lowest value of the y-axis is used.}
         |            ^
  checkRd: (-1) add_bars.Rd:24: Lost braces
      24 | \\code{\\link[graphics]{par}}.}
         |       ^
  checkRd: (-1) add_bars.Rd:24: Lost braces
      24 | \\code{\\link[graphics]{par}}.}
         |                        ^
Flavors: r-devel-linux-x86_64-debian-clang, r-devel-linux-x86_64-debian-gcc, r-devel-linux-x86_64-fedora-clang, r-devel-linux-x86_64-fedora-gcc, r-devel-windows-x86_64, r-patched-linux-x86_64, r-release-linux-x86_64, r-release-macos-arm64, r-release-macos-x86_64, r-release-windows-x86_64, r-oldrel-macos-arm64, r-oldrel-macos-x86_64, r-oldrel-windows-x86_64
These binaries (installable software) and packages are in development.
They may not be fully stable and should be used with caution. We make no claims about them.
Health stats visible at Monitor.