Last updated on 2025-05-03 22:50:03 CEST.
Flavor | Version | Tinstall | Tcheck | Ttotal | Status | Flags |
---|---|---|---|---|---|---|
r-devel-linux-x86_64-debian-clang | 1.1-12 | 7.91 | 30.31 | 38.22 | NOTE | |
r-devel-linux-x86_64-debian-gcc | 1.1-12 | 5.13 | 22.67 | 27.80 | NOTE | |
r-devel-linux-x86_64-fedora-clang | 1.1-12 | 57.84 | OK | |||
r-devel-linux-x86_64-fedora-gcc | 1.1-12 | 55.94 | OK | |||
r-devel-windows-x86_64 | 1.1-12 | 15.00 | 55.00 | 70.00 | OK | |
r-patched-linux-x86_64 | 1.1-12 | 6.86 | 29.72 | 36.58 | NOTE | |
r-release-linux-x86_64 | NOTE | |||||
r-release-macos-arm64 | 1.1-12 | 25.00 | OK | |||
r-release-macos-x86_64 | 1.1-12 | 54.00 | OK | |||
r-release-windows-x86_64 | 1.1-12 | 12.00 | 54.00 | 66.00 | OK | |
r-oldrel-macos-arm64 | 1.1-12 | 22.00 | OK | |||
r-oldrel-macos-x86_64 | 1.1-12 | 32.00 | OK | |||
r-oldrel-windows-x86_64 | 1.1-12 | 17.00 | 61.00 | 78.00 | OK |
Version: 1.1-12
Check: CRAN incoming feasibility
Result: NOTE
Maintainer: ‘Robert B. Gramacy <rbg@vt.edu>’
No Authors@R field in DESCRIPTION.
Please add one, modifying
Authors@R: person(given = c("Robert", "B."),
family = "Gramacy",
role = c("aut", "cre"),
email = "rbg@vt.edu")
as necessary.
The Description field contains
(PL) following Gramacy & Polson (2011) <arXiv:0909.5262>. The
Please refer to arXiv e-prints via their arXiv DOI <doi:10.48550/arXiv.YYMM.NNNNN>.
Flavors: r-devel-linux-x86_64-debian-clang, r-devel-linux-x86_64-debian-gcc
Version: 1.1-12
Check: for unstated dependencies in ‘demo’
Result: NOTE
'library' or 'require' call not declared from: ‘MASS’
Flavors: r-devel-linux-x86_64-debian-clang, r-devel-linux-x86_64-debian-gcc, r-patched-linux-x86_64, r-release-linux-x86_64
These binaries (installable software) and packages are in development.
They may not be fully stable and should be used with caution. We make no claims about them.
Health stats visible at Monitor.