Last updated on 2024-05-02 11:51:30 CEST.
Flavor | Version | Tinstall | Tcheck | Ttotal | Status | Flags |
---|---|---|---|---|---|---|
r-devel-linux-x86_64-debian-clang | 1.1.3 | 32.81 | 329.93 | 362.74 | OK | |
r-devel-linux-x86_64-debian-gcc | 1.1.3 | 25.92 | 235.14 | 261.06 | OK | |
r-devel-linux-x86_64-fedora-clang | 1.1.3 | 477.02 | OK | |||
r-devel-linux-x86_64-fedora-gcc | 1.1.3 | 484.26 | OK | |||
r-devel-windows-x86_64 | 1.1.3 | 28.00 | 242.00 | 270.00 | OK | |
r-patched-linux-x86_64 | 1.1.3 | 29.32 | 310.13 | 339.45 | OK | |
r-release-linux-x86_64 | 1.0.0 | 28.89 | 312.25 | 341.14 | NOTE | |
r-release-macos-arm64 | 1.1.3 | 125.00 | OK | |||
r-release-macos-x86_64 | 1.1.3 | 218.00 | OK | |||
r-release-windows-x86_64 | 1.1.3 | 28.00 | 238.00 | 266.00 | OK | |
r-oldrel-macos-arm64 | 1.1.3 | 133.00 | OK | |||
r-oldrel-macos-x86_64 | 1.1.3 | 209.00 | OK | |||
r-oldrel-windows-x86_64 | 1.1.3 | 33.00 | 265.00 | 298.00 | OK |
Version: 1.0.0
Check: Rd files
Result: NOTE
checkRd: (-1) 01-TCGA-ESCA-data.Rd:47: Lost braces in \enumerate; meant \describe ?
checkRd: (-1) 01-TCGA-ESCA-data.Rd:48: Lost braces in \enumerate; meant \describe ?
checkRd: (-1) 01-TCGA-ESCA-data.Rd:49-51: Lost braces in \enumerate; meant \describe ?
checkRd: (-1) 01-TCGA-ESCA-data.Rd:52-55: Lost braces in \enumerate; meant \describe ?
checkRd: (-1) 01-TCGA-ESCA-data.Rd:56-58: Lost braces in \enumerate; meant \describe ?
checkRd: (-1) 01-TCGA-ESCA-data.Rd:59-62: Lost braces in \enumerate; meant \describe ?
checkRd: (-1) 01-TCGA-ESCA-data.Rd:63-64: Lost braces in \enumerate; meant \describe ?
checkRd: (-1) 02-fitCoxModel.Rd:87: Lost braces; missing escapes or markup?
87 | returns the value on which it was invoked. The {summary} method
| ^
Flavor: r-release-linux-x86_64
These binaries (installable software) and packages are in development.
They may not be fully stable and should be used with caution. We make no claims about them.
Health stats visible at Monitor.