Last updated on 2025-10-10 03:51:11 CEST.
Flavor | Version | Tinstall | Tcheck | Ttotal | Status | Flags |
---|---|---|---|---|---|---|
r-devel-linux-x86_64-debian-clang | 1.1.0 | 12.10 | 209.24 | 221.34 | ERROR | |
r-devel-linux-x86_64-debian-gcc | 1.1.0 | 8.59 | 141.37 | 149.96 | ERROR | |
r-devel-linux-x86_64-fedora-clang | 1.1.0 | 343.04 | ERROR | |||
r-devel-linux-x86_64-fedora-gcc | 1.1.0 | 370.10 | ERROR | |||
r-devel-windows-x86_64 | 1.1.0 | 14.00 | 175.00 | 189.00 | ERROR | |
r-patched-linux-x86_64 | 1.1.0 | 11.62 | 197.87 | 209.49 | ERROR | |
r-release-linux-x86_64 | 1.1.0 | 10.87 | 198.72 | 209.59 | ERROR | |
r-release-macos-arm64 | 1.1.0 | 120.00 | OK | |||
r-release-macos-x86_64 | 1.1.0 | 223.00 | OK | |||
r-release-windows-x86_64 | 1.1.0 | 13.00 | 172.00 | 185.00 | ERROR | |
r-oldrel-macos-arm64 | 1.1.0 | 83.00 | OK | |||
r-oldrel-macos-x86_64 | 1.1.0 | 137.00 | OK | |||
r-oldrel-windows-x86_64 | 1.1.0 | 16.00 | 226.00 | 242.00 | ERROR |
Version: 1.1.0
Check: re-building of vignette outputs
Result: ERROR
Error(s) in re-building vignettes:
...
--- re-building ‘Suggested_plantTracker_Workflow.Rmd’ using rmarkdown
Warning in options[opts_class] <- Map(code_folding_class, options[opts_class], :
number of items to replace is not a multiple of replacement length
Warning in options[opts_attr] <- Map(code_folding_attr, options[opts_attr], :
number of items to replace is not a multiple of replacement length
Warning in options[opts_class] <- Map(code_folding_class, options[opts_class], :
number of items to replace is not a multiple of replacement length
Warning in options[opts_attr] <- Map(code_folding_attr, options[opts_attr], :
number of items to replace is not a multiple of replacement length
Warning in options[opts_class] <- Map(code_folding_class, options[opts_class], :
number of items to replace is not a multiple of replacement length
Warning in options[opts_attr] <- Map(code_folding_attr, options[opts_attr], :
number of items to replace is not a multiple of replacement length
Warning in options[opts_class] <- Map(code_folding_class, options[opts_class], :
number of items to replace is not a multiple of replacement length
Warning in options[opts_attr] <- Map(code_folding_attr, options[opts_attr], :
number of items to replace is not a multiple of replacement length
Warning in options[opts_class] <- Map(code_folding_class, options[opts_class], :
number of items to replace is not a multiple of replacement length
Warning in options[opts_attr] <- Map(code_folding_attr, options[opts_attr], :
number of items to replace is not a multiple of replacement length
Warning in options[opts_class] <- Map(code_folding_class, options[opts_class], :
number of items to replace is not a multiple of replacement length
Warning in options[opts_attr] <- Map(code_folding_attr, options[opts_attr], :
number of items to replace is not a multiple of replacement length
Warning in options[opts_class] <- Map(code_folding_class, options[opts_class], :
number of items to replace is not a multiple of replacement length
Warning in options[opts_attr] <- Map(code_folding_attr, options[opts_attr], :
number of items to replace is not a multiple of replacement length
Warning in options[opts_class] <- Map(code_folding_class, options[opts_class], :
number of items to replace is not a multiple of replacement length
Warning in options[opts_attr] <- Map(code_folding_attr, options[opts_attr], :
number of items to replace is not a multiple of replacement length
Warning in options[opts_class] <- Map(code_folding_class, options[opts_class], :
number of items to replace is not a multiple of replacement length
Warning in options[opts_attr] <- Map(code_folding_attr, options[opts_attr], :
number of items to replace is not a multiple of replacement length
Warning in options[opts_class] <- Map(code_folding_class, options[opts_class], :
number of items to replace is not a multiple of replacement length
Warning in options[opts_attr] <- Map(code_folding_attr, options[opts_attr], :
number of items to replace is not a multiple of replacement length
Warning in options[opts_class] <- Map(code_folding_class, options[opts_class], :
number of items to replace is not a multiple of replacement length
Warning in options[opts_attr] <- Map(code_folding_attr, options[opts_attr], :
number of items to replace is not a multiple of replacement length
Warning in options[opts_class] <- Map(code_folding_class, options[opts_class], :
number of items to replace is not a multiple of replacement length
Warning in options[opts_attr] <- Map(code_folding_attr, options[opts_attr], :
number of items to replace is not a multiple of replacement length
Warning in options[opts_class] <- Map(code_folding_class, options[opts_class], :
number of items to replace is not a multiple of replacement length
Warning in options[opts_attr] <- Map(code_folding_attr, options[opts_attr], :
number of items to replace is not a multiple of replacement length
Warning in options[opts_class] <- Map(code_folding_class, options[opts_class], :
number of items to replace is not a multiple of replacement length
Warning in options[opts_attr] <- Map(code_folding_attr, options[opts_attr], :
number of items to replace is not a multiple of replacement length
Warning in options[opts_class] <- Map(code_folding_class, options[opts_class], :
number of items to replace is not a multiple of replacement length
Warning in options[opts_attr] <- Map(code_folding_attr, options[opts_attr], :
number of items to replace is not a multiple of replacement length
Warning in options[opts_class] <- Map(code_folding_class, options[opts_class], :
number of items to replace is not a multiple of replacement length
Warning in options[opts_attr] <- Map(code_folding_attr, options[opts_attr], :
number of items to replace is not a multiple of replacement length
Warning in options[opts_class] <- Map(code_folding_class, options[opts_class], :
number of items to replace is not a multiple of replacement length
Warning in options[opts_attr] <- Map(code_folding_attr, options[opts_attr], :
number of items to replace is not a multiple of replacement length
Warning in options[opts_class] <- Map(code_folding_class, options[opts_class], :
number of items to replace is not a multiple of replacement length
Warning in options[opts_attr] <- Map(code_folding_attr, options[opts_attr], :
number of items to replace is not a multiple of replacement length
Warning in options[opts_class] <- Map(code_folding_class, options[opts_class], :
number of items to replace is not a multiple of replacement length
Warning in options[opts_attr] <- Map(code_folding_attr, options[opts_attr], :
number of items to replace is not a multiple of replacement length
Quitting from Suggested_plantTracker_Workflow.Rmd:821-843 [unnamed-chunk-19]
~~~~~~~~~~~~~~~~~~~~~~~~~~~~~~~~~~~~~~~~~~~~~~~~~~~~~~~~~~~~~~~~~~~~~~~~~~~~~~~~
NULL
~~~~~~~~~~~~~~~~~~~~~~~~~~~~~~~~~~~~~~~~~~~~~~~~~~~~~~~~~~~~~~~~~~~~~~~~~~~~~~~~
Error: processing vignette 'Suggested_plantTracker_Workflow.Rmd' failed with diagnostics:
Problem while converting geom to grob.
ℹ Error occurred in the 5th layer.
Caused by error in `Ops.unit()`:
! operator '==' not meaningful for units
--- failed re-building ‘Suggested_plantTracker_Workflow.Rmd’
--- re-building ‘Using_the_plantTracker_trackSpp_function.Rmd’ using rmarkdown
Warning in options[opts_class] <- Map(code_folding_class, options[opts_class], :
number of items to replace is not a multiple of replacement length
Warning in options[opts_attr] <- Map(code_folding_attr, options[opts_attr], :
number of items to replace is not a multiple of replacement length
Warning in options[opts_class] <- Map(code_folding_class, options[opts_class], :
number of items to replace is not a multiple of replacement length
Warning in options[opts_attr] <- Map(code_folding_attr, options[opts_attr], :
number of items to replace is not a multiple of replacement length
Warning in options[opts_class] <- Map(code_folding_class, options[opts_class], :
number of items to replace is not a multiple of replacement length
Warning in options[opts_attr] <- Map(code_folding_attr, options[opts_attr], :
number of items to replace is not a multiple of replacement length
Warning in options[opts_class] <- Map(code_folding_class, options[opts_class], :
number of items to replace is not a multiple of replacement length
Warning in options[opts_attr] <- Map(code_folding_attr, options[opts_attr], :
number of items to replace is not a multiple of replacement length
Warning in options[opts_class] <- Map(code_folding_class, options[opts_class], :
number of items to replace is not a multiple of replacement length
Warning in options[opts_attr] <- Map(code_folding_attr, options[opts_attr], :
number of items to replace is not a multiple of replacement length
Warning in options[opts_class] <- Map(code_folding_class, options[opts_class], :
number of items to replace is not a multiple of replacement length
Warning in options[opts_attr] <- Map(code_folding_attr, options[opts_attr], :
number of items to replace is not a multiple of replacement length
Warning in options[opts_class] <- Map(code_folding_class, options[opts_class], :
number of items to replace is not a multiple of replacement length
Warning in options[opts_attr] <- Map(code_folding_attr, options[opts_attr], :
number of items to replace is not a multiple of replacement length
Warning in options[opts_class] <- Map(code_folding_class, options[opts_class], :
number of items to replace is not a multiple of replacement length
Warning in options[opts_attr] <- Map(code_folding_attr, options[opts_attr], :
number of items to replace is not a multiple of replacement length
Warning in options[opts_class] <- Map(code_folding_class, options[opts_class], :
number of items to replace is not a multiple of replacement length
Warning in options[opts_attr] <- Map(code_folding_attr, options[opts_attr], :
number of items to replace is not a multiple of replacement length
Warning in options[opts_class] <- Map(code_folding_class, options[opts_class], :
number of items to replace is not a multiple of replacement length
Warning in options[opts_attr] <- Map(code_folding_attr, options[opts_attr], :
number of items to replace is not a multiple of replacement length
Warning in options[opts_class] <- Map(code_folding_class, options[opts_class], :
number of items to replace is not a multiple of replacement length
Warning in options[opts_attr] <- Map(code_folding_attr, options[opts_attr], :
number of items to replace is not a multiple of replacement length
Warning in options[opts_class] <- Map(code_folding_class, options[opts_class], :
number of items to replace is not a multiple of replacement length
Warning in options[opts_attr] <- Map(code_folding_attr, options[opts_attr], :
number of items to replace is not a multiple of replacement length
Warning in options[opts_class] <- Map(code_folding_class, options[opts_class], :
number of items to replace is not a multiple of replacement length
Warning in options[opts_attr] <- Map(code_folding_attr, options[opts_attr], :
number of items to replace is not a multiple of replacement length
Warning in options[opts_class] <- Map(code_folding_class, options[opts_class], :
number of items to replace is not a multiple of replacement length
Warning in options[opts_attr] <- Map(code_folding_attr, options[opts_attr], :
number of items to replace is not a multiple of replacement length
[WARNING] Deprecated: --highlight-style. Use --syntax-highlighting instead.
--- finished re-building ‘Using_the_plantTracker_trackSpp_function.Rmd’
SUMMARY: processing the following file failed:
‘Suggested_plantTracker_Workflow.Rmd’
Error: Vignette re-building failed.
Execution halted
Flavors: r-devel-linux-x86_64-debian-clang, r-devel-linux-x86_64-debian-gcc, r-patched-linux-x86_64, r-release-linux-x86_64
Version: 1.1.0
Check: re-building of vignette outputs
Result: ERROR
Error(s) in re-building vignettes:
--- re-building ‘Suggested_plantTracker_Workflow.Rmd’ using rmarkdown
Warning in options[opts_class] <- Map(code_folding_class, options[opts_class], :
number of items to replace is not a multiple of replacement length
Warning in options[opts_attr] <- Map(code_folding_attr, options[opts_attr], :
number of items to replace is not a multiple of replacement length
Warning in options[opts_class] <- Map(code_folding_class, options[opts_class], :
number of items to replace is not a multiple of replacement length
Warning in options[opts_attr] <- Map(code_folding_attr, options[opts_attr], :
number of items to replace is not a multiple of replacement length
Warning in options[opts_class] <- Map(code_folding_class, options[opts_class], :
number of items to replace is not a multiple of replacement length
Warning in options[opts_attr] <- Map(code_folding_attr, options[opts_attr], :
number of items to replace is not a multiple of replacement length
Warning in options[opts_class] <- Map(code_folding_class, options[opts_class], :
number of items to replace is not a multiple of replacement length
Warning in options[opts_attr] <- Map(code_folding_attr, options[opts_attr], :
number of items to replace is not a multiple of replacement length
Warning in options[opts_class] <- Map(code_folding_class, options[opts_class], :
number of items to replace is not a multiple of replacement length
Warning in options[opts_attr] <- Map(code_folding_attr, options[opts_attr], :
number of items to replace is not a multiple of replacement length
Warning in options[opts_class] <- Map(code_folding_class, options[opts_class], :
number of items to replace is not a multiple of replacement length
Warning in options[opts_attr] <- Map(code_folding_attr, options[opts_attr], :
number of items to replace is not a multiple of replacement length
Warning in options[opts_class] <- Map(code_folding_class, options[opts_class], :
number of items to replace is not a multiple of replacement length
Warning in options[opts_attr] <- Map(code_folding_attr, options[opts_attr], :
number of items to replace is not a multiple of replacement length
Warning in options[opts_class] <- Map(code_folding_class, options[opts_class], :
number of items to replace is not a multiple of replacement length
Warning in options[opts_attr] <- Map(code_folding_attr, options[opts_attr], :
number of items to replace is not a multiple of replacement length
Warning in options[opts_class] <- Map(code_folding_class, options[opts_class], :
number of items to replace is not a multiple of replacement length
Warning in options[opts_attr] <- Map(code_folding_attr, options[opts_attr], :
number of items to replace is not a multiple of replacement length
Warning in options[opts_class] <- Map(code_folding_class, options[opts_class], :
number of items to replace is not a multiple of replacement length
Warning in options[opts_attr] <- Map(code_folding_attr, options[opts_attr], :
number of items to replace is not a multiple of replacement length
Warning in options[opts_class] <- Map(code_folding_class, options[opts_class], :
number of items to replace is not a multiple of replacement length
Warning in options[opts_attr] <- Map(code_folding_attr, options[opts_attr], :
number of items to replace is not a multiple of replacement length
Warning in options[opts_class] <- Map(code_folding_class, options[opts_class], :
number of items to replace is not a multiple of replacement length
Warning in options[opts_attr] <- Map(code_folding_attr, options[opts_attr], :
number of items to replace is not a multiple of replacement length
Warning in options[opts_class] <- Map(code_folding_class, options[opts_class], :
number of items to replace is not a multiple of replacement length
Warning in options[opts_attr] <- Map(code_folding_attr, options[opts_attr], :
number of items to replace is not a multiple of replacement length
Warning in options[opts_class] <- Map(code_folding_class, options[opts_class], :
number of items to replace is not a multiple of replacement length
Warning in options[opts_attr] <- Map(code_folding_attr, options[opts_attr], :
number of items to replace is not a multiple of replacement length
Warning in options[opts_class] <- Map(code_folding_class, options[opts_class], :
number of items to replace is not a multiple of replacement length
Warning in options[opts_attr] <- Map(code_folding_attr, options[opts_attr], :
number of items to replace is not a multiple of replacement length
Warning in options[opts_class] <- Map(code_folding_class, options[opts_class], :
number of items to replace is not a multiple of replacement length
Warning in options[opts_attr] <- Map(code_folding_attr, options[opts_attr], :
number of items to replace is not a multiple of replacement length
Warning in options[opts_class] <- Map(code_folding_class, options[opts_class], :
number of items to replace is not a multiple of replacement length
Warning in options[opts_attr] <- Map(code_folding_attr, options[opts_attr], :
number of items to replace is not a multiple of replacement length
Warning in options[opts_class] <- Map(code_folding_class, options[opts_class], :
number of items to replace is not a multiple of replacement length
Warning in options[opts_attr] <- Map(code_folding_attr, options[opts_attr], :
number of items to replace is not a multiple of replacement length
Warning in options[opts_class] <- Map(code_folding_class, options[opts_class], :
number of items to replace is not a multiple of replacement length
Warning in options[opts_attr] <- Map(code_folding_attr, options[opts_attr], :
number of items to replace is not a multiple of replacement length
Quitting from Suggested_plantTracker_Workflow.Rmd:821-843 [unnamed-chunk-19]
~~~~~~~~~~~~~~~~~~~~~~~~~~~~~~~~~~~~~~~~~~~~~~~~~~~~~~~~~~~~~~~~~~~~~~~~~~~~~~~~
NULL
~~~~~~~~~~~~~~~~~~~~~~~~~~~~~~~~~~~~~~~~~~~~~~~~~~~~~~~~~~~~~~~~~~~~~~~~~~~~~~~~
Error: processing vignette 'Suggested_plantTracker_Workflow.Rmd' failed with diagnostics:
Problem while converting geom to grob.
ℹ Error occurred in the 5th layer.
Caused by error in `Ops.unit()`:
! operator '==' not meaningful for units
--- failed re-building ‘Suggested_plantTracker_Workflow.Rmd’
--- re-building ‘Using_the_plantTracker_trackSpp_function.Rmd’ using rmarkdown
Warning in options[opts_class] <- Map(code_folding_class, options[opts_class], :
number of items to replace is not a multiple of replacement length
Warning in options[opts_attr] <- Map(code_folding_attr, options[opts_attr], :
number of items to replace is not a multiple of replacement length
Warning in options[opts_class] <- Map(code_folding_class, options[opts_class], :
number of items to replace is not a multiple of replacement length
Warning in options[opts_attr] <- Map(code_folding_attr, options[opts_attr], :
number of items to replace is not a multiple of replacement length
Warning in options[opts_class] <- Map(code_folding_class, options[opts_class], :
number of items to replace is not a multiple of replacement length
Warning in options[opts_attr] <- Map(code_folding_attr, options[opts_attr], :
number of items to replace is not a multiple of replacement length
Warning in options[opts_class] <- Map(code_folding_class, options[opts_class], :
number of items to replace is not a multiple of replacement length
Warning in options[opts_attr] <- Map(code_folding_attr, options[opts_attr], :
number of items to replace is not a multiple of replacement length
Warning in options[opts_class] <- Map(code_folding_class, options[opts_class], :
number of items to replace is not a multiple of replacement length
Warning in options[opts_attr] <- Map(code_folding_attr, options[opts_attr], :
number of items to replace is not a multiple of replacement length
Warning in options[opts_class] <- Map(code_folding_class, options[opts_class], :
number of items to replace is not a multiple of replacement length
Warning in options[opts_attr] <- Map(code_folding_attr, options[opts_attr], :
number of items to replace is not a multiple of replacement length
Warning in options[opts_class] <- Map(code_folding_class, options[opts_class], :
number of items to replace is not a multiple of replacement length
Warning in options[opts_attr] <- Map(code_folding_attr, options[opts_attr], :
number of items to replace is not a multiple of replacement length
Warning in options[opts_class] <- Map(code_folding_class, options[opts_class], :
number of items to replace is not a multiple of replacement length
Warning in options[opts_attr] <- Map(code_folding_attr, options[opts_attr], :
number of items to replace is not a multiple of replacement length
Warning in options[opts_class] <- Map(code_folding_class, options[opts_class], :
number of items to replace is not a multiple of replacement length
Warning in options[opts_attr] <- Map(code_folding_attr, options[opts_attr], :
number of items to replace is not a multiple of replacement length
Warning in options[opts_class] <- Map(code_folding_class, options[opts_class], :
number of items to replace is not a multiple of replacement length
Warning in options[opts_attr] <- Map(code_folding_attr, options[opts_attr], :
number of items to replace is not a multiple of replacement length
Warning in options[opts_class] <- Map(code_folding_class, options[opts_class], :
number of items to replace is not a multiple of replacement length
Warning in options[opts_attr] <- Map(code_folding_attr, options[opts_attr], :
number of items to replace is not a multiple of replacement length
Warning in options[opts_class] <- Map(code_folding_class, options[opts_class], :
number of items to replace is not a multiple of replacement length
Warning in options[opts_attr] <- Map(code_folding_attr, options[opts_attr], :
number of items to replace is not a multiple of replacement length
Warning in options[opts_class] <- Map(code_folding_class, options[opts_class], :
number of items to replace is not a multiple of replacement length
Warning in options[opts_attr] <- Map(code_folding_attr, options[opts_attr], :
number of items to replace is not a multiple of replacement length
Warning in options[opts_class] <- Map(code_folding_class, options[opts_class], :
number of items to replace is not a multiple of replacement length
Warning in options[opts_attr] <- Map(code_folding_attr, options[opts_attr], :
number of items to replace is not a multiple of replacement length
[WARNING] Deprecated: --highlight-style. Use --syntax-highlighting instead.
--- finished re-building ‘Using_the_plantTracker_trackSpp_function.Rmd’
SUMMARY: processing the following file failed:
‘Suggested_plantTracker_Workflow.Rmd’
Error: Vignette re-building failed.
Execution halted
Flavors: r-devel-linux-x86_64-fedora-clang, r-devel-linux-x86_64-fedora-gcc
Version: 1.1.0
Check: re-building of vignette outputs
Result: ERROR
Error(s) in re-building vignettes:
--- re-building 'Suggested_plantTracker_Workflow.Rmd' using rmarkdown
Warning in options[opts_class] <- Map(code_folding_class, options[opts_class], :
number of items to replace is not a multiple of replacement length
Warning in options[opts_attr] <- Map(code_folding_attr, options[opts_attr], :
number of items to replace is not a multiple of replacement length
Warning in options[opts_class] <- Map(code_folding_class, options[opts_class], :
number of items to replace is not a multiple of replacement length
Warning in options[opts_attr] <- Map(code_folding_attr, options[opts_attr], :
number of items to replace is not a multiple of replacement length
Warning in options[opts_class] <- Map(code_folding_class, options[opts_class], :
number of items to replace is not a multiple of replacement length
Warning in options[opts_attr] <- Map(code_folding_attr, options[opts_attr], :
number of items to replace is not a multiple of replacement length
Warning in options[opts_class] <- Map(code_folding_class, options[opts_class], :
number of items to replace is not a multiple of replacement length
Warning in options[opts_attr] <- Map(code_folding_attr, options[opts_attr], :
number of items to replace is not a multiple of replacement length
Warning in options[opts_class] <- Map(code_folding_class, options[opts_class], :
number of items to replace is not a multiple of replacement length
Warning in options[opts_attr] <- Map(code_folding_attr, options[opts_attr], :
number of items to replace is not a multiple of replacement length
Warning in options[opts_class] <- Map(code_folding_class, options[opts_class], :
number of items to replace is not a multiple of replacement length
Warning in options[opts_attr] <- Map(code_folding_attr, options[opts_attr], :
number of items to replace is not a multiple of replacement length
Warning in options[opts_class] <- Map(code_folding_class, options[opts_class], :
number of items to replace is not a multiple of replacement length
Warning in options[opts_attr] <- Map(code_folding_attr, options[opts_attr], :
number of items to replace is not a multiple of replacement length
Warning in options[opts_class] <- Map(code_folding_class, options[opts_class], :
number of items to replace is not a multiple of replacement length
Warning in options[opts_attr] <- Map(code_folding_attr, options[opts_attr], :
number of items to replace is not a multiple of replacement length
Warning in options[opts_class] <- Map(code_folding_class, options[opts_class], :
number of items to replace is not a multiple of replacement length
Warning in options[opts_attr] <- Map(code_folding_attr, options[opts_attr], :
number of items to replace is not a multiple of replacement length
Warning in options[opts_class] <- Map(code_folding_class, options[opts_class], :
number of items to replace is not a multiple of replacement length
Warning in options[opts_attr] <- Map(code_folding_attr, options[opts_attr], :
number of items to replace is not a multiple of replacement length
Warning in options[opts_class] <- Map(code_folding_class, options[opts_class], :
number of items to replace is not a multiple of replacement length
Warning in options[opts_attr] <- Map(code_folding_attr, options[opts_attr], :
number of items to replace is not a multiple of replacement length
Warning in options[opts_class] <- Map(code_folding_class, options[opts_class], :
number of items to replace is not a multiple of replacement length
Warning in options[opts_attr] <- Map(code_folding_attr, options[opts_attr], :
number of items to replace is not a multiple of replacement length
Warning in options[opts_class] <- Map(code_folding_class, options[opts_class], :
number of items to replace is not a multiple of replacement length
Warning in options[opts_attr] <- Map(code_folding_attr, options[opts_attr], :
number of items to replace is not a multiple of replacement length
Warning in options[opts_class] <- Map(code_folding_class, options[opts_class], :
number of items to replace is not a multiple of replacement length
Warning in options[opts_attr] <- Map(code_folding_attr, options[opts_attr], :
number of items to replace is not a multiple of replacement length
Warning in options[opts_class] <- Map(code_folding_class, options[opts_class], :
number of items to replace is not a multiple of replacement length
Warning in options[opts_attr] <- Map(code_folding_attr, options[opts_attr], :
number of items to replace is not a multiple of replacement length
Warning in options[opts_class] <- Map(code_folding_class, options[opts_class], :
number of items to replace is not a multiple of replacement length
Warning in options[opts_attr] <- Map(code_folding_attr, options[opts_attr], :
number of items to replace is not a multiple of replacement length
Warning in options[opts_class] <- Map(code_folding_class, options[opts_class], :
number of items to replace is not a multiple of replacement length
Warning in options[opts_attr] <- Map(code_folding_attr, options[opts_attr], :
number of items to replace is not a multiple of replacement length
Warning in options[opts_class] <- Map(code_folding_class, options[opts_class], :
number of items to replace is not a multiple of replacement length
Warning in options[opts_attr] <- Map(code_folding_attr, options[opts_attr], :
number of items to replace is not a multiple of replacement length
Warning in options[opts_class] <- Map(code_folding_class, options[opts_class], :
number of items to replace is not a multiple of replacement length
Warning in options[opts_attr] <- Map(code_folding_attr, options[opts_attr], :
number of items to replace is not a multiple of replacement length
Quitting from Suggested_plantTracker_Workflow.Rmd:821-843 [unnamed-chunk-19]
~~~~~~~~~~~~~~~~~~~~~~~~~~~~~~~~~~~~~~~~~~~~~~~~~~~~~~~~~~~~~~~~~~~~~~~~~~~~~~~~
NULL
~~~~~~~~~~~~~~~~~~~~~~~~~~~~~~~~~~~~~~~~~~~~~~~~~~~~~~~~~~~~~~~~~~~~~~~~~~~~~~~~
Error: processing vignette 'Suggested_plantTracker_Workflow.Rmd' failed with diagnostics:
Problem while converting geom to grob.
ℹ Error occurred in the 5th layer.
Caused by error in `Ops.unit()`:
! operator '==' not meaningful for units
--- failed re-building 'Suggested_plantTracker_Workflow.Rmd'
--- re-building 'Using_the_plantTracker_trackSpp_function.Rmd' using rmarkdown
Warning in options[opts_class] <- Map(code_folding_class, options[opts_class], :
number of items to replace is not a multiple of replacement length
Warning in options[opts_attr] <- Map(code_folding_attr, options[opts_attr], :
number of items to replace is not a multiple of replacement length
Warning in options[opts_class] <- Map(code_folding_class, options[opts_class], :
number of items to replace is not a multiple of replacement length
Warning in options[opts_attr] <- Map(code_folding_attr, options[opts_attr], :
number of items to replace is not a multiple of replacement length
Warning in options[opts_class] <- Map(code_folding_class, options[opts_class], :
number of items to replace is not a multiple of replacement length
Warning in options[opts_attr] <- Map(code_folding_attr, options[opts_attr], :
number of items to replace is not a multiple of replacement length
Warning in options[opts_class] <- Map(code_folding_class, options[opts_class], :
number of items to replace is not a multiple of replacement length
Warning in options[opts_attr] <- Map(code_folding_attr, options[opts_attr], :
number of items to replace is not a multiple of replacement length
Warning in options[opts_class] <- Map(code_folding_class, options[opts_class], :
number of items to replace is not a multiple of replacement length
Warning in options[opts_attr] <- Map(code_folding_attr, options[opts_attr], :
number of items to replace is not a multiple of replacement length
Warning in options[opts_class] <- Map(code_folding_class, options[opts_class], :
number of items to replace is not a multiple of replacement length
Warning in options[opts_attr] <- Map(code_folding_attr, options[opts_attr], :
number of items to replace is not a multiple of replacement length
Warning in options[opts_class] <- Map(code_folding_class, options[opts_class], :
number of items to replace is not a multiple of replacement length
Warning in options[opts_attr] <- Map(code_folding_attr, options[opts_attr], :
number of items to replace is not a multiple of replacement length
Warning in options[opts_class] <- Map(code_folding_class, options[opts_class], :
number of items to replace is not a multiple of replacement length
Warning in options[opts_attr] <- Map(code_folding_attr, options[opts_attr], :
number of items to replace is not a multiple of replacement length
Warning in options[opts_class] <- Map(code_folding_class, options[opts_class], :
number of items to replace is not a multiple of replacement length
Warning in options[opts_attr] <- Map(code_folding_attr, options[opts_attr], :
number of items to replace is not a multiple of replacement length
Warning in options[opts_class] <- Map(code_folding_class, options[opts_class], :
number of items to replace is not a multiple of replacement length
Warning in options[opts_attr] <- Map(code_folding_attr, options[opts_attr], :
number of items to replace is not a multiple of replacement length
Warning in options[opts_class] <- Map(code_folding_class, options[opts_class], :
number of items to replace is not a multiple of replacement length
Warning in options[opts_attr] <- Map(code_folding_attr, options[opts_attr], :
number of items to replace is not a multiple of replacement length
Warning in options[opts_class] <- Map(code_folding_class, options[opts_class], :
number of items to replace is not a multiple of replacement length
Warning in options[opts_attr] <- Map(code_folding_attr, options[opts_attr], :
number of items to replace is not a multiple of replacement length
Warning in options[opts_class] <- Map(code_folding_class, options[opts_class], :
number of items to replace is not a multiple of replacement length
Warning in options[opts_attr] <- Map(code_folding_attr, options[opts_attr], :
number of items to replace is not a multiple of replacement length
Warning in options[opts_class] <- Map(code_folding_class, options[opts_class], :
number of items to replace is not a multiple of replacement length
Warning in options[opts_attr] <- Map(code_folding_attr, options[opts_attr], :
number of items to replace is not a multiple of replacement length
--- finished re-building 'Using_the_plantTracker_trackSpp_function.Rmd'
SUMMARY: processing the following file failed:
'Suggested_plantTracker_Workflow.Rmd'
Error: Vignette re-building failed.
Execution halted
Flavors: r-devel-windows-x86_64, r-release-windows-x86_64, r-oldrel-windows-x86_64
These binaries (installable software) and packages are in development.
They may not be fully stable and should be used with caution. We make no claims about them.
Health stats visible at Monitor.