CRAN Package Check Results for Package pkgdown

Last updated on 2025-05-17 13:49:46 CEST.

Flavor Version Tinstall Tcheck Ttotal Status Flags
r-devel-linux-x86_64-debian-clang 2.1.2 10.69 289.39 300.08 NOTE
r-devel-linux-x86_64-debian-gcc 2.1.2 6.27 209.28 215.55 NOTE
r-devel-linux-x86_64-fedora-clang 2.1.2 490.94 OK
r-devel-linux-x86_64-fedora-gcc 2.1.2 487.75 OK
r-devel-windows-x86_64 2.1.2 14.00 190.00 204.00 OK
r-patched-linux-x86_64 2.1.2 11.11 279.46 290.57 OK
r-release-linux-x86_64 2.1.2 10.86 276.95 287.81 OK
r-release-macos-arm64 2.1.2 94.00 OK
r-release-macos-x86_64 2.1.2 192.00 OK
r-release-windows-x86_64 2.1.2 14.00 186.00 200.00 OK
r-oldrel-macos-arm64 2.1.2 96.00 OK
r-oldrel-macos-x86_64 2.1.2 191.00 OK
r-oldrel-windows-x86_64 2.1.2 16.00 220.00 236.00 OK

Check Details

Version: 2.1.2
Check: DESCRIPTION meta-information
Result: NOTE Author field differs from that derived from Authors@R Author: ‘Hadley Wickham [aut, cre] (<https://orcid.org/0000-0003-4757-117X>), Jay Hesselberth [aut] (<https://orcid.org/0000-0002-6299-179X>), Maëlle Salmon [aut] (<https://orcid.org/0000-0002-2815-0399>), Olivier Roy [aut], Salim Brüggemann [aut] (<https://orcid.org/0000-0002-5329-5987>), Posit Software, PBC [cph, fnd] (03wc8by49)’ Authors@R: ‘Hadley Wickham [aut, cre] (ORCID: <https://orcid.org/0000-0003-4757-117X>), Jay Hesselberth [aut] (ORCID: <https://orcid.org/0000-0002-6299-179X>), Maëlle Salmon [aut] (ORCID: <https://orcid.org/0000-0002-2815-0399>), Olivier Roy [aut], Salim Brüggemann [aut] (ORCID: <https://orcid.org/0000-0002-5329-5987>), Posit Software, PBC [cph, fnd] (ROR: <https://ror.org/03wc8by49>)’ Flavors: r-devel-linux-x86_64-debian-clang, r-devel-linux-x86_64-debian-gcc

These binaries (installable software) and packages are in development.
They may not be fully stable and should be used with caution. We make no claims about them.
Health stats visible at Monitor.