Last updated on 2025-02-02 07:50:21 CET.
Flavor | Version | Tinstall | Tcheck | Ttotal | Status | Flags |
---|---|---|---|---|---|---|
r-devel-linux-x86_64-debian-clang | 1.5.5 | 34.90 | 127.58 | 162.48 | NOTE | |
r-devel-linux-x86_64-debian-gcc | 1.5.5 | 22.83 | 84.22 | 107.05 | NOTE | |
r-devel-linux-x86_64-fedora-clang | 1.5.5 | 262.63 | NOTE | |||
r-devel-linux-x86_64-fedora-gcc | 1.5.5 | 263.77 | NOTE | |||
r-devel-windows-x86_64 | 1.5.5 | 34.00 | 149.00 | 183.00 | NOTE | |
r-patched-linux-x86_64 | 1.5.5 | 39.58 | 118.06 | 157.64 | NOTE | |
r-release-linux-x86_64 | 1.5.5 | 33.61 | 114.24 | 147.85 | NOTE | |
r-release-macos-arm64 | 1.5.5 | 63.00 | NOTE | |||
r-release-macos-x86_64 | 1.5.5 | 108.00 | NOTE | |||
r-release-windows-x86_64 | 1.5.5 | 33.00 | 144.00 | 177.00 | NOTE | |
r-oldrel-macos-arm64 | 1.5.5 | 74.00 | NOTE | |||
r-oldrel-macos-x86_64 | 1.5.5 | 177.00 | NOTE | |||
r-oldrel-windows-x86_64 | 1.5.5 | 45.00 | 180.00 | 225.00 | OK |
Version: 1.5.5
Check: Rd files
Result: NOTE
checkRd: (-1) PivotDataGroup.Rd:78: Lost braces; missing escapes or markup?
78 | for the data group caption, default "{values}".}
| ^
checkRd: (-1) PivotDataGroup.Rd:244: Lost braces; missing escapes or markup?
244 | for the data group caption, default "{values}".}
| ^
checkRd: (-1) PivotDataGroup.Rd:581: Lost braces; missing escapes or markup?
581 | for the data group caption, default "{values}".}
| ^
checkRd: (-1) PivotDataGroup.Rd:764: Lost braces; missing escapes or markup?
764 | default "{value}".}
| ^
checkRd: (-1) PivotStyle.Rd:150-151: Lost braces
150 | i.e. selector { property-name1: property-value1,
| ^
checkRd: (-1) PivotStyle.Rd:152: Lost braces; missing escapes or markup?
152 | e.g. div { font-weight: bold, color: #0000FF }
| ^
checkRd: (-1) PivotStyle.Rd:173-174: Lost braces
173 | i.e. .prefix-stylename { property-name1: property-value1,
| ^
checkRd: (-1) PivotStyle.Rd:175: Lost braces; missing escapes or markup?
175 | e.g. .pvt1Cell { font-weight: bold, color: #0000FF }
| ^
checkRd: (-1) PivotStyles.Rd:229-230: Lost braces
229 | i.e. selector { property-name1: property-value1,
| ^
checkRd: (-1) PivotStyles.Rd:231: Lost braces; missing escapes or markup?
231 | e.g. div { font-weight: bold, color: #0000FF }
| ^
checkRd: (-1) PivotStyles.Rd:254-255: Lost braces
254 | i.e. .prefix-stylename { property-name1: property-value1,
| ^
checkRd: (-1) PivotStyles.Rd:256: Lost braces; missing escapes or markup?
256 | e.g. .pvt1Cell { font-weight: bold, color: #0000FF }
| ^
checkRd: (-1) PivotTable.Rd:635: Lost braces; missing escapes or markup?
635 | for the data group caption, default "{values}".}
| ^
checkRd: (-1) PivotTable.Rd:756: Lost braces; missing escapes or markup?
756 | default "{value}".}
| ^
checkRd: (-1) PivotTable.Rd:1060: Lost braces; missing escapes or markup?
1060 | for the data group caption, default "{values}".}
| ^
checkRd: (-1) PivotTable.Rd:1189: Lost braces; missing escapes or markup?
1189 | default "{value}".}
| ^
checkRd: (-1) PivotTable.Rd:1808: Lost braces; missing escapes or markup?
1808 | `function(v, cell) { if(isTRUE(v>0.8)) return("green") }`.\cr
| ^
Flavors: r-devel-linux-x86_64-debian-clang, r-devel-linux-x86_64-debian-gcc, r-devel-linux-x86_64-fedora-clang, r-devel-linux-x86_64-fedora-gcc, r-devel-windows-x86_64, r-patched-linux-x86_64, r-release-linux-x86_64, r-release-macos-arm64, r-release-macos-x86_64, r-release-windows-x86_64
Version: 1.5.5
Check: Rd cross-references
Result: NOTE
Found the following Rd file(s) with Rd \link{} targets missing package
anchors:
PivotBatch.Rd: R6Class
PivotBatchCalculator.Rd: R6Class
PivotBatchStatistics.Rd: R6Class
PivotCalculation.Rd: R6Class
PivotCalculationGroup.Rd: R6Class
PivotCalculationGroups.Rd: R6Class
PivotCalculator.Rd: R6Class
PivotCell.Rd: R6Class
PivotCells.Rd: R6Class
PivotData.Rd: R6Class
PivotDataGroup.Rd: R6Class
PivotFilter.Rd: R6Class
PivotFilterOverrides.Rd: R6Class
PivotFilters.Rd: R6Class
PivotHtmlRenderer.Rd: R6Class
PivotLatexRenderer.Rd: R6Class
PivotOpenXlsxRenderer.Rd: R6Class
PivotOpenXlsxStyle.Rd: R6Class
PivotOpenXlsxStyles.Rd: R6Class
PivotStyle.Rd: R6Class
PivotStyles.Rd: R6Class
PivotTable.Rd: R6Class
Please provide package anchors for all Rd \link{} targets not in the
package itself and the base packages.
Flavors: r-devel-linux-x86_64-debian-clang, r-devel-linux-x86_64-debian-gcc, r-devel-windows-x86_64
Version: 1.5.5
Check: installed package size
Result: NOTE
installed size is 5.3Mb
sub-directories of 1Mb or more:
R 2.1Mb
data 2.0Mb
Flavors: r-release-macos-arm64, r-release-macos-x86_64, r-oldrel-macos-arm64, r-oldrel-macos-x86_64
These binaries (installable software) and packages are in development.
They may not be fully stable and should be used with caution. We make no claims about them.
Health stats visible at Monitor.