Last updated on 2024-05-02 13:50:08 CEST.
Flavor | Version | Tinstall | Tcheck | Ttotal | Status | Flags |
---|---|---|---|---|---|---|
r-devel-linux-x86_64-debian-clang | 1.0.8 | 47.30 | 432.69 | 479.99 | NOTE | |
r-devel-linux-x86_64-debian-gcc | 1.0.8 | 29.49 | 305.68 | 335.17 | NOTE | |
r-devel-linux-x86_64-fedora-clang | 1.0.8 | 632.82 | NOTE | |||
r-devel-linux-x86_64-fedora-gcc | 1.0.8 | 621.66 | NOTE | |||
r-devel-windows-x86_64 | 1.0.8 | 31.00 | 269.00 | 300.00 | NOTE | |
r-patched-linux-x86_64 | 1.0.8 | 44.52 | 408.39 | 452.91 | NOTE | |
r-release-linux-x86_64 | 1.0.8 | 44.62 | 402.82 | 447.44 | NOTE | |
r-release-macos-arm64 | 1.0.8 | 139.00 | NOTE | |||
r-release-windows-x86_64 | 1.0.8 | 33.00 | 268.00 | 301.00 | NOTE | |
r-oldrel-macos-arm64 | 1.0.8 | 135.00 | NOTE | |||
r-oldrel-macos-x86_64 | 1.0.8 | 246.00 | NOTE | |||
r-oldrel-windows-x86_64 | 1.0.8 | 43.00 | 361.00 | 404.00 | OK |
Version: 1.0.8
Check: Rd files
Result: NOTE
checkRd: (-1) fitgom.Rd:87: Lost braces
87 | \item \code{theta} The ncol{counts} by K matrix of estimated
| ^
checkRd: (-1) fitgom.Rd:89: Lost braces
89 | \item \code{omega} The nrow{counts} by K matrix of estimated
| ^
Flavors: r-devel-linux-x86_64-debian-clang, r-devel-linux-x86_64-debian-gcc, r-devel-linux-x86_64-fedora-clang, r-devel-linux-x86_64-fedora-gcc, r-devel-windows-x86_64, r-patched-linux-x86_64, r-release-linux-x86_64, r-release-macos-arm64, r-release-windows-x86_64
Version: 1.0.8
Check: Rd cross-references
Result: NOTE
Undeclared package ‘picante’ in Rd xrefs
Flavor: r-devel-linux-x86_64-fedora-clang
Version: 1.0.8
Check: package dependencies
Result: NOTE
Package suggested but not available for checking: ‘phyloseq’
Flavors: r-oldrel-macos-arm64, r-oldrel-macos-x86_64
These binaries (installable software) and packages are in development.
They may not be fully stable and should be used with caution. We make no claims about them.
Health stats visible at Monitor.