CRAN Package Check Results for Package phreeqc

Last updated on 2025-05-15 09:52:37 CEST.

Flavor Version Tinstall Tcheck Ttotal Status Flags
r-devel-linux-x86_64-debian-clang 3.8.7 314.63 36.43 351.06 OK
r-devel-linux-x86_64-debian-gcc 3.8.7 260.95 27.37 288.32 OK
r-devel-linux-x86_64-fedora-clang 3.8.7 782.18 OK
r-devel-linux-x86_64-fedora-gcc 3.8.7 876.52 WARN
r-devel-windows-x86_64 3.8.7 531.00 107.00 638.00 OK
r-patched-linux-x86_64 3.8.7 373.19 34.50 407.69 OK
r-release-linux-x86_64 3.8.7 370.51 34.36 404.87 OK
r-release-macos-arm64 3.8.7 172.00 OK
r-release-macos-x86_64 3.8.7 148.00 OK
r-release-windows-x86_64 3.8.7 529.00 115.00 644.00 OK
r-oldrel-macos-arm64 3.8.7 164.00 NOTE
r-oldrel-macos-x86_64 3.8.7 144.00 NOTE
r-oldrel-windows-x86_64 3.8.7 441.00 106.00 547.00 OK

Additional issues

gcc

Check Details

Version: 3.8.7
Check: whether package can be installed
Result: WARN Found the following significant warnings: /usr/include/bits/stdio2.h:54:35: warning: null destination pointer [-Wformat-truncation=] See ‘/data/gannet/ripley/R/packages/tests-devel/phreeqc.Rcheck/00install.out’ for details. * used C compiler: ‘gcc-15 (GCC) 15.1.0’ * used C++ compiler: ‘g++-15 (GCC) 15.1.0’ Flavor: r-devel-linux-x86_64-fedora-gcc

Version: 3.8.7
Check: installed package size
Result: NOTE installed size is 48.2Mb sub-directories of 1Mb or more: libs 47.1Mb Flavors: r-oldrel-macos-arm64, r-oldrel-macos-x86_64

These binaries (installable software) and packages are in development.
They may not be fully stable and should be used with caution. We make no claims about them.
Health stats visible at Monitor.