Last updated on 2024-05-02 08:01:51 CEST.
Flavor | Version | Tinstall | Tcheck | Ttotal | Status | Flags |
---|---|---|---|---|---|---|
r-devel-linux-x86_64-debian-clang | 0.4.27 | 5.00 | 164.80 | 169.80 | NOTE | |
r-devel-linux-x86_64-debian-gcc | 0.4.27 | 6.10 | 120.85 | 126.95 | NOTE | |
r-devel-linux-x86_64-fedora-clang | 0.4.27 | 215.13 | NOTE | |||
r-devel-linux-x86_64-fedora-gcc | 0.4.27 | 237.59 | NOTE | |||
r-devel-windows-x86_64 | 0.4.27 | 9.00 | 140.00 | 149.00 | NOTE | |
r-patched-linux-x86_64 | 0.4.27 | 6.35 | 154.50 | 160.85 | NOTE | |
r-release-linux-x86_64 | 0.4.27 | 4.73 | 153.43 | 158.16 | NOTE | |
r-release-macos-arm64 | 0.4.27 | 83.00 | NOTE | |||
r-release-windows-x86_64 | 0.4.27 | 9.00 | 136.00 | 145.00 | NOTE | |
r-oldrel-macos-arm64 | 0.4.27 | 55.00 | OK | |||
r-oldrel-macos-x86_64 | 0.4.27 | 117.00 | OK | |||
r-oldrel-windows-x86_64 | 0.4.27 | 10.00 | 157.00 | 167.00 | OK |
Version: 0.4.27
Check: Rd files
Result: NOTE
checkRd: (-1) read_cid_spectravue_csv.Rd:46: Lost braces
46 | function code{range()} will return range of wavelengths expressed in
| ^
checkRd: (-1) read_fmi2mspct.Rd:78: Lost braces; missing escapes or markup?
78 | \code{tz = UTC} and {time.shift.min = 120} to convert times to UTC. This
| ^
Flavors: r-devel-linux-x86_64-debian-clang, r-devel-linux-x86_64-debian-gcc, r-devel-linux-x86_64-fedora-clang, r-devel-linux-x86_64-fedora-gcc, r-devel-windows-x86_64, r-patched-linux-x86_64, r-release-linux-x86_64, r-release-macos-arm64, r-release-windows-x86_64
These binaries (installable software) and packages are in development.
They may not be fully stable and should be used with caution. We make no claims about them.
Health stats visible at Monitor.