Last updated on 2025-05-15 07:49:47 CEST.
Flavor | Version | Tinstall | Tcheck | Ttotal | Status | Flags |
---|---|---|---|---|---|---|
r-devel-linux-x86_64-debian-clang | 0.1.2 | 5.61 | 198.13 | 203.74 | NOTE | |
r-devel-linux-x86_64-debian-gcc | 0.1.2 | 4.95 | 121.98 | 126.93 | NOTE | |
r-devel-linux-x86_64-fedora-clang | 0.1.2 | 331.70 | OK | |||
r-devel-linux-x86_64-fedora-gcc | 0.1.2 | 327.75 | OK | |||
r-devel-windows-x86_64 | 0.1.2 | 8.00 | 179.00 | 187.00 | OK | |
r-patched-linux-x86_64 | 0.1.2 | 5.35 | 188.63 | 193.98 | OK | |
r-release-linux-x86_64 | 0.1.2 | 6.12 | 187.33 | 193.45 | OK | |
r-release-macos-arm64 | 0.1.2 | OK | ||||
r-release-macos-x86_64 | 0.1.2 | 193.00 | OK | |||
r-release-windows-x86_64 | 0.1.2 | 8.00 | 177.00 | 185.00 | OK | |
r-oldrel-macos-arm64 | 0.1.2 | 79.00 | OK | |||
r-oldrel-macos-x86_64 | 0.1.2 | 139.00 | OK | |||
r-oldrel-windows-x86_64 | 0.1.2 | 10.00 | 234.00 | 244.00 | OK |
Version: 0.1.2
Check: CRAN incoming feasibility
Result: NOTE
Maintainer: ‘Michael Belitz <mbelitz@ufl.edu>’
Package CITATION file contains call(s) to old-style personList() or
as.personList(). Please use c() on person objects instead.
Package CITATION file contains call(s) to old-style citEntry(). Please
use bibentry() instead.
Found the following (possibly) invalid URLs:
URL: doi.org:10.1111/2041-210X.13448
From: DESCRIPTION
Message: Invalid URI scheme
The Description field contains
offset (Belitz et al. 2020 <doi.org:10.1111/2041-210X.13448>.
Please write DOIs as <doi:prefix/suffix>.
Flavors: r-devel-linux-x86_64-debian-clang, r-devel-linux-x86_64-debian-gcc
These binaries (installable software) and packages are in development.
They may not be fully stable and should be used with caution. We make no claims about them.
Health stats visible at Monitor.