Last updated on 2024-05-02 11:51:30 CEST.
Flavor | Version | Tinstall | Tcheck | Ttotal | Status | Flags |
---|---|---|---|---|---|---|
r-devel-linux-x86_64-debian-clang | 0.96.0 | 13.27 | 124.66 | 137.93 | NOTE | |
r-devel-linux-x86_64-debian-gcc | 0.96.0 | 10.20 | 91.07 | 101.27 | NOTE | |
r-devel-linux-x86_64-fedora-clang | 0.96.0 | 174.41 | NOTE | |||
r-devel-linux-x86_64-fedora-gcc | 0.96.0 | 178.14 | NOTE | |||
r-devel-windows-x86_64 | 0.96.0 | 14.00 | 159.00 | 173.00 | NOTE | |
r-patched-linux-x86_64 | 0.96.0 | 13.80 | 117.84 | 131.64 | NOTE | |
r-release-linux-x86_64 | 0.96.0 | 8.33 | 118.48 | 126.81 | NOTE | |
r-release-macos-arm64 | 0.96.0 | 48.00 | NOTE | |||
r-release-windows-x86_64 | 0.96.0 | 15.00 | 163.00 | 178.00 | NOTE | |
r-oldrel-macos-arm64 | 0.96.0 | 51.00 | OK | |||
r-oldrel-macos-x86_64 | 0.96.0 | 115.00 | OK | |||
r-oldrel-windows-x86_64 | 0.96.0 | 17.00 | 190.00 | 207.00 | OK |
Version: 0.96.0
Check: Rd files
Result: NOTE
checkRd: (-1) add_covariate_effect.Rd:44: Lost braces; missing escapes or markup?
44 | {coveff} = 1 + {theta} * ({cov} - {median})
| ^
checkRd: (-1) add_covariate_effect.Rd:44: Lost braces; missing escapes or markup?
44 | {coveff} = 1 + {theta} * ({cov} - {median})
| ^
checkRd: (-1) add_covariate_effect.Rd:44: Lost braces; missing escapes or markup?
44 | {coveff} = 1 + {theta} * ({cov} - {median})
| ^
checkRd: (-1) add_covariate_effect.Rd:44: Lost braces; missing escapes or markup?
44 | {coveff} = 1 + {theta} * ({cov} - {median})
| ^
checkRd: (-1) add_covariate_effect.Rd:60: Lost braces; missing escapes or markup?
60 | {coveff} = 1
| ^
checkRd: (-1) add_covariate_effect.Rd:67: Lost braces; missing escapes or markup?
67 | {coveff} = 1 + {theta}
| ^
checkRd: (-1) add_covariate_effect.Rd:67: Lost braces; missing escapes or markup?
67 | {coveff} = 1 + {theta}
| ^
checkRd: (-1) add_covariate_effect.Rd:79: Lost braces; missing escapes or markup?
79 | {coveff} = 1 + {theta1} * ({cov} - {median})
| ^
checkRd: (-1) add_covariate_effect.Rd:79: Lost braces; missing escapes or markup?
79 | {coveff} = 1 + {theta1} * ({cov} - {median})
| ^
checkRd: (-1) add_covariate_effect.Rd:79: Lost braces; missing escapes or markup?
79 | {coveff} = 1 + {theta1} * ({cov} - {median})
| ^
checkRd: (-1) add_covariate_effect.Rd:79: Lost braces; missing escapes or markup?
79 | {coveff} = 1 + {theta1} * ({cov} - {median})
| ^
checkRd: (-1) add_covariate_effect.Rd:86: Lost braces; missing escapes or markup?
86 | {coveff} = 1 + {theta2} * ({cov} - {median})
| ^
checkRd: (-1) add_covariate_effect.Rd:86: Lost braces; missing escapes or markup?
86 | {coveff} = 1 + {theta2} * ({cov} - {median})
| ^
checkRd: (-1) add_covariate_effect.Rd:86: Lost braces; missing escapes or markup?
86 | {coveff} = 1 + {theta2} * ({cov} - {median})
| ^
checkRd: (-1) add_covariate_effect.Rd:86: Lost braces; missing escapes or markup?
86 | {coveff} = 1 + {theta2} * ({cov} - {median})
| ^
checkRd: (-1) add_covariate_effect.Rd:101: Lost braces; missing escapes or markup?
101 | {coveff} = exp({theta} * ({cov} - {median}))
| ^
checkRd: (-1) add_covariate_effect.Rd:101: Lost braces; missing escapes or markup?
101 | {coveff} = exp({theta} * ({cov} - {median}))
| ^
checkRd: (-1) add_covariate_effect.Rd:101: Lost braces; missing escapes or markup?
101 | {coveff} = exp({theta} * ({cov} - {median}))
| ^
checkRd: (-1) add_covariate_effect.Rd:101: Lost braces; missing escapes or markup?
101 | {coveff} = exp({theta} * ({cov} - {median}))
| ^
checkRd: (-1) add_covariate_effect.Rd:114: Lost braces
114 | min(frac{log(0.01)}{{min} - {median}},
| ^
checkRd: (-1) add_covariate_effect.Rd:114: Lost braces
114 | min(frac{log(0.01)}{{min} - {median}},
| ^
checkRd: (-1) add_covariate_effect.Rd:114: Lost braces; missing escapes or markup?
114 | min(frac{log(0.01)}{{min} - {median}},
| ^
checkRd: (-1) add_covariate_effect.Rd:115: Lost braces
115 | frac{log(100)}{{max} - {median}})
| ^
checkRd: (-1) add_covariate_effect.Rd:115: Lost braces
115 | frac{log(100)}{{max} - {median}})
| ^
checkRd: (-1) add_covariate_effect.Rd:115: Lost braces; missing escapes or markup?
115 | frac{log(100)}{{max} - {median}})
| ^
checkRd: (-1) add_covariate_effect.Rd:124: Lost braces
124 | max(frac{log(0.01)}{{max} - {median}},
| ^
checkRd: (-1) add_covariate_effect.Rd:124: Lost braces
124 | max(frac{log(0.01)}{{max} - {median}},
| ^
checkRd: (-1) add_covariate_effect.Rd:124: Lost braces; missing escapes or markup?
124 | max(frac{log(0.01)}{{max} - {median}},
| ^
checkRd: (-1) add_covariate_effect.Rd:125: Lost braces
125 | frac{log(100)}{{min} - {median}})
| ^
checkRd: (-1) add_covariate_effect.Rd:125: Lost braces
125 | frac{log(100)}{{min} - {median}})
| ^
checkRd: (-1) add_covariate_effect.Rd:125: Lost braces; missing escapes or markup?
125 | frac{log(100)}{{min} - {median}})
| ^
checkRd: (-1) add_covariate_effect.Rd:133: Lost braces; missing escapes or markup?
133 | {coveff} = (frac{{cov}}{{median}})^{theta}
| ^
checkRd: (-1) add_covariate_effect.Rd:133: Lost braces
133 | {coveff} = (frac{{cov}}{{median}})^{theta}
| ^
checkRd: (-1) add_covariate_effect.Rd:133: Lost braces
133 | {coveff} = (frac{{cov}}{{median}})^{theta}
| ^
checkRd: (-1) add_covariate_effect.Rd:133: Lost braces; missing escapes or markup?
133 | {coveff} = (frac{{cov}}{{median}})^{theta}
| ^
Flavors: r-devel-linux-x86_64-debian-clang, r-devel-linux-x86_64-debian-gcc, r-devel-linux-x86_64-fedora-clang, r-devel-linux-x86_64-fedora-gcc, r-devel-windows-x86_64, r-patched-linux-x86_64, r-release-linux-x86_64, r-release-macos-arm64, r-release-windows-x86_64
These binaries (installable software) and packages are in development.
They may not be fully stable and should be used with caution. We make no claims about them.
Health stats visible at Monitor.