CRAN Package Check Results for Package perspectev

Last updated on 2025-05-03 13:51:04 CEST.

Flavor Version Tinstall Tcheck Ttotal Status Flags
r-devel-linux-x86_64-debian-clang 1.1 7.67 61.33 69.00 NOTE
r-devel-linux-x86_64-debian-gcc 1.1 5.48 44.69 50.17 NOTE
r-devel-linux-x86_64-fedora-clang 1.1 98.77 OK
r-devel-linux-x86_64-fedora-gcc 1.1 102.61 OK
r-devel-windows-x86_64 1.1 10.00 75.00 85.00 OK
r-patched-linux-x86_64 1.1 7.11 57.11 64.22 OK
r-release-linux-x86_64 OK
r-release-macos-arm64 1.1 31.00 OK
r-release-macos-x86_64 1.1 57.00 OK
r-release-windows-x86_64 1.1 9.00 73.00 82.00 OK
r-oldrel-macos-arm64 1.1 29.00 OK
r-oldrel-macos-x86_64 1.1 46.00 OK
r-oldrel-windows-x86_64 1.1 10.00 91.00 101.00 OK

Check Details

Version: 1.1
Check: CRAN incoming feasibility
Result: NOTE Maintainer: ‘Kenneth B. Hoehn <perspectev@gmail.com>’ Package CITATION file contains call(s) to old-style citEntry(). Please use bibentry() instead. The Description field contains http://evolve.zoo.ox.ac.uk/Evolve/Perspectev.html. Please enclose URLs in angle brackets (<...>). Flavors: r-devel-linux-x86_64-debian-clang, r-devel-linux-x86_64-debian-gcc

These binaries (installable software) and packages are in development.
They may not be fully stable and should be used with caution. We make no claims about them.
Health stats visible at Monitor.