Last updated on 2025-05-17 15:50:51 CEST.
Flavor | Version | Tinstall | Tcheck | Ttotal | Status | Flags |
---|---|---|---|---|---|---|
r-devel-linux-x86_64-debian-clang | 0.2.7 | 19.65 | 375.03 | 394.68 | NOTE | |
r-devel-linux-x86_64-debian-gcc | 0.2.7 | 12.69 | 260.95 | 273.64 | NOTE | |
r-devel-linux-x86_64-fedora-clang | 0.2.7 | 659.30 | NOTE | |||
r-devel-linux-x86_64-fedora-gcc | 0.2.7 | 647.58 | NOTE | |||
r-devel-windows-x86_64 | 0.2.7 | 21.00 | 111.00 | 132.00 | NOTE | --no-examples --no-tests --no-vignettes |
r-patched-linux-x86_64 | 0.2.7 | 18.24 | 373.75 | 391.99 | NOTE | |
r-release-linux-x86_64 | 0.2.7 | 18.80 | 375.79 | 394.59 | NOTE | |
r-release-macos-arm64 | 0.2.7 | 184.00 | NOTE | |||
r-release-macos-x86_64 | 0.2.7 | 407.00 | NOTE | |||
r-release-windows-x86_64 | 0.2.7 | 19.00 | 110.00 | 129.00 | NOTE | --no-examples --no-tests --no-vignettes |
r-oldrel-macos-arm64 | 0.2.7 | 178.00 | NOTE | |||
r-oldrel-macos-x86_64 | 0.2.7 | 485.00 | NOTE | |||
r-oldrel-windows-x86_64 | 0.2.7 | 28.00 | 101.00 | 129.00 | NOTE | --no-examples --no-tests --no-vignettes |
Version: 0.2.7
Check: CRAN incoming feasibility
Result: NOTE
Maintainer: ‘Jared Huling <jaredhuling@gmail.com>’
Package CITATION file contains call(s) to old-style citEntry(). Please
use bibentry() instead.
Flavors: r-devel-linux-x86_64-debian-clang, r-devel-linux-x86_64-debian-gcc
Version: 0.2.7
Check: Rd files
Result: NOTE
checkRd: (-1) fit.subgroup.Rd:56: Lost braces in \itemize; meant \describe ?
checkRd: (-1) fit.subgroup.Rd:57: Lost braces in \itemize; meant \describe ?
checkRd: (-1) fit.subgroup.Rd:58: Lost braces in \itemize; meant \describe ?
checkRd: (-1) fit.subgroup.Rd:59: Lost braces in \itemize; meant \describe ?
checkRd: (-1) fit.subgroup.Rd:60: Lost braces in \itemize; meant \describe ?
checkRd: (-1) fit.subgroup.Rd:61: Lost braces in \itemize; meant \describe ?
checkRd: (-1) fit.subgroup.Rd:62: Lost braces in \itemize; meant \describe ?
checkRd: (-1) fit.subgroup.Rd:63: Lost braces in \itemize; meant \describe ?
checkRd: (-1) fit.subgroup.Rd:64: Lost braces in \itemize; meant \describe ?
checkRd: (-1) fit.subgroup.Rd:65: Lost braces in \itemize; meant \describe ?
checkRd: (-1) fit.subgroup.Rd:66: Lost braces in \itemize; meant \describe ?
checkRd: (-1) fit.subgroup.Rd:67: Lost braces in \itemize; meant \describe ?
checkRd: (-1) fit.subgroup.Rd:72: Lost braces in \itemize; meant \describe ?
checkRd: (-1) fit.subgroup.Rd:73: Lost braces in \itemize; meant \describe ?
checkRd: (-1) fit.subgroup.Rd:74: Lost braces in \itemize; meant \describe ?
checkRd: (-1) fit.subgroup.Rd:79: Lost braces in \itemize; meant \describe ?
checkRd: (-1) fit.subgroup.Rd:80: Lost braces in \itemize; meant \describe ?
checkRd: (-1) fit.subgroup.Rd:81: Lost braces in \itemize; meant \describe ?
checkRd: (-1) fit.subgroup.Rd:85: Lost braces in \itemize; meant \describe ?
checkRd: (-1) fit.subgroup.Rd:146-147: Lost braces in \enumerate; meant \describe ?
checkRd: (-1) fit.subgroup.Rd:148: Lost braces in \enumerate; meant \describe ?
checkRd: (-1) fit.subgroup.Rd:156-160: Lost braces in \itemize; meant \describe ?
checkRd: (-1) fit.subgroup.Rd:161: Lost braces in \itemize; meant \describe ?
checkRd: (-1) fit.subgroup.Rd:162: Lost braces in \itemize; meant \describe ?
checkRd: (-1) fit.subgroup.Rd:168: Lost braces in \enumerate; meant \describe ?
checkRd: (-1) fit.subgroup.Rd:169: Lost braces in \enumerate; meant \describe ?
checkRd: (-1) fit.subgroup.Rd:170-171: Lost braces in \enumerate; meant \describe ?
checkRd: (-1) fit.subgroup.Rd:172-173: Lost braces in \enumerate; meant \describe ?
checkRd: (-1) fit.subgroup.Rd:177-178: Lost braces in \itemize; meant \describe ?
checkRd: (-1) fit.subgroup.Rd:179-181: Lost braces in \itemize; meant \describe ?
checkRd: (-1) fit.subgroup.Rd:182: Lost braces in \itemize; meant \describe ?
checkRd: (-1) fit.subgroup.Rd:183: Lost braces in \itemize; meant \describe ?
checkRd: (-1) fit.subgroup.Rd:184: Lost braces in \itemize; meant \describe ?
checkRd: (-1) validate.subgroup.Rd:77-81: Lost braces in \enumerate; meant \describe ?
checkRd: (-1) validate.subgroup.Rd:82-86: Lost braces in \enumerate; meant \describe ?
checkRd: (-1) validate.subgroup.Rd:89-92: Lost braces in \enumerate; meant \describe ?
checkRd: (-1) weighted.ksvm.Rd:21: Lost braces; missing escapes or markup?
21 | \item{y}{The response vector (either a character vector, factor vector, or numeric vector with values in {-1, 1})}
| ^
Flavors: r-devel-linux-x86_64-debian-clang, r-devel-linux-x86_64-debian-gcc, r-devel-linux-x86_64-fedora-clang, r-devel-linux-x86_64-fedora-gcc, r-patched-linux-x86_64, r-release-linux-x86_64, r-release-macos-arm64, r-release-macos-x86_64, r-oldrel-macos-arm64, r-oldrel-macos-x86_64
Version: 0.2.7
Flags: --no-examples --no-tests --no-vignettes
Check: Rd files
Result: NOTE
checkRd: (-1) fit.subgroup.Rd:56: Lost braces in \itemize; meant \describe ?
checkRd: (-1) fit.subgroup.Rd:57: Lost braces in \itemize; meant \describe ?
checkRd: (-1) fit.subgroup.Rd:58: Lost braces in \itemize; meant \describe ?
checkRd: (-1) fit.subgroup.Rd:59: Lost braces in \itemize; meant \describe ?
checkRd: (-1) fit.subgroup.Rd:60: Lost braces in \itemize; meant \describe ?
checkRd: (-1) fit.subgroup.Rd:61: Lost braces in \itemize; meant \describe ?
checkRd: (-1) fit.subgroup.Rd:62: Lost braces in \itemize; meant \describe ?
checkRd: (-1) fit.subgroup.Rd:63: Lost braces in \itemize; meant \describe ?
checkRd: (-1) fit.subgroup.Rd:64: Lost braces in \itemize; meant \describe ?
checkRd: (-1) fit.subgroup.Rd:65: Lost braces in \itemize; meant \describe ?
checkRd: (-1) fit.subgroup.Rd:66: Lost braces in \itemize; meant \describe ?
checkRd: (-1) fit.subgroup.Rd:67: Lost braces in \itemize; meant \describe ?
checkRd: (-1) fit.subgroup.Rd:72: Lost braces in \itemize; meant \describe ?
checkRd: (-1) fit.subgroup.Rd:73: Lost braces in \itemize; meant \describe ?
checkRd: (-1) fit.subgroup.Rd:74: Lost braces in \itemize; meant \describe ?
checkRd: (-1) fit.subgroup.Rd:79: Lost braces in \itemize; meant \describe ?
checkRd: (-1) fit.subgroup.Rd:80: Lost braces in \itemize; meant \describe ?
checkRd: (-1) fit.subgroup.Rd:81: Lost braces in \itemize; meant \describe ?
checkRd: (-1) fit.subgroup.Rd:85: Lost braces in \itemize; meant \describe ?
checkRd: (-1) fit.subgroup.Rd:146-147: Lost braces in \enumerate; meant \describe ?
checkRd: (-1) fit.subgroup.Rd:148: Lost braces in \enumerate; meant \describe ?
checkRd: (-1) fit.subgroup.Rd:156-160: Lost braces in \itemize; meant \describe ?
checkRd: (-1) fit.subgroup.Rd:161: Lost braces in \itemize; meant \describe ?
checkRd: (-1) fit.subgroup.Rd:162: Lost braces in \itemize; meant \describe ?
checkRd: (-1) fit.subgroup.Rd:168: Lost braces in \enumerate; meant \describe ?
checkRd: (-1) fit.subgroup.Rd:169: Lost braces in \enumerate; meant \describe ?
checkRd: (-1) fit.subgroup.Rd:170-171: Lost braces in \enumerate; meant \describe ?
checkRd: (-1) fit.subgroup.Rd:172-173: Lost braces in \enumerate; meant \describe ?
checkRd: (-1) fit.subgroup.Rd:177-178: Lost braces in \itemize; meant \describe ?
checkRd: (-1) fit.subgroup.Rd:179-181: Lost braces in \itemize; meant \describe ?
checkRd: (-1) fit.subgroup.Rd:182: Lost braces in \itemize; meant \describe ?
checkRd: (-1) fit.subgroup.Rd:183: Lost braces in \itemize; meant \describe ?
checkRd: (-1) fit.subgroup.Rd:184: Lost braces in \itemize; meant \describe ?
checkRd: (-1) validate.subgroup.Rd:77-81: Lost braces in \enumerate; meant \describe ?
checkRd: (-1) validate.subgroup.Rd:82-86: Lost braces in \enumerate; meant \describe ?
checkRd: (-1) validate.subgroup.Rd:89-92: Lost braces in \enumerate; meant \describe ?
checkRd: (-1) weighted.ksvm.Rd:21: Lost braces; missing escapes or markup?
21 | \item{y}{The response vector (either a character vector, factor vector, or numeric vector with values in {-1, 1})}
| ^
Flavors: r-devel-windows-x86_64, r-release-windows-x86_64, r-oldrel-windows-x86_64
These binaries (installable software) and packages are in development.
They may not be fully stable and should be used with caution. We make no claims about them.
Health stats visible at Monitor.