Last updated on 2024-05-02 01:57:08 CEST.
Flavor | Version | Tinstall | Tcheck | Ttotal | Status | Flags |
---|---|---|---|---|---|---|
r-devel-linux-x86_64-debian-clang | 1.1.0 | 6.25 | 57.35 | 63.60 | NOTE | |
r-devel-linux-x86_64-debian-gcc | 1.1.0 | 5.09 | 41.39 | 46.48 | NOTE | |
r-devel-linux-x86_64-fedora-clang | 1.1.0 | 83.25 | NOTE | |||
r-devel-linux-x86_64-fedora-gcc | 1.1.0 | 79.59 | NOTE | |||
r-devel-windows-x86_64 | 1.1.0 | 9.00 | 69.00 | 78.00 | NOTE | |
r-patched-linux-x86_64 | 1.1.0 | 6.92 | 52.90 | 59.82 | NOTE | |
r-release-linux-x86_64 | 1.1.0 | 4.90 | 52.67 | 57.57 | NOTE | |
r-release-macos-arm64 | 1.1.0 | 27.00 | NOTE | |||
r-release-windows-x86_64 | 1.1.0 | 9.00 | 70.00 | 79.00 | NOTE | |
r-oldrel-macos-arm64 | 1.1.0 | 25.00 | NOTE | |||
r-oldrel-macos-x86_64 | 1.1.0 | 39.00 | NOTE | |||
r-oldrel-windows-x86_64 | 1.1.0 | 11.00 | 77.00 | 88.00 | NOTE |
Version: 1.1.0
Check: package dependencies
Result: NOTE
Package suggested but not available for checking: ‘DMwR’
Flavors: r-devel-linux-x86_64-debian-clang, r-devel-linux-x86_64-debian-gcc, r-devel-linux-x86_64-fedora-clang, r-devel-linux-x86_64-fedora-gcc, r-devel-windows-x86_64, r-patched-linux-x86_64, r-release-linux-x86_64, r-release-macos-arm64, r-release-windows-x86_64, r-oldrel-macos-arm64, r-oldrel-macos-x86_64, r-oldrel-windows-x86_64
Version: 1.1.0
Check: Rd files
Result: NOTE
checkRd: (-1) classificationMetrics.Rd:85: Lost braces; missing escapes or markup?
85 | will use some extra notation, namely: TP = #{p == + & t == +} ; FP =
| ^
checkRd: (-1) classificationMetrics.Rd:86: Lost braces; missing escapes or markup?
86 | #{p == + & t == -} ; TN = #{p == - & t == -}; FN = #{p == - & t == +}
| ^
checkRd: (-1) classificationMetrics.Rd:86: Lost braces; missing escapes or markup?
86 | #{p == + & t == -} ; TN = #{p == - & t == -}; FN = #{p == - & t == +}
| ^
checkRd: (-1) classificationMetrics.Rd:86: Lost braces; missing escapes or markup?
86 | #{p == + & t == -} ; TN = #{p == - & t == -}; FN = #{p == - & t == +}
| ^
checkRd: (-1) classificationMetrics.Rd:87: Lost braces; missing escapes or markup?
87 | ; P = #{t == +} ; N = #{t == -}; Finally, for some descriptions
| ^
checkRd: (-1) classificationMetrics.Rd:87: Lost braces; missing escapes or markup?
87 | ; P = #{t == +} ; N = #{t == -}; Finally, for some descriptions
| ^
Flavors: r-devel-linux-x86_64-debian-clang, r-devel-linux-x86_64-debian-gcc, r-devel-linux-x86_64-fedora-clang, r-devel-linux-x86_64-fedora-gcc, r-devel-windows-x86_64, r-patched-linux-x86_64, r-release-linux-x86_64, r-release-macos-arm64, r-release-windows-x86_64
Version: 1.1.0
Check: LazyData
Result: NOTE
'LazyData' is specified without a 'data' directory
Flavors: r-devel-linux-x86_64-debian-clang, r-devel-linux-x86_64-debian-gcc, r-devel-linux-x86_64-fedora-clang, r-devel-linux-x86_64-fedora-gcc, r-devel-windows-x86_64, r-patched-linux-x86_64, r-release-linux-x86_64, r-release-macos-arm64, r-release-windows-x86_64, r-oldrel-macos-arm64, r-oldrel-macos-x86_64, r-oldrel-windows-x86_64
These binaries (installable software) and packages are in development.
They may not be fully stable and should be used with caution. We make no claims about them.
Health stats visible at Monitor.