Last updated on 2024-05-02 09:51:51 CEST.
Flavor | Version | Tinstall | Tcheck | Ttotal | Status | Flags |
---|---|---|---|---|---|---|
r-devel-linux-x86_64-debian-clang | 0.8.1 | 8.65 | 199.68 | 208.33 | NOTE | |
r-devel-linux-x86_64-debian-gcc | 0.8.1 | 7.19 | 232.10 | 239.29 | NOTE | |
r-devel-linux-x86_64-fedora-clang | 0.8.1 | 302.98 | NOTE | |||
r-devel-linux-x86_64-fedora-gcc | 0.8.1 | 350.76 | NOTE | |||
r-devel-windows-x86_64 | 0.8.1 | 12.00 | 179.00 | 191.00 | NOTE | |
r-patched-linux-x86_64 | 0.8.1 | 9.87 | 262.71 | 272.58 | NOTE | |
r-release-linux-x86_64 | 0.8.1 | 6.49 | 274.53 | 281.02 | NOTE | |
r-release-macos-arm64 | 0.8.1 | 89.00 | NOTE | |||
r-release-windows-x86_64 | 0.8.1 | 12.00 | 178.00 | 190.00 | NOTE | |
r-oldrel-macos-arm64 | 0.8.1 | 107.00 | OK | |||
r-oldrel-macos-x86_64 | 0.8.1 | 158.00 | OK | |||
r-oldrel-windows-x86_64 | 0.8.1 | 14.00 | 211.00 | 225.00 | OK |
Version: 0.8.1
Check: Rd files
Result: NOTE
checkRd: (-1) get_training_data.Rd:6-14: Lost braces
6 | where <- function(name, env = parent.frame()) {
| ^
checkRd: (-1) get_training_data.Rd:7-9: Lost braces
7 | if (identical(env, emptyenv())) {
| ^
checkRd: (-1) get_training_data.Rd:9-11: Lost braces
9 | } else if (exists(name, envir = env, inherits = FALSE)) {
| ^
checkRd: (-1) get_training_data.Rd:11-13: Lost braces
11 | } else {
| ^
checkRd: (-1) get_training_data.Rd:20-28: Lost braces
20 | where <- function(name, env = parent.frame()) {
| ^
checkRd: (-1) get_training_data.Rd:21-23: Lost braces
21 | if (identical(env, emptyenv())) {
| ^
checkRd: (-1) get_training_data.Rd:23-25: Lost braces
23 | } else if (exists(name, envir = env, inherits = FALSE)) {
| ^
checkRd: (-1) get_training_data.Rd:25-27: Lost braces
25 | } else {
| ^
Flavors: r-devel-linux-x86_64-debian-clang, r-devel-linux-x86_64-debian-gcc, r-devel-linux-x86_64-fedora-clang, r-devel-linux-x86_64-fedora-gcc, r-devel-windows-x86_64, r-patched-linux-x86_64, r-release-linux-x86_64, r-release-macos-arm64, r-release-windows-x86_64
These binaries (installable software) and packages are in development.
They may not be fully stable and should be used with caution. We make no claims about them.
Health stats visible at Monitor.