Last updated on 2025-05-07 20:49:52 CEST.
Flavor | Version | Tinstall | Tcheck | Ttotal | Status | Flags |
---|---|---|---|---|---|---|
r-devel-linux-x86_64-debian-clang | 1.0.1 | 2.77 | 45.93 | 48.70 | NOTE | |
r-devel-linux-x86_64-debian-gcc | 1.0.1 | 2.04 | 32.03 | 34.07 | NOTE | |
r-devel-linux-x86_64-fedora-clang | 1.0.1 | 79.60 | OK | |||
r-devel-linux-x86_64-fedora-gcc | 1.0.1 | 88.68 | OK | |||
r-devel-windows-x86_64 | 1.0.1 | 5.00 | 77.00 | 82.00 | NOTE | |
r-patched-linux-x86_64 | 1.0.1 | 2.57 | 43.92 | 46.49 | NOTE | |
r-release-linux-x86_64 | 1.0.1 | 2.45 | 44.67 | 47.12 | NOTE | |
r-release-macos-arm64 | 1.0.1 | 28.00 | OK | |||
r-release-macos-x86_64 | 1.0.1 | 63.00 | OK | |||
r-release-windows-x86_64 | 1.0.1 | 5.00 | 75.00 | 80.00 | NOTE | |
r-oldrel-macos-arm64 | 1.0.1 | 29.00 | OK | |||
r-oldrel-macos-x86_64 | 1.0.1 | 43.00 | OK | |||
r-oldrel-windows-x86_64 | 1.0.1 | 6.00 | 87.00 | 93.00 | OK |
Version: 1.0.1
Check: CRAN incoming feasibility
Result: NOTE
Maintainer: ‘Chloe Bracis <cbracis@uw.edu>’
No Authors@R field in DESCRIPTION.
Please add one, modifying
Authors@R: person(given = "Chloe",
family = "Bracis",
role = c("aut", "cre"),
email = "cbracis@uw.edu")
as necessary.
Found the following \keyword or \concept entries
which likely give several index terms:
File ‘pdmod-package.Rd’:
\keyword{ package, Pavlovian conditioning, model, [TRUNCATED]
Flavors: r-devel-linux-x86_64-debian-clang, r-devel-linux-x86_64-debian-gcc
Version: 1.0.1
Check: Rd cross-references
Result: NOTE
Found the following Rd file(s) with Rd \link{} targets missing package
anchors:
fitModel.Rd: nsga2
Please provide package anchors for all Rd \link{} targets not in the
package itself and the base packages.
Flavors: r-devel-linux-x86_64-debian-clang, r-devel-linux-x86_64-debian-gcc, r-devel-windows-x86_64, r-patched-linux-x86_64, r-release-linux-x86_64, r-release-windows-x86_64
These binaries (installable software) and packages are in development.
They may not be fully stable and should be used with caution. We make no claims about them.
Health stats visible at Monitor.