Last updated on 2025-10-09 20:04:15 CEST.
Flavor | Version | Tinstall | Tcheck | Ttotal | Status | Flags |
---|---|---|---|---|---|---|
r-devel-linux-x86_64-debian-clang | 1.2.8 | 38.96 | 94.50 | 133.46 | WARN | |
r-devel-linux-x86_64-debian-gcc | 1.2.8 | 24.01 | 68.43 | 92.44 | WARN | |
r-devel-linux-x86_64-fedora-clang | 1.2.8 | 211.10 | WARN | |||
r-devel-linux-x86_64-fedora-gcc | 1.2.8 | 190.24 | WARN | |||
r-devel-windows-x86_64 | 1.2.8 | 46.00 | 123.00 | 169.00 | WARN | |
r-patched-linux-x86_64 | 1.2.8 | 36.38 | 89.31 | 125.69 | WARN | |
r-release-linux-x86_64 | 1.2.8 | 35.31 | 89.87 | 125.18 | WARN | |
r-release-macos-arm64 | 1.2.8 | 60.00 | OK | |||
r-release-macos-x86_64 | 1.2.8 | 110.00 | OK | |||
r-release-windows-x86_64 | 1.2.8 | 45.00 | 119.00 | 164.00 | WARN | |
r-oldrel-macos-arm64 | 1.2.8 | 57.00 | OK | |||
r-oldrel-macos-x86_64 | 1.2.8 | 105.00 | OK | |||
r-oldrel-windows-x86_64 | 1.2.8 | 56.00 | 143.00 | 199.00 | WARN |
Version: 1.2.8
Check: whether package can be installed
Result: WARN
Found the following significant warnings:
./rcpp_coxph.h:368:36: warning: 'from<unsigned int, arma::mtOp<unsigned int, arma::mtOp<unsigned int, arma::Col<double>, arma::op_rel_eq>, arma::op_find>>' is deprecated: replace conv_to<...>::from(X) with as_scalar(X) [-Wdeprecated-declarations]
./rcpp_coxph.h:377:40: warning: 'from<unsigned int, arma::mtOp<unsigned int, arma::mtOp<unsigned int, arma::Col<double>, arma::op_rel_eq>, arma::op_find>>' is deprecated: replace conv_to<...>::from(X) with as_scalar(X) [-Wdeprecated-declarations]
See ‘/home/hornik/tmp/R.check/r-devel-clang/Work/PKGS/pda.Rcheck/00install.out’ for details.
* used C++ compiler: ‘Debian clang version 19.1.7 (7)’
Flavor: r-devel-linux-x86_64-debian-clang
Version: 1.2.8
Check: whether package can be installed
Result: WARN
Found the following significant warnings:
rcpp_coxph.h:368:40: warning: ‘static out_eT arma::conv_to<out_eT>::from(const arma::Base<eT2, expr>&, const typename arma::arma_not_cx<in_eT>::result*) [with in_eT = unsigned int; T1 = arma::mtOp<unsigned int, arma::mtOp<unsigned int, arma::Col<double>, arma::op_rel_eq>, arma::op_find>; out_eT = int; typename arma::arma_not_cx<in_eT>::result = unsigned int]’ is deprecated: replace conv_to<...>::from(X) with as_scalar(X) [-Wdeprecated-declarations]
rcpp_coxph.h:377:44: warning: ‘static out_eT arma::conv_to<out_eT>::from(const arma::Base<eT2, expr>&, const typename arma::arma_not_cx<in_eT>::result*) [with in_eT = unsigned int; T1 = arma::mtOp<unsigned int, arma::mtOp<unsigned int, arma::Col<double>, arma::op_rel_eq>, arma::op_find>; out_eT = int; typename arma::arma_not_cx<in_eT>::result = unsigned int]’ is deprecated: replace conv_to<...>::from(X) with as_scalar(X) [-Wdeprecated-declarations]
See ‘/home/hornik/tmp/R.check/r-devel-gcc/Work/PKGS/pda.Rcheck/00install.out’ for details.
* used C++ compiler: ‘g++-15 (Debian 15.2.0-4) 15.2.0’
Flavor: r-devel-linux-x86_64-debian-gcc
Version: 1.2.8
Check: whether package can be installed
Result: WARN
Found the following significant warnings:
./rcpp_coxph.h:368:36: warning: 'from<unsigned int, arma::mtOp<unsigned int, arma::mtOp<unsigned int, arma::Col<double>, arma::op_rel_eq>, arma::op_find>>' is deprecated: replace conv_to<...>::from(X) with as_scalar(X) [-Wdeprecated-declarations]
./rcpp_coxph.h:377:40: warning: 'from<unsigned int, arma::mtOp<unsigned int, arma::mtOp<unsigned int, arma::Col<double>, arma::op_rel_eq>, arma::op_find>>' is deprecated: replace conv_to<...>::from(X) with as_scalar(X) [-Wdeprecated-declarations]
See ‘/data/gannet/ripley/R/packages/tests-clang/pda.Rcheck/00install.out’ for details.
* used C++ compiler: ‘clang version 21.1.2’
Flavor: r-devel-linux-x86_64-fedora-clang
Version: 1.2.8
Check: whether package can be installed
Result: WARN
Found the following significant warnings:
rcpp_coxph.h:368:40: warning: ‘static out_eT arma::conv_to<out_eT>::from(const arma::Base<eT2, expr>&, const typename arma::arma_not_cx<in_eT>::result*) [with in_eT = unsigned int; T1 = arma::mtOp<unsigned int, arma::mtOp<unsigned int, arma::Col<double>, arma::op_rel_eq>, arma::op_find>; out_eT = int; typename arma::arma_not_cx<in_eT>::result = unsigned int]’ is deprecated: replace conv_to<...>::from(X) with as_scalar(X) [-Wdeprecated-declarations]
rcpp_coxph.h:377:44: warning: ‘static out_eT arma::conv_to<out_eT>::from(const arma::Base<eT2, expr>&, const typename arma::arma_not_cx<in_eT>::result*) [with in_eT = unsigned int; T1 = arma::mtOp<unsigned int, arma::mtOp<unsigned int, arma::Col<double>, arma::op_rel_eq>, arma::op_find>; out_eT = int; typename arma::arma_not_cx<in_eT>::result = unsigned int]’ is deprecated: replace conv_to<...>::from(X) with as_scalar(X) [-Wdeprecated-declarations]
See ‘/data/gannet/ripley/R/packages/tests-devel/pda.Rcheck/00install.out’ for details.
* used C++ compiler: ‘g++ (GCC) 15.1.1 20250521 (Red Hat 15.1.1-2)’
Flavor: r-devel-linux-x86_64-fedora-gcc
Version: 1.2.8
Check: whether package can be installed
Result: WARN
Found the following significant warnings:
rcpp_coxph.h:368:40: warning: 'static out_eT arma::conv_to<out_eT>::from(const arma::Base<eT2, expr>&, const typename arma::arma_not_cx<in_eT>::result*) [with in_eT = unsigned int; T1 = arma::mtOp<unsigned int, arma::mtOp<unsigned int, arma::Col<double>, arma::op_rel_eq>, arma::op_find>; out_eT = int; typename arma::arma_not_cx<in_eT>::result = unsigned int]' is deprecated: replace conv_to<...>::from(X) with as_scalar(X) [-Wdeprecated-declarations]
rcpp_coxph.h:377:44: warning: 'static out_eT arma::conv_to<out_eT>::from(const arma::Base<eT2, expr>&, const typename arma::arma_not_cx<in_eT>::result*) [with in_eT = unsigned int; T1 = arma::mtOp<unsigned int, arma::mtOp<unsigned int, arma::Col<double>, arma::op_rel_eq>, arma::op_find>; out_eT = int; typename arma::arma_not_cx<in_eT>::result = unsigned int]' is deprecated: replace conv_to<...>::from(X) with as_scalar(X) [-Wdeprecated-declarations]
See 'd:/Rcompile/CRANpkg/local/4.6/pda.Rcheck/00install.out' for details.
* used C++ compiler: 'g++.exe (GCC) 14.2.0'
Flavor: r-devel-windows-x86_64
Version: 1.2.8
Check: whether package can be installed
Result: WARN
Found the following significant warnings:
rcpp_coxph.h:368:40: warning: ‘static out_eT arma::conv_to<out_eT>::from(const arma::Base<eT2, expr>&, const typename arma::arma_not_cx<in_eT>::result*) [with in_eT = unsigned int; T1 = arma::mtOp<unsigned int, arma::mtOp<unsigned int, arma::Col<double>, arma::op_rel_eq>, arma::op_find>; out_eT = int; typename arma::arma_not_cx<in_eT>::result = unsigned int]’ is deprecated: replace conv_to<...>::from(X) with as_scalar(X) [-Wdeprecated-declarations]
rcpp_coxph.h:377:44: warning: ‘static out_eT arma::conv_to<out_eT>::from(const arma::Base<eT2, expr>&, const typename arma::arma_not_cx<in_eT>::result*) [with in_eT = unsigned int; T1 = arma::mtOp<unsigned int, arma::mtOp<unsigned int, arma::Col<double>, arma::op_rel_eq>, arma::op_find>; out_eT = int; typename arma::arma_not_cx<in_eT>::result = unsigned int]’ is deprecated: replace conv_to<...>::from(X) with as_scalar(X) [-Wdeprecated-declarations]
See ‘/home/hornik/tmp/R.check/r-patched-gcc/Work/PKGS/pda.Rcheck/00install.out’ for details.
* used C++ compiler: ‘g++-14 (Debian 14.3.0-8) 14.3.0’
Flavor: r-patched-linux-x86_64
Version: 1.2.8
Check: whether package can be installed
Result: WARN
Found the following significant warnings:
rcpp_coxph.h:368:40: warning: ‘static out_eT arma::conv_to<out_eT>::from(const arma::Base<eT2, expr>&, const typename arma::arma_not_cx<in_eT>::result*) [with in_eT = unsigned int; T1 = arma::mtOp<unsigned int, arma::mtOp<unsigned int, arma::Col<double>, arma::op_rel_eq>, arma::op_find>; out_eT = int; typename arma::arma_not_cx<in_eT>::result = unsigned int]’ is deprecated: replace conv_to<...>::from(X) with as_scalar(X) [-Wdeprecated-declarations]
rcpp_coxph.h:377:44: warning: ‘static out_eT arma::conv_to<out_eT>::from(const arma::Base<eT2, expr>&, const typename arma::arma_not_cx<in_eT>::result*) [with in_eT = unsigned int; T1 = arma::mtOp<unsigned int, arma::mtOp<unsigned int, arma::Col<double>, arma::op_rel_eq>, arma::op_find>; out_eT = int; typename arma::arma_not_cx<in_eT>::result = unsigned int]’ is deprecated: replace conv_to<...>::from(X) with as_scalar(X) [-Wdeprecated-declarations]
See ‘/home/hornik/tmp/R.check/r-release-gcc/Work/PKGS/pda.Rcheck/00install.out’ for details.
* used C++ compiler: ‘g++-14 (Debian 14.3.0-8) 14.3.0’
Flavor: r-release-linux-x86_64
Version: 1.2.8
Check: whether package can be installed
Result: WARN
Found the following significant warnings:
rcpp_coxph.h:368:40: warning: 'static out_eT arma::conv_to<out_eT>::from(const arma::Base<eT2, expr>&, const typename arma::arma_not_cx<in_eT>::result*) [with in_eT = unsigned int; T1 = arma::mtOp<unsigned int, arma::mtOp<unsigned int, arma::Col<double>, arma::op_rel_eq>, arma::op_find>; out_eT = int; typename arma::arma_not_cx<in_eT>::result = unsigned int]' is deprecated: replace conv_to<...>::from(X) with as_scalar(X) [-Wdeprecated-declarations]
rcpp_coxph.h:377:44: warning: 'static out_eT arma::conv_to<out_eT>::from(const arma::Base<eT2, expr>&, const typename arma::arma_not_cx<in_eT>::result*) [with in_eT = unsigned int; T1 = arma::mtOp<unsigned int, arma::mtOp<unsigned int, arma::Col<double>, arma::op_rel_eq>, arma::op_find>; out_eT = int; typename arma::arma_not_cx<in_eT>::result = unsigned int]' is deprecated: replace conv_to<...>::from(X) with as_scalar(X) [-Wdeprecated-declarations]
See 'd:/Rcompile/CRANpkg/local/4.5/pda.Rcheck/00install.out' for details.
* used C++ compiler: 'g++.exe (GCC) 14.2.0'
Flavor: r-release-windows-x86_64
Version: 1.2.8
Check: whether package can be installed
Result: WARN
Found the following significant warnings:
rcpp_coxph.h:368:40: warning: 'static out_eT arma::conv_to<out_eT>::from(const arma::Base<eT2, expr>&, const typename arma::arma_not_cx<in_eT>::result*) [with in_eT = unsigned int; T1 = arma::mtOp<unsigned int, arma::mtOp<unsigned int, arma::Col<double>, arma::op_rel_eq>, arma::op_find>; out_eT = int; typename arma::arma_not_cx<in_eT>::result = unsigned int]' is deprecated: replace conv_to<...>::from(X) with as_scalar(X) [-Wdeprecated-declarations]
rcpp_coxph.h:377:44: warning: 'static out_eT arma::conv_to<out_eT>::from(const arma::Base<eT2, expr>&, const typename arma::arma_not_cx<in_eT>::result*) [with in_eT = unsigned int; T1 = arma::mtOp<unsigned int, arma::mtOp<unsigned int, arma::Col<double>, arma::op_rel_eq>, arma::op_find>; out_eT = int; typename arma::arma_not_cx<in_eT>::result = unsigned int]' is deprecated: replace conv_to<...>::from(X) with as_scalar(X) [-Wdeprecated-declarations]
See 'd:/Rcompile/CRANpkg/local/4.4/pda.Rcheck/00install.out' for details.
* used C++ compiler: 'g++.exe (GCC) 13.3.0'
Flavor: r-oldrel-windows-x86_64
These binaries (installable software) and packages are in development.
They may not be fully stable and should be used with caution. We make no claims about them.
Health stats visible at Monitor.