Last updated on 2025-02-02 07:50:21 CET.
Flavor | Version | Tinstall | Tcheck | Ttotal | Status | Flags |
---|---|---|---|---|---|---|
r-devel-linux-x86_64-debian-clang | 1.5.7 | 11.43 | 27.18 | 38.61 | NOTE | |
r-devel-linux-x86_64-debian-gcc | 1.5.7 | 8.43 | 20.78 | 29.21 | NOTE | |
r-devel-linux-x86_64-fedora-clang | 1.5.7 | 63.65 | NOTE | |||
r-devel-linux-x86_64-fedora-gcc | 1.5.7 | 61.51 | NOTE | |||
r-devel-windows-x86_64 | 1.5.7 | 17.00 | 92.00 | 109.00 | OK | |
r-patched-linux-x86_64 | 1.5.7 | 10.10 | 24.42 | 34.52 | OK | |
r-release-linux-x86_64 | 1.5.7 | 9.86 | 24.55 | 34.41 | OK | |
r-release-macos-arm64 | 1.5.7 | 25.00 | OK | |||
r-release-macos-x86_64 | 1.5.7 | 32.00 | OK | |||
r-release-windows-x86_64 | 1.5.7 | 17.00 | 82.00 | 99.00 | OK | |
r-oldrel-macos-arm64 | 1.5.7 | 28.00 | OK | |||
r-oldrel-macos-x86_64 | 1.5.7 | 47.00 | OK | |||
r-oldrel-windows-x86_64 | 1.5.7 | 21.00 | 105.00 | 126.00 | OK |
Version: 1.5.7
Check: top-level files
Result: NOTE
possible bashism in configure.ac line 40 (test -a/-o):
if test [ -n "$PKG_CPPFLAGS" -a -n "$PKG_LIBS" ] ; then
possible bashism in configure.ac line 43 (test -a/-o):
if test [ -n "$PKG_CPPFLAGS" -o -n "$PKG_LIBS" ] ; then
possible bashism in configure.ac line 80 (test -a/-o):
if test [ -z "$CLP_LIBS" -a -z "$CLP_CFLAGS" ] ; then
possible bashism in configure.ac line 106 (test -a/-o):
if test [ -n "$CLP_INCLUDE" -a -n "$CLP_LIB" ] ; then
possible bashism in configure.ac line 139 (test -a/-o):
if test [ -d "/usr/include" -o -d "/usr/local/include" ] ; then
possible bashism in configure.ac line 145 (test -a/-o):
if test [ -d "/usr/local/lib" -o -d "/usr/local/lib64" -o -d "/usr/lib" -o -d "/usr/lib64"] ; then
possible bashism in configure.ac line 189 (test -a/-o):
if test [ -d "$prefix/lib" -o -d "$prefix/lib64" ] ; then
Flavors: r-devel-linux-x86_64-debian-clang, r-devel-linux-x86_64-debian-gcc, r-devel-linux-x86_64-fedora-clang, r-devel-linux-x86_64-fedora-gcc
These binaries (installable software) and packages are in development.
They may not be fully stable and should be used with caution. We make no claims about them.
Health stats visible at Monitor.