Last updated on 2025-02-02 07:50:21 CET.
Flavor | Version | Tinstall | Tcheck | Ttotal | Status | Flags |
---|---|---|---|---|---|---|
r-devel-linux-x86_64-debian-clang | 1.5.4 | 1095.06 | 234.51 | 1329.57 | OK | |
r-devel-linux-x86_64-debian-gcc | 1.5.4 | 1039.73 | 248.60 | 1288.33 | OK | |
r-devel-linux-x86_64-fedora-clang | 1.5.4 | 2033.21 | NOTE | |||
r-devel-linux-x86_64-fedora-gcc | 1.5.4 | 3074.56 | NOTE | |||
r-devel-windows-x86_64 | 1.5.4 | 978.00 | 353.00 | 1331.00 | OK | |
r-patched-linux-x86_64 | 1.5.4 | 1351.05 | 334.13 | 1685.18 | NOTE | |
r-release-linux-x86_64 | 1.5.4 | 1290.64 | 341.76 | 1632.40 | NOTE | |
r-release-macos-arm64 | 1.5.4 | 304.00 | NOTE | |||
r-release-macos-x86_64 | 1.5.4 | 262.00 | NOTE | |||
r-release-windows-x86_64 | 1.5.4 | 1001.00 | 347.00 | 1348.00 | NOTE | |
r-oldrel-macos-arm64 | 1.5.4 | 854.00 | NOTE | |||
r-oldrel-macos-x86_64 | 1.5.4 | 1104.00 | NOTE | |||
r-oldrel-windows-x86_64 | 1.5.4 | 1325.00 | 436.00 | 1761.00 | NOTE |
Version: 1.5.4
Check: dependencies in R code
Result: NOTE
Namespace in Imports field not imported from: ‘rstantools’
All declared Imports should be used.
Flavors: r-devel-linux-x86_64-fedora-clang, r-devel-linux-x86_64-fedora-gcc
Version: 1.5.4
Check: for GNU extensions in Makefiles
Result: NOTE
GNU make is a SystemRequirements.
Flavors: r-patched-linux-x86_64, r-release-linux-x86_64, r-release-macos-arm64, r-release-macos-x86_64, r-release-windows-x86_64, r-oldrel-macos-arm64, r-oldrel-macos-x86_64, r-oldrel-windows-x86_64
Version: 1.5.4
Check: installed package size
Result: NOTE
installed size is 154.6Mb
sub-directories of 1Mb or more:
doc 2.9Mb
libs 151.0Mb
Flavors: r-release-macos-arm64, r-release-macos-x86_64, r-release-windows-x86_64, r-oldrel-macos-arm64, r-oldrel-macos-x86_64, r-oldrel-windows-x86_64
These binaries (installable software) and packages are in development.
They may not be fully stable and should be used with caution. We make no claims about them.
Health stats visible at Monitor.