Last updated on 2025-10-30 19:53:31 CET.
| Flavor | Version | Tinstall | Tcheck | Ttotal | Status | Flags |
|---|---|---|---|---|---|---|
| r-devel-linux-x86_64-debian-clang | 0.5-4 | 16.17 | 90.35 | 106.52 | NOTE | |
| r-devel-linux-x86_64-debian-gcc | 0.5-4 | 13.19 | 69.98 | 83.17 | NOTE | |
| r-devel-linux-x86_64-fedora-clang | 0.5-4 | 46.00 | 119.77 | 165.77 | NOTE | |
| r-devel-linux-x86_64-fedora-gcc | 0.5-4 | 121.00 | 81.44 | 202.44 | NOTE | |
| r-devel-windows-x86_64 | 0.5-4 | 83.00 | 130.00 | 213.00 | OK | |
| r-patched-linux-x86_64 | 0.5-4 | 15.47 | 85.53 | 101.00 | OK | |
| r-release-linux-x86_64 | 0.5-4 | 14.21 | 85.64 | 99.85 | OK | |
| r-release-macos-arm64 | 0.5-4 | 4.00 | 6.00 | 10.00 | ERROR | |
| r-release-macos-x86_64 | 0.5-4 | 8.00 | 9.00 | 17.00 | ERROR | |
| r-release-windows-x86_64 | 0.5-4 | 109.00 | 129.00 | 238.00 | OK | |
| r-oldrel-macos-arm64 | 0.5-4 | 4.00 | 11.00 | 15.00 | ERROR | |
| r-oldrel-macos-x86_64 | 0.5-4 | 12.00 | 18.00 | 30.00 | ERROR | |
| r-oldrel-windows-x86_64 | 0.5-4 | 83.00 | 152.00 | 235.00 | OK |
Version: 0.5-4
Check: Rd files
Result: NOTE
checkRd: (-1) 11_d_control.Rd:60-67: Only 3 columns allowed in this table (row 6 has 1)
Flavors: r-devel-linux-x86_64-debian-clang, r-devel-linux-x86_64-debian-gcc, r-devel-linux-x86_64-fedora-clang, r-devel-linux-x86_64-fedora-gcc
Version: 0.5-4
Check: whether package can be installed
Result: ERROR
Installation failed.
Flavors: r-release-macos-arm64, r-release-macos-x86_64, r-oldrel-macos-arm64, r-oldrel-macos-x86_64
These binaries (installable software) and packages are in development.
They may not be fully stable and should be used with caution. We make no claims about them.
Health stats visible at Monitor.